INSERT INTO `router` (`name`, `path`, `pattern_outline`, `fit`, `route`, `number_parts`) VALUES
('views_ui.form_edit_details', '/admin/structure/views/{js}/edit-details/{view}/{display_id}', '/admin/structure/views/%/edit-details/%/%', 116, 0x433a33313a2253796d666f6e795c436f6d706f6e656e745c526f7574696e675c526f757465223a313635313a7b613a393a7b733a343a2270617468223b733a36303a222f61646d696e2f7374727563747572652f76696577732f7b6a737d2f656469742d64657461696c732f7b766965777d2f7b646973706c61795f69647d223b733a343a22686f7374223b733a303a22223b733a383a2264656661756c7473223b613a313a7b733a31313a225f636f6e74726f6c6c6572223b733a34373a225c44727570616c5c76696577735f75695c466f726d5c416a61785c4564697444657461696c733a3a676574466f726d223b7d733a31323a22726571756972656d656e7473223b613a323a7b733a31343a225f656e746974795f616363657373223b733a31313a22766965772e757064617465223b733a323a226a73223b733a393a226e6f6a737c616a6178223b7d733a373a226f7074696f6e73223b613a353a7b733a31343a22636f6d70696c65725f636c617373223b733a33333a2244727570616c5c436f72655c526f7574696e675c526f757465436f6d70696c6572223b733a31303a22706172616d6574657273223b613a313a7b733a343a2276696577223b613a333a7b733a393a2274656d7073746f7265223b623a313b733a343a2274797065223b733a31313a22656e746974793a76696577223b733a393a22636f6e766572746572223b733a35333a2264727570616c2e70726f78795f6f726967696e616c5f736572766963652e706172616d636f6e7665727465722e76696577735f7569223b7d7d733a343a2275746638223b623a313b733a31323a225f61646d696e5f726f757465223b623a313b733a31343a225f6163636573735f636865636b73223b613a313a7b693a303b733a31393a226163636573735f636865636b2e656e74697479223b7d7d733a373a22736368656d6573223b613a303a7b7d733a373a226d6574686f6473223b613a323a7b693a303b733a333a22474554223b693a313b733a343a22504f5354223b7d733a393a22636f6e646974696f6e223b733a303a22223b733a383a22636f6d70696c6564223b433a33333a2244727570616c5c436f72655c526f7574696e675c436f6d70696c6564526f757465223a3835383a7b613a31313a7b733a343a2276617273223b613a333a7b693a303b733a323a226a73223b693a313b733a343a2276696577223b693a323b733a31303a22646973706c61795f6964223b7d733a31313a22706174685f707265666978223b733a303a22223b733a31303a22706174685f7265676578223b733a3130313a22235e2f61646d696e2f7374727563747572652f76696577732f283f503c6a733e6e6f6a737c616a6178292f656469745c2d64657461696c732f283f503c766965773e5b5e2f5d2b2b292f283f503c646973706c61795f69643e5b5e2f5d2b2b292423734475223b733a31313a22706174685f746f6b656e73223b613a353a7b693a303b613a353a7b693a303b733a383a227661726961626c65223b693a313b733a313a222f223b693a323b733a363a225b5e2f5d2b2b223b693a333b733a31303a22646973706c61795f6964223b693a343b623a313b7d693a313b613a353a7b693a303b733a383a227661726961626c65223b693a313b733a313a222f223b693a323b733a363a225b5e2f5d2b2b223b693a333b733a343a2276696577223b693a343b623a313b7d693a323b613a323a7b693a303b733a343a2274657874223b693a313b733a31333a222f656469742d64657461696c73223b7d693a333b613a353a7b693a303b733a383a227661726961626c65223b693a313b733a313a222f223b693a323b733a393a226e6f6a737c616a6178223b693a333b733a323a226a73223b693a343b623a313b7d693a343b613a323a7b693a303b733a343a2274657874223b693a313b733a32323a222f61646d696e2f7374727563747572652f7669657773223b7d7d733a393a22706174685f76617273223b613a333a7b693a303b733a323a226a73223b693a313b733a343a2276696577223b693a323b733a31303a22646973706c61795f6964223b7d733a31303a22686f73745f7265676578223b4e3b733a31313a22686f73745f746f6b656e73223b613a303a7b7d733a393a22686f73745f76617273223b613a303a7b7d733a333a22666974223b693a3131363b733a31343a227061747465726e4f75746c696e65223b733a34313a222f61646d696e2f7374727563747572652f76696577732f252f656469742d64657461696c732f252f25223b733a383a226e756d5061727473223b693a373b7d7d7d7d, 7),
('views_ui.form_handler', '/admin/structure/views/{js}/handler/{view}/{display_id}/{type}/{id}', '/admin/structure/views/%/handler/%/%/%/%', 464, 0x433a33313a2253796d666f6e795c436f6d706f6e656e745c526f7574696e675c526f757465223a313839363a7b613a393a7b733a343a2270617468223b733a36373a222f61646d696e2f7374727563747572652f76696577732f7b6a737d2f68616e646c65722f7b766965777d2f7b646973706c61795f69647d2f7b747970657d2f7b69647d223b733a343a22686f7374223b733a303a22223b733a383a2264656661756c7473223b613a313a7b733a31313a225f636f6e74726f6c6c6572223b733a34393a225c44727570616c5c76696577735f75695c466f726d5c416a61785c436f6e66696748616e646c65723a3a676574466f726d223b7d733a31323a22726571756972656d656e7473223b613a323a7b733a31343a225f656e746974795f616363657373223b733a31313a22766965772e757064617465223b733a323a226a73223b733a393a226e6f6a737c616a6178223b7d733a373a226f7074696f6e73223b613a353a7b733a31343a22636f6d70696c65725f636c617373223b733a33333a2244727570616c5c436f72655c526f7574696e675c526f757465436f6d70696c6572223b733a31303a22706172616d6574657273223b613a313a7b733a343a2276696577223b613a333a7b733a393a2274656d7073746f7265223b623a313b733a343a2274797065223b733a31313a22656e746974793a76696577223b733a393a22636f6e766572746572223b733a35333a2264727570616c2e70726f78795f6f726967696e616c5f736572766963652e706172616d636f6e7665727465722e76696577735f7569223b7d7d733a343a2275746638223b623a313b733a31323a225f61646d696e5f726f757465223b623a313b733a31343a225f6163636573735f636865636b73223b613a313a7b693a303b733a31393a226163636573735f636865636b2e656e74697479223b7d7d733a373a22736368656d6573223b613a303a7b7d733a373a226d6574686f6473223b613a323a7b693a303b733a333a22474554223b693a313b733a343a22504f5354223b7d733a393a22636f6e646974696f6e223b733a303a22223b733a383a22636f6d70696c6564223b433a33333a2244727570616c5c436f72655c526f7574696e675c436f6d70696c6564526f757465223a313039333a7b613a31313a7b733a343a2276617273223b613a353a7b693a303b733a323a226a73223b693a313b733a343a2276696577223b693a323b733a31303a22646973706c61795f6964223b693a333b733a343a2274797065223b693a343b733a323a226964223b7d733a31313a22706174685f707265666978223b733a303a22223b733a31303a22706174685f7265676578223b733a3132373a22235e2f61646d696e2f7374727563747572652f76696577732f283f503c6a733e6e6f6a737c616a6178292f68616e646c65722f283f503c766965773e5b5e2f5d2b2b292f283f503c646973706c61795f69643e5b5e2f5d2b2b292f283f503c747970653e5b5e2f5d2b2b292f283f503c69643e5b5e2f5d2b2b292423734475223b733a31313a22706174685f746f6b656e73223b613a373a7b693a303b613a353a7b693a303b733a383a227661726961626c65223b693a313b733a313a222f223b693a323b733a363a225b5e2f5d2b2b223b693a333b733a323a226964223b693a343b623a313b7d693a313b613a353a7b693a303b733a383a227661726961626c65223b693a313b733a313a222f223b693a323b733a363a225b5e2f5d2b2b223b693a333b733a343a2274797065223b693a343b623a313b7d693a323b613a353a7b693a303b733a383a227661726961626c65223b693a313b733a313a222f223b693a323b733a363a225b5e2f5d2b2b223b693a333b733a31303a22646973706c61795f6964223b693a343b623a313b7d693a333b613a353a7b693a303b733a383a227661726961626c65223b693a313b733a313a222f223b693a323b733a363a225b5e2f5d2b2b223b693a333b733a343a2276696577223b693a343b623a313b7d693a343b613a323a7b693a303b733a343a2274657874223b693a313b733a383a222f68616e646c6572223b7d693a353b613a353a7b693a303b733a383a227661726961626c65223b693a313b733a313a222f223b693a323b733a393a226e6f6a737c616a6178223b693a333b733a323a226a73223b693a343b623a313b7d693a363b613a323a7b693a303b733a343a2274657874223b693a313b733a32323a222f61646d696e2f7374727563747572652f7669657773223b7d7d733a393a22706174685f76617273223b613a353a7b693a303b733a323a226a73223b693a313b733a343a2276696577223b693a323b733a31303a22646973706c61795f6964223b693a333b733a343a2274797065223b693a343b733a323a226964223b7d733a31303a22686f73745f7265676578223b4e3b733a31313a22686f73745f746f6b656e73223b613a303a7b7d733a393a22686f73745f76617273223b613a303a7b7d733a333a22666974223b693a3436343b733a31343a227061747465726e4f75746c696e65223b733a34303a222f61646d696e2f7374727563747572652f76696577732f252f68616e646c65722f252f252f252f25223b733a383a226e756d5061727473223b693a393b7d7d7d7d, 9),
('views_ui.form_handler_extra', '/admin/structure/views/{js}/handler-extra/{view}/{display_id}/{type}/{id}', '/admin/structure/views/%/handler-extra/%/%/%/%', 464, 0x433a33313a2253796d666f6e795c436f6d706f6e656e745c526f7574696e675c526f757465223a313932373a7b613a393a7b733a343a2270617468223b733a37333a222f61646d696e2f7374727563747572652f76696577732f7b6a737d2f68616e646c65722d65787472612f7b766965777d2f7b646973706c61795f69647d2f7b747970657d2f7b69647d223b733a343a22686f7374223b733a303a22223b733a383a2264656661756c7473223b613a313a7b733a31313a225f636f6e74726f6c6c6572223b733a35343a225c44727570616c5c76696577735f75695c466f726d5c416a61785c436f6e66696748616e646c657245787472613a3a676574466f726d223b7d733a31323a22726571756972656d656e7473223b613a323a7b733a31343a225f656e746974795f616363657373223b733a31313a22766965772e757064617465223b733a323a226a73223b733a393a226e6f6a737c616a6178223b7d733a373a226f7074696f6e73223b613a353a7b733a31343a22636f6d70696c65725f636c617373223b733a33333a2244727570616c5c436f72655c526f7574696e675c526f757465436f6d70696c6572223b733a31303a22706172616d6574657273223b613a313a7b733a343a2276696577223b613a333a7b733a393a2274656d7073746f7265223b623a313b733a343a2274797065223b733a31313a22656e746974793a76696577223b733a393a22636f6e766572746572223b733a35333a2264727570616c2e70726f78795f6f726967696e616c5f736572766963652e706172616d636f6e7665727465722e76696577735f7569223b7d7d733a343a2275746638223b623a313b733a31323a225f61646d696e5f726f757465223b623a313b733a31343a225f6163636573735f636865636b73223b613a313a7b693a303b733a31393a226163636573735f636865636b2e656e74697479223b7d7d733a373a22736368656d6573223b613a303a7b7d733a373a226d6574686f6473223b613a323a7b693a303b733a333a22474554223b693a313b733a343a22504f5354223b7d733a393a22636f6e646974696f6e223b733a303a22223b733a383a22636f6d70696c6564223b433a33333a2244727570616c5c436f72655c526f7574696e675c436f6d70696c6564526f757465223a313131333a7b613a31313a7b733a343a2276617273223b613a353a7b693a303b733a323a226a73223b693a313b733a343a2276696577223b693a323b733a31303a22646973706c61795f6964223b693a333b733a343a2274797065223b693a343b733a323a226964223b7d733a31313a22706174685f707265666978223b733a303a22223b733a31303a22706174685f7265676578223b733a3133343a22235e2f61646d696e2f7374727563747572652f76696577732f283f503c6a733e6e6f6a737c616a6178292f68616e646c65725c2d65787472612f283f503c766965773e5b5e2f5d2b2b292f283f503c646973706c61795f69643e5b5e2f5d2b2b292f283f503c747970653e5b5e2f5d2b2b292f283f503c69643e5b5e2f5d2b2b292423734475223b733a31313a22706174685f746f6b656e73223b613a373a7b693a303b613a353a7b693a303b733a383a227661726961626c65223b693a313b733a313a222f223b693a323b733a363a225b5e2f5d2b2b223b693a333b733a323a226964223b693a343b623a313b7d693a313b613a353a7b693a303b733a383a227661726961626c65223b693a313b733a313a222f223b693a323b733a363a225b5e2f5d2b2b223b693a333b733a343a2274797065223b693a343b623a313b7d693a323b613a353a7b693a303b733a383a227661726961626c65223b693a313b733a313a222f223b693a323b733a363a225b5e2f5d2b2b223b693a333b733a31303a22646973706c61795f6964223b693a343b623a313b7d693a333b613a353a7b693a303b733a383a227661726961626c65223b693a313b733a313a222f223b693a323b733a363a225b5e2f5d2b2b223b693a333b733a343a2276696577223b693a343b623a313b7d693a343b613a323a7b693a303b733a343a2274657874223b693a313b733a31343a222f68616e646c65722d6578747261223b7d693a353b613a353a7b693a303b733a383a227661726961626c65223b693a313b733a313a222f223b693a323b733a393a226e6f6a737c616a6178223b693a333b733a323a226a73223b693a343b623a313b7d693a363b613a323a7b693a303b733a343a2274657874223b693a313b733a32323a222f61646d696e2f7374727563747572652f7669657773223b7d7d733a393a22706174685f76617273223b613a353a7b693a303b733a323a226a73223b693a313b733a343a2276696577223b693a323b733a31303a22646973706c61795f6964223b693a333b733a343a2274797065223b693a343b733a323a226964223b7d733a31303a22686f73745f7265676578223b4e3b733a31313a22686f73745f746f6b656e73223b613a303a7b7d733a393a22686f73745f76617273223b613a303a7b7d733a333a22666974223b693a3436343b733a31343a227061747465726e4f75746c696e65223b733a34363a222f61646d696e2f7374727563747572652f76696577732f252f68616e646c65722d65787472612f252f252f252f25223b733a383a226e756d5061727473223b693a393b7d7d7d7d, 9),
('views_ui.form_handler_group', '/admin/structure/views/{js}/handler-group/{view}/{display_id}/{type}/{id}', '/admin/structure/views/%/handler-group/%/%/%/%', 464, 0x433a33313a2253796d666f6e795c436f6d706f6e656e745c526f7574696e675c526f757465223a313934373a7b613a393a7b733a343a2270617468223b733a37333a222f61646d696e2f7374727563747572652f76696577732f7b6a737d2f68616e646c65722d67726f75702f7b766965777d2f7b646973706c61795f69647d2f7b747970657d2f7b69647d223b733a343a22686f7374223b733a303a22223b733a383a2264656661756c7473223b613a323a7b733a31313a225f636f6e74726f6c6c6572223b733a35343a225c44727570616c5c76696577735f75695c466f726d5c416a61785c436f6e66696748616e646c657247726f75703a3a676574466f726d223b733a31303a22666f726d5f7374617465223b4e3b7d733a31323a22726571756972656d656e7473223b613a323a7b733a31343a225f656e746974795f616363657373223b733a31313a22766965772e757064617465223b733a323a226a73223b733a393a226e6f6a737c616a6178223b7d733a373a226f7074696f6e73223b613a353a7b733a31343a22636f6d70696c65725f636c617373223b733a33333a2244727570616c5c436f72655c526f7574696e675c526f757465436f6d70696c6572223b733a31303a22706172616d6574657273223b613a313a7b733a343a2276696577223b613a333a7b733a393a2274656d7073746f7265223b623a313b733a343a2274797065223b733a31313a22656e746974793a76696577223b733a393a22636f6e766572746572223b733a35333a2264727570616c2e70726f78795f6f726967696e616c5f736572766963652e706172616d636f6e7665727465722e76696577735f7569223b7d7d733a343a2275746638223b623a313b733a31323a225f61646d696e5f726f757465223b623a313b733a31343a225f6163636573735f636865636b73223b613a313a7b693a303b733a31393a226163636573735f636865636b2e656e74697479223b7d7d733a373a22736368656d6573223b613a303a7b7d733a373a226d6574686f6473223b613a323a7b693a303b733a333a22474554223b693a313b733a343a22504f5354223b7d733a393a22636f6e646974696f6e223b733a303a22223b733a383a22636f6d70696c6564223b433a33333a2244727570616c5c436f72655c526f7574696e675c436f6d70696c6564526f757465223a313131333a7b613a31313a7b733a343a2276617273223b613a353a7b693a303b733a323a226a73223b693a313b733a343a2276696577223b693a323b733a31303a22646973706c61795f6964223b693a333b733a343a2274797065223b693a343b733a323a226964223b7d733a31313a22706174685f707265666978223b733a303a22223b733a31303a22706174685f7265676578223b733a3133343a22235e2f61646d696e2f7374727563747572652f76696577732f283f503c6a733e6e6f6a737c616a6178292f68616e646c65725c2d67726f75702f283f503c766965773e5b5e2f5d2b2b292f283f503c646973706c61795f69643e5b5e2f5d2b2b292f283f503c747970653e5b5e2f5d2b2b292f283f503c69643e5b5e2f5d2b2b292423734475223b733a31313a22706174685f746f6b656e73223b613a373a7b693a303b613a353a7b693a303b733a383a227661726961626c65223b693a313b733a313a222f223b693a323b733a363a225b5e2f5d2b2b223b693a333b733a323a226964223b693a343b623a313b7d693a313b613a353a7b693a303b733a383a227661726961626c65223b693a313b733a313a222f223b693a323b733a363a225b5e2f5d2b2b223b693a333b733a343a2274797065223b693a343b623a313b7d693a323b613a353a7b693a303b733a383a227661726961626c65223b693a313b733a313a222f223b693a323b733a363a225b5e2f5d2b2b223b693a333b733a31303a22646973706c61795f6964223b693a343b623a313b7d693a333b613a353a7b693a303b733a383a227661726961626c65223b693a313b733a313a222f223b693a323b733a363a225b5e2f5d2b2b223b693a333b733a343a2276696577223b693a343b623a313b7d693a343b613a323a7b693a303b733a343a2274657874223b693a313b733a31343a222f68616e646c65722d67726f7570223b7d693a353b613a353a7b693a303b733a383a227661726961626c65223b693a313b733a313a222f223b693a323b733a393a226e6f6a737c616a6178223b693a333b733a323a226a73223b693a343b623a313b7d693a363b613a323a7b693a303b733a343a2274657874223b693a313b733a32323a222f61646d696e2f7374727563747572652f7669657773223b7d7d733a393a22706174685f76617273223b613a353a7b693a303b733a323a226a73223b693a313b733a343a2276696577223b693a323b733a31303a22646973706c61795f6964223b693a333b733a343a2274797065223b693a343b733a323a226964223b7d733a31303a22686f73745f7265676578223b4e3b733a31313a22686f73745f746f6b656e73223b613a303a7b7d733a393a22686f73745f76617273223b613a303a7b7d733a333a22666974223b693a3436343b733a31343a227061747465726e4f75746c696e65223b733a34363a222f61646d696e2f7374727563747572652f76696577732f252f68616e646c65722d67726f75702f252f252f252f25223b733a383a226e756d5061727473223b693a393b7d7d7d7d, 9),
('views_ui.form_rearrange', '/admin/structure/views/{js}/rearrange/{view}/{display_id}/{type}', '/admin/structure/views/%/rearrange/%/%/%', 232, 0x433a33313a2253796d666f6e795c436f6d706f6e656e745c526f7574696e675c526f757465223a313737333a7b613a393a7b733a343a2270617468223b733a36343a222f61646d696e2f7374727563747572652f76696577732f7b6a737d2f7265617272616e67652f7b766965777d2f7b646973706c61795f69647d2f7b747970657d223b733a343a22686f7374223b733a303a22223b733a383a2264656661756c7473223b613a313a7b733a31313a225f636f6e74726f6c6c6572223b733a34353a225c44727570616c5c76696577735f75695c466f726d5c416a61785c5265617272616e67653a3a676574466f726d223b7d733a31323a22726571756972656d656e7473223b613a323a7b733a31343a225f656e746974795f616363657373223b733a31313a22766965772e757064617465223b733a323a226a73223b733a393a226e6f6a737c616a6178223b7d733a373a226f7074696f6e73223b613a353a7b733a31343a22636f6d70696c65725f636c617373223b733a33333a2244727570616c5c436f72655c526f7574696e675c526f757465436f6d70696c6572223b733a31303a22706172616d6574657273223b613a313a7b733a343a2276696577223b613a333a7b733a393a2274656d7073746f7265223b623a313b733a343a2274797065223b733a31313a22656e746974793a76696577223b733a393a22636f6e766572746572223b733a35333a2264727570616c2e70726f78795f6f726967696e616c5f736572766963652e706172616d636f6e7665727465722e76696577735f7569223b7d7d733a343a2275746638223b623a313b733a31323a225f61646d696e5f726f757465223b623a313b733a31343a225f6163636573735f636865636b73223b613a313a7b693a303b733a31393a226163636573735f636865636b2e656e74697479223b7d7d733a373a22736368656d6573223b613a303a7b7d733a373a226d6574686f6473223b613a323a7b693a303b733a333a22474554223b693a313b733a343a22504f5354223b7d733a393a22636f6e646974696f6e223b733a303a22223b733a383a22636f6d70696c6564223b433a33333a2244727570616c5c436f72655c526f7574696e675c436f6d70696c6564526f757465223a3937383a7b613a31313a7b733a343a2276617273223b613a343a7b693a303b733a323a226a73223b693a313b733a343a2276696577223b693a323b733a31303a22646973706c61795f6964223b693a333b733a343a2274797065223b7d733a31313a22706174685f707265666978223b733a303a22223b733a31303a22706174685f7265676578223b733a3131343a22235e2f61646d696e2f7374727563747572652f76696577732f283f503c6a733e6e6f6a737c616a6178292f7265617272616e67652f283f503c766965773e5b5e2f5d2b2b292f283f503c646973706c61795f69643e5b5e2f5d2b2b292f283f503c747970653e5b5e2f5d2b2b292423734475223b733a31313a22706174685f746f6b656e73223b613a363a7b693a303b613a353a7b693a303b733a383a227661726961626c65223b693a313b733a313a222f223b693a323b733a363a225b5e2f5d2b2b223b693a333b733a343a2274797065223b693a343b623a313b7d693a313b613a353a7b693a303b733a383a227661726961626c65223b693a313b733a313a222f223b693a323b733a363a225b5e2f5d2b2b223b693a333b733a31303a22646973706c61795f6964223b693a343b623a313b7d693a323b613a353a7b693a303b733a383a227661726961626c65223b693a313b733a313a222f223b693a323b733a363a225b5e2f5d2b2b223b693a333b733a343a2276696577223b693a343b623a313b7d693a333b613a323a7b693a303b733a343a2274657874223b693a313b733a31303a222f7265617272616e6765223b7d693a343b613a353a7b693a303b733a383a227661726961626c65223b693a313b733a313a222f223b693a323b733a393a226e6f6a737c616a6178223b693a333b733a323a226a73223b693a343b623a313b7d693a353b613a323a7b693a303b733a343a2274657874223b693a313b733a32323a222f61646d696e2f7374727563747572652f7669657773223b7d7d733a393a22706174685f76617273223b613a343a7b693a303b733a323a226a73223b693a313b733a343a2276696577223b693a323b733a31303a22646973706c61795f6964223b693a333b733a343a2274797065223b7d733a31303a22686f73745f7265676578223b4e3b733a31313a22686f73745f746f6b656e73223b613a303a7b7d733a393a22686f73745f76617273223b613a303a7b7d733a333a22666974223b693a3233323b733a31343a227061747465726e4f75746c696e65223b733a34303a222f61646d696e2f7374727563747572652f76696577732f252f7265617272616e67652f252f252f25223b733a383a226e756d5061727473223b693a383b7d7d7d7d, 8),
('views_ui.form_rearrange_filter', '/admin/structure/views/{js}/rearrange-filter/{view}/{display_id}', '/admin/structure/views/%/rearrange-filter/%/%', 116, 0x433a33313a2253796d666f6e795c436f6d706f6e656e745c526f7574696e675c526f757465223a313637313a7b613a393a7b733a343a2270617468223b733a36343a222f61646d696e2f7374727563747572652f76696577732f7b6a737d2f7265617272616e67652d66696c7465722f7b766965777d2f7b646973706c61795f69647d223b733a343a22686f7374223b733a303a22223b733a383a2264656661756c7473223b613a313a7b733a31313a225f636f6e74726f6c6c6572223b733a35313a225c44727570616c5c76696577735f75695c466f726d5c416a61785c5265617272616e676546696c7465723a3a676574466f726d223b7d733a31323a22726571756972656d656e7473223b613a323a7b733a31343a225f656e746974795f616363657373223b733a31313a22766965772e757064617465223b733a323a226a73223b733a393a226e6f6a737c616a6178223b7d733a373a226f7074696f6e73223b613a353a7b733a31343a22636f6d70696c65725f636c617373223b733a33333a2244727570616c5c436f72655c526f7574696e675c526f757465436f6d70696c6572223b733a31303a22706172616d6574657273223b613a313a7b733a343a2276696577223b613a333a7b733a393a2274656d7073746f7265223b623a313b733a343a2274797065223b733a31313a22656e746974793a76696577223b733a393a22636f6e766572746572223b733a35333a2264727570616c2e70726f78795f6f726967696e616c5f736572766963652e706172616d636f6e7665727465722e76696577735f7569223b7d7d733a343a2275746638223b623a313b733a31323a225f61646d696e5f726f757465223b623a313b733a31343a225f6163636573735f636865636b73223b613a313a7b693a303b733a31393a226163636573735f636865636b2e656e74697479223b7d7d733a373a22736368656d6573223b613a303a7b7d733a373a226d6574686f6473223b613a323a7b693a303b733a333a22474554223b693a313b733a343a22504f5354223b7d733a393a22636f6e646974696f6e223b733a303a22223b733a383a22636f6d70696c6564223b433a33333a2244727570616c5c436f72655c526f7574696e675c436f6d70696c6564526f757465223a3837303a7b613a31313a7b733a343a2276617273223b613a333a7b693a303b733a323a226a73223b693a313b733a343a2276696577223b693a323b733a31303a22646973706c61795f6964223b7d733a31313a22706174685f707265666978223b733a303a22223b733a31303a22706174685f7265676578223b733a3130353a22235e2f61646d696e2f7374727563747572652f76696577732f283f503c6a733e6e6f6a737c616a6178292f7265617272616e67655c2d66696c7465722f283f503c766965773e5b5e2f5d2b2b292f283f503c646973706c61795f69643e5b5e2f5d2b2b292423734475223b733a31313a22706174685f746f6b656e73223b613a353a7b693a303b613a353a7b693a303b733a383a227661726961626c65223b693a313b733a313a222f223b693a323b733a363a225b5e2f5d2b2b223b693a333b733a31303a22646973706c61795f6964223b693a343b623a313b7d693a313b613a353a7b693a303b733a383a227661726961626c65223b693a313b733a313a222f223b693a323b733a363a225b5e2f5d2b2b223b693a333b733a343a2276696577223b693a343b623a313b7d693a323b613a323a7b693a303b733a343a2274657874223b693a313b733a31373a222f7265617272616e67652d66696c746572223b7d693a333b613a353a7b693a303b733a383a227661726961626c65223b693a313b733a313a222f223b693a323b733a393a226e6f6a737c616a6178223b693a333b733a323a226a73223b693a343b623a313b7d693a343b613a323a7b693a303b733a343a2274657874223b693a313b733a32323a222f61646d696e2f7374727563747572652f7669657773223b7d7d733a393a22706174685f76617273223b613a333a7b693a303b733a323a226a73223b693a313b733a343a2276696577223b693a323b733a31303a22646973706c61795f6964223b7d733a31303a22686f73745f7265676578223b4e3b733a31313a22686f73745f746f6b656e73223b613a303a7b7d733a393a22686f73745f76617273223b613a303a7b7d733a333a22666974223b693a3131363b733a31343a227061747465726e4f75746c696e65223b733a34353a222f61646d696e2f7374727563747572652f76696577732f252f7265617272616e67652d66696c7465722f252f25223b733a383a226e756d5061727473223b693a373b7d7d7d7d, 7),
('views_ui.form_reorder_displays', '/admin/structure/views/{js}/reorder-displays/{view}/{display_id}', '/admin/structure/views/%/reorder-displays/%/%', 116, 0x433a33313a2253796d666f6e795c436f6d706f6e656e745c526f7574696e675c526f757465223a313637313a7b613a393a7b733a343a2270617468223b733a36343a222f61646d696e2f7374727563747572652f76696577732f7b6a737d2f72656f726465722d646973706c6179732f7b766965777d2f7b646973706c61795f69647d223b733a343a22686f7374223b733a303a22223b733a383a2264656661756c7473223b613a313a7b733a31313a225f636f6e74726f6c6c6572223b733a35313a225c44727570616c5c76696577735f75695c466f726d5c416a61785c52656f72646572446973706c6179733a3a676574466f726d223b7d733a31323a22726571756972656d656e7473223b613a323a7b733a31343a225f656e746974795f616363657373223b733a31313a22766965772e757064617465223b733a323a226a73223b733a393a226e6f6a737c616a6178223b7d733a373a226f7074696f6e73223b613a353a7b733a31343a22636f6d70696c65725f636c617373223b733a33333a2244727570616c5c436f72655c526f7574696e675c526f757465436f6d70696c6572223b733a31303a22706172616d6574657273223b613a313a7b733a343a2276696577223b613a333a7b733a393a2274656d7073746f7265223b623a313b733a343a2274797065223b733a31313a22656e746974793a76696577223b733a393a22636f6e766572746572223b733a35333a2264727570616c2e70726f78795f6f726967696e616c5f736572766963652e706172616d636f6e7665727465722e76696577735f7569223b7d7d733a343a2275746638223b623a313b733a31323a225f61646d696e5f726f757465223b623a313b733a31343a225f6163636573735f636865636b73223b613a313a7b693a303b733a31393a226163636573735f636865636b2e656e74697479223b7d7d733a373a22736368656d6573223b613a303a7b7d733a373a226d6574686f6473223b613a323a7b693a303b733a333a22474554223b693a313b733a343a22504f5354223b7d733a393a22636f6e646974696f6e223b733a303a22223b733a383a22636f6d70696c6564223b433a33333a2244727570616c5c436f72655c526f7574696e675c436f6d70696c6564526f757465223a3837303a7b613a31313a7b733a343a2276617273223b613a333a7b693a303b733a323a226a73223b693a313b733a343a2276696577223b693a323b733a31303a22646973706c61795f6964223b7d733a31313a22706174685f707265666978223b733a303a22223b733a31303a22706174685f7265676578223b733a3130353a22235e2f61646d696e2f7374727563747572652f76696577732f283f503c6a733e6e6f6a737c616a6178292f72656f726465725c2d646973706c6179732f283f503c766965773e5b5e2f5d2b2b292f283f503c646973706c61795f69643e5b5e2f5d2b2b292423734475223b733a31313a22706174685f746f6b656e73223b613a353a7b693a303b613a353a7b693a303b733a383a227661726961626c65223b693a313b733a313a222f223b693a323b733a363a225b5e2f5d2b2b223b693a333b733a31303a22646973706c61795f6964223b693a343b623a313b7d693a313b613a353a7b693a303b733a383a227661726961626c65223b693a313b733a313a222f223b693a323b733a363a225b5e2f5d2b2b223b693a333b733a343a2276696577223b693a343b623a313b7d693a323b613a323a7b693a303b733a343a2274657874223b693a313b733a31373a222f72656f726465722d646973706c617973223b7d693a333b613a353a7b693a303b733a383a227661726961626c65223b693a313b733a313a222f223b693a323b733a393a226e6f6a737c616a6178223b693a333b733a323a226a73223b693a343b623a313b7d693a343b613a323a7b693a303b733a343a2274657874223b693a313b733a32323a222f61646d696e2f7374727563747572652f7669657773223b7d7d733a393a22706174685f76617273223b613a333a7b693a303b733a323a226a73223b693a313b733a343a2276696577223b693a323b733a31303a22646973706c61795f6964223b7d733a31303a22686f73745f7265676578223b4e3b733a31313a22686f73745f746f6b656e73223b613a303a7b7d733a393a22686f73745f76617273223b613a303a7b7d733a333a22666974223b693a3131363b733a31343a227061747465726e4f75746c696e65223b733a34353a222f61646d696e2f7374727563747572652f76696577732f252f72656f726465722d646973706c6179732f252f25223b733a383a226e756d5061727473223b693a373b7d7d7d7d, 7),
('views_ui.reports_fields', '/admin/reports/fields/views-fields', '/admin/reports/fields/views-fields', 15, 0x433a33313a2253796d666f6e795c436f6d706f6e656e745c526f7574696e675c526f757465223a313032373a7b613a393a7b733a343a2270617468223b733a33343a222f61646d696e2f7265706f7274732f6669656c64732f76696577732d6669656c6473223b733a343a22686f7374223b733a303a22223b733a383a2264656661756c7473223b613a323a7b733a31313a225f636f6e74726f6c6c6572223b733a35393a225c44727570616c5c76696577735f75695c436f6e74726f6c6c65725c56696577735549436f6e74726f6c6c65723a3a7265706f72744669656c6473223b733a363a225f7469746c65223b733a31333a225573656420696e207669657773223b7d733a31323a22726571756972656d656e7473223b613a313a7b733a31313a225f7065726d697373696f6e223b733a31363a2261646d696e6973746572207669657773223b7d733a373a226f7074696f6e73223b613a343a7b733a31343a22636f6d70696c65725f636c617373223b733a33333a2244727570616c5c436f72655c526f7574696e675c526f757465436f6d70696c6572223b733a343a2275746638223b623a313b733a31323a225f61646d696e5f726f757465223b623a313b733a31343a225f6163636573735f636865636b73223b613a313a7b693a303b733a32333a226163636573735f636865636b2e7065726d697373696f6e223b7d7d733a373a22736368656d6573223b613a303a7b7d733a373a226d6574686f6473223b613a323a7b693a303b733a333a22474554223b693a313b733a343a22504f5354223b7d733a393a22636f6e646974696f6e223b733a303a22223b733a383a22636f6d70696c6564223b433a33333a2244727570616c5c436f72655c526f7574696e675c436f6d70696c6564526f757465223a3430313a7b613a31313a7b733a343a2276617273223b613a303a7b7d733a31313a22706174685f707265666978223b733a303a22223b733a31303a22706174685f7265676578223b733a34323a22235e2f61646d696e2f7265706f7274732f6669656c64732f76696577735c2d6669656c64732423734475223b733a31313a22706174685f746f6b656e73223b613a313a7b693a303b613a323a7b693a303b733a343a2274657874223b693a313b733a33343a222f61646d696e2f7265706f7274732f6669656c64732f76696577732d6669656c6473223b7d7d733a393a22706174685f76617273223b613a303a7b7d733a31303a22686f73745f7265676578223b4e3b733a31313a22686f73745f746f6b656e73223b613a303a7b7d733a393a22686f73745f76617273223b613a303a7b7d733a333a22666974223b693a31353b733a31343a227061747465726e4f75746c696e65223b733a33343a222f61646d696e2f7265706f7274732f6669656c64732f76696577732d6669656c6473223b733a383a226e756d5061727473223b693a343b7d7d7d7d, 4),
('views_ui.reports_plugins', '/admin/reports/views-plugins', '/admin/reports/views-plugins', 7, 0x433a33313a2253796d666f6e795c436f6d706f6e656e745c526f7574696e675c526f757465223a313030333a7b613a393a7b733a343a2270617468223b733a32383a222f61646d696e2f7265706f7274732f76696577732d706c7567696e73223b733a343a22686f7374223b733a303a22223b733a383a2264656661756c7473223b613a323a7b733a31313a225f636f6e74726f6c6c6572223b733a36303a225c44727570616c5c76696577735f75695c436f6e74726f6c6c65725c56696577735549436f6e74726f6c6c65723a3a7265706f7274506c7567696e73223b733a363a225f7469746c65223b733a31333a22566965777320706c7567696e73223b7d733a31323a22726571756972656d656e7473223b613a313a7b733a31313a225f7065726d697373696f6e223b733a31363a2261646d696e6973746572207669657773223b7d733a373a226f7074696f6e73223b613a343a7b733a31343a22636f6d70696c65725f636c617373223b733a33333a2244727570616c5c436f72655c526f7574696e675c526f757465436f6d70696c6572223b733a343a2275746638223b623a313b733a31323a225f61646d696e5f726f757465223b623a313b733a31343a225f6163636573735f636865636b73223b613a313a7b693a303b733a32333a226163636573735f636865636b2e7065726d697373696f6e223b7d7d733a373a22736368656d6573223b613a303a7b7d733a373a226d6574686f6473223b613a323a7b693a303b733a333a22474554223b693a313b733a343a22504f5354223b7d733a393a22636f6e646974696f6e223b733a303a22223b733a383a22636f6d70696c6564223b433a33333a2244727570616c5c436f72655c526f7574696e675c436f6d70696c6564526f757465223a3338323a7b613a31313a7b733a343a2276617273223b613a303a7b7d733a31313a22706174685f707265666978223b733a303a22223b733a31303a22706174685f7265676578223b733a33363a22235e2f61646d696e2f7265706f7274732f76696577735c2d706c7567696e732423734475223b733a31313a22706174685f746f6b656e73223b613a313a7b693a303b613a323a7b693a303b733a343a2274657874223b693a313b733a32383a222f61646d696e2f7265706f7274732f76696577732d706c7567696e73223b7d7d733a393a22706174685f76617273223b613a303a7b7d733a31303a22686f73745f7265676578223b4e3b733a31313a22686f73745f746f6b656e73223b613a303a7b7d733a393a22686f73745f76617273223b613a303a7b7d733a333a22666974223b693a373b733a31343a227061747465726e4f75746c696e65223b733a32383a222f61646d696e2f7265706f7274732f76696577732d706c7567696e73223b733a383a226e756d5061727473223b693a333b7d7d7d7d, 3),
('views_ui.settings_advanced', '/admin/structure/views/settings/advanced', '/admin/structure/views/settings/advanced', 31, 0x433a33313a2253796d666f6e795c436f6d706f6e656e745c526f7574696e675c526f757465223a313033363a7b613a393a7b733a343a2270617468223b733a34303a222f61646d696e2f7374727563747572652f76696577732f73657474696e67732f616476616e636564223b733a343a22686f7374223b733a303a22223b733a383a2264656661756c7473223b613a323a7b733a353a225f666f726d223b733a34323a225c44727570616c5c76696577735f75695c466f726d5c416476616e63656453657474696e6773466f726d223b733a363a225f7469746c65223b733a32333a22416476616e6365642056696577732073657474696e6773223b7d733a31323a22726571756972656d656e7473223b613a313a7b733a31313a225f7065726d697373696f6e223b733a31363a2261646d696e6973746572207669657773223b7d733a373a226f7074696f6e73223b613a343a7b733a31343a22636f6d70696c65725f636c617373223b733a33333a2244727570616c5c436f72655c526f7574696e675c526f757465436f6d70696c6572223b733a343a2275746638223b623a313b733a31323a225f61646d696e5f726f757465223b623a313b733a31343a225f6163636573735f636865636b73223b613a313a7b693a303b733a32333a226163636573735f636865636b2e7065726d697373696f6e223b7d7d733a373a22736368656d6573223b613a303a7b7d733a373a226d6574686f6473223b613a323a7b693a303b733a333a22474554223b693a313b733a343a22504f5354223b7d733a393a22636f6e646974696f6e223b733a303a22223b733a383a22636f6d70696c6564223b433a33333a2244727570616c5c436f72655c526f7574696e675c436f6d70696c6564526f757465223a3431383a7b613a31313a7b733a343a2276617273223b613a303a7b7d733a31313a22706174685f707265666978223b733a303a22223b733a31303a22706174685f7265676578223b733a34373a22235e2f61646d696e2f7374727563747572652f76696577732f73657474696e67732f616476616e6365642423734475223b733a31313a22706174685f746f6b656e73223b613a313a7b693a303b613a323a7b693a303b733a343a2274657874223b693a313b733a34303a222f61646d696e2f7374727563747572652f76696577732f73657474696e67732f616476616e636564223b7d7d733a393a22706174685f76617273223b613a303a7b7d733a31303a22686f73745f7265676578223b4e3b733a31313a22686f73745f746f6b656e73223b613a303a7b7d733a393a22686f73745f76617273223b613a303a7b7d733a333a22666974223b693a33313b733a31343a227061747465726e4f75746c696e65223b733a34303a222f61646d696e2f7374727563747572652f76696577732f73657474696e67732f616476616e636564223b733a383a226e756d5061727473223b693a353b7d7d7d7d, 5),
('views_ui.settings_basic', '/admin/structure/views/settings', '/admin/structure/views/settings', 15, 0x433a33313a2253796d666f6e795c436f6d706f6e656e745c526f7574696e675c526f757465223a3938383a7b613a393a7b733a343a2270617468223b733a33313a222f61646d696e2f7374727563747572652f76696577732f73657474696e6773223b733a343a22686f7374223b733a303a22223b733a383a2264656661756c7473223b613a323a7b733a353a225f666f726d223b733a33393a225c44727570616c5c76696577735f75695c466f726d5c426173696353657474696e6773466f726d223b733a363a225f7469746c65223b733a31343a2256696577732073657474696e6773223b7d733a31323a22726571756972656d656e7473223b613a313a7b733a31313a225f7065726d697373696f6e223b733a31363a2261646d696e6973746572207669657773223b7d733a373a226f7074696f6e73223b613a343a7b733a31343a22636f6d70696c65725f636c617373223b733a33333a2244727570616c5c436f72655c526f7574696e675c526f757465436f6d70696c6572223b733a343a2275746638223b623a313b733a31323a225f61646d696e5f726f757465223b623a313b733a31343a225f6163636573735f636865636b73223b613a313a7b693a303b733a32333a226163636573735f636865636b2e7065726d697373696f6e223b7d7d733a373a22736368656d6573223b613a303a7b7d733a373a226d6574686f6473223b613a323a7b693a303b733a333a22474554223b693a313b733a343a22504f5354223b7d733a393a22636f6e646974696f6e223b733a303a22223b733a383a22636f6d70696c6564223b433a33333a2244727570616c5c436f72655c526f7574696e675c436f6d70696c6564526f757465223a3339313a7b613a31313a7b733a343a2276617273223b613a303a7b7d733a31313a22706174685f707265666978223b733a303a22223b733a31303a22706174685f7265676578223b733a33383a22235e2f61646d696e2f7374727563747572652f76696577732f73657474696e67732423734475223b733a31313a22706174685f746f6b656e73223b613a313a7b693a303b613a323a7b693a303b733a343a2274657874223b693a313b733a33313a222f61646d696e2f7374727563747572652f76696577732f73657474696e6773223b7d7d733a393a22706174685f76617273223b613a303a7b7d733a31303a22686f73745f7265676578223b4e3b733a31313a22686f73745f746f6b656e73223b613a303a7b7d733a393a22686f73745f76617273223b613a303a7b7d733a333a22666974223b693a31353b733a31343a227061747465726e4f75746c696e65223b733a33313a222f61646d696e2f7374727563747572652f76696577732f73657474696e6773223b733a383a226e756d5061727473223b693a343b7d7d7d7d, 4);

--
-- Dumping data for table `search_dataset`
--

INSERT INTO `search_dataset` (`sid`, `langcode`, `type`, `data`, `reindex`) VALUES
(3, 'en', 'node_search', ' map and directions map and directions admin wed 7042018 839 we are located just north of parham rd on hungary springs rd past hermitage high school on the right hand east side of the street view larger map we are located just north of parham rd on hungary springs rd past hermitage high school on the right hand east side of the street view larger map ', 0),
(4, 'en', 'node_search', ' what to expect what to expect admin wed 7112018 510 it is never easy to visit a new church for the first time so we want to be as helpful as we can to make your experience a good one what should i wear  we want you to feel comfortable after all we are thrilled that you re visiting us and want you to be more focused on the service than what you re wearing wear what is comfortable some prefer to put on their sunday best and that s fine too we think you ll fit in no matter how you dress before the service sunday school for children and adults starts at 945am on sunday mornings there is child care for infants and toddlers when you sign your child ren in you ll be issued a pager so you can be reached in the event the staff or your child needs you there is sunday school for children ages 2 years and up worship this time is set aside for communicating with god from our hearts we have contemporary worship music as well as more traditional songs and hymns we encourage everyone to worship the lord with all of their heart soul mind and strength for many that means singing clapping and for others it means quietly reflecting on the words you re welcome to worship however you want offering each week there is a time to worship god through the giving of tithes and offerings as a guest please do not feel any pressure to give this is an act of worship for our regular attenders allowing them to give to god a portion of what he has already given us it also gives gbc the means to reach more people for christ in the future the message sermon  every weekend you will hear a relevant straightforward message that is centered in god s word we trust that these messages will help you develop a growing vibrant relationship with jesus christ and provide a strong biblical foundation for your life communion we celebrate communion together periodically throughout the year anyone can participate in this time of selfexamination and reflection on christ s sacrifice as long they ve made the decision to follow jesus christ the juice and bread that we share represent the life he gave up so that our sins could be forgiven after the service pick up your kids   make sure that you return the pager that the nursery and children s workers gave you when you dropped your kids off so that we can ensure your children s safety please pick up your children promptly it is never easy to visit a new church for the first time so we want to be as helpful as we can to make your experience a good one what should i wear  we want you to feel comfortable after all we are thrilled that you re visiting us and want you to be more focused on the service than what you re wearing wear what is comfortable some prefer to put on their sunday best and that s fine too we think you ll fit in no matter how you dress before the service sunday school for children and adults starts at 945am on sunday mornings there is child care for infants and toddlers when you sign your child ren in you ll be issued a pager so you can be reached in the event the staff or your child needs you there is sunday school for children ages 2 years and up worship this time is set aside for communicating with god from our hearts we have contemporary worship music as well as more traditional songs and hymns we encourage everyone to worship the lord with all of their heart soul mind and strength for many that means singing clapping and for others it means quietly reflecting on the words you re welcome to worship however you want offering each week there is a time to worship god through the giving of tithes and offerings as a guest please do not feel any pressure to give this is an act of worship for our regular attenders allowing them to give to god a portion of what he has already given us it also gives gbc the means to reach more people for christ in the future the message sermon  every weekend you will hear a relevant straightforward message that is centered in god s word we trust that these messages will help you develop a growing vibrant relationship with jesus christ and provide a strong biblical foundation for your life communion we celebrate communion together periodically throughout the year anyone can participate in this time of selfexamination and reflection on christ s sacrifice as long they ve made the decision to follow jesus christ the juice and bread that we share represent the life he gave up so that our sins could be forgiven after the service pick up your kids   make sure that you return the pager that the nursery and children s workers gave you when you dropped your kids off so that we can ensure your children s safety please pick up your children promptly  ', 0);

--
-- Dumping data for table `search_index`
--

INSERT INTO `search_index` (`word`, `sid`, `langcode`, `type`, `score`) VALUES
('2', 4, 'en', 'node_search', 1.71211),
('510', 4, 'en', 'node_search', 1),
('7042018', 3, 'en', 'node_search', 1),
('7112018', 4, 'en', 'node_search', 1),
('839', 3, 'en', 'node_search', 1),
('945am', 4, 'en', 'node_search', 1.71211),
('act', 4, 'en', 'node_search', 1.62884),
('admin', 3, 'en', 'node_search', 1),
('admin', 4, 'en', 'node_search', 1),
('adults', 4, 'en', 'node_search', 1.71211),
('after', 4, 'en', 'node_search', 23.4358),
('ages', 4, 'en', 'node_search', 1.71211),
('all', 4, 'en', 'node_search', 3.42421),
('allowing', 4, 'en', 'node_search', 1.61839),
('already', 4, 'en', 'node_search', 1.60483),
('also', 4, 'en', 'node_search', 1.5982),
('and', 3, 'en', 'node_search', 27),
('and', 4, 'en', 'node_search', 21.2457),
('any', 4, 'en', 'node_search', 1.63954),
('anyone', 4, 'en', 'node_search', 1.49134),
('are', 3, 'en', 'node_search', 32),
('are', 4, 'en', 'node_search', 1.71211),
('aside', 4, 'en', 'node_search', 1.71211),
('attenders', 4, 'en', 'node_search', 1.62185),
('before', 4, 'en', 'node_search', 25.6816),
('best', 4, 'en', 'node_search', 1.71211),
('biblical', 4, 'en', 'node_search', 1.51486),
('bread', 4, 'en', 'node_search', 1.46442),
('can', 4, 'en', 'node_search', 6.34363),
('care', 4, 'en', 'node_search', 1.71211),
('celebrate', 4, 'en', 'node_search', 1.50423),
('centered', 4, 'en', 'node_search', 1.55149),
('child', 4, 'en', 'node_search', 5.13632),
('children', 4, 'en', 'node_search', 7.71613),
('christ', 4, 'en', 'node_search', 6.05045),
('church', 4, 'en', 'node_search', 1.71211),
('clapping', 4, 'en', 'node_search', 1.70525),
('comfortable', 4, 'en', 'node_search', 3.42421),
('communicating', 4, 'en', 'node_search', 1.71211),
('communion', 4, 'en', 'node_search', 24.1045),
('contemporary', 4, 'en', 'node_search', 1.71211),
('could', 4, 'en', 'node_search', 1.4528),
('decision', 4, 'en', 'node_search', 1.47157),
('develop', 4, 'en', 'node_search', 1.53417),
('directions', 3, 'en', 'node_search', 27),
('dress', 4, 'en', 'node_search', 1.71211),
('dropped', 4, 'en', 'node_search', 1.43494),
('each', 4, 'en', 'node_search', 1.67319),
('east', 3, 'en', 'node_search', 2),
('easy', 4, 'en', 'node_search', 1.71211),
('encourage', 4, 'en', 'node_search', 1.71211),
('ensure', 4, 'en', 'node_search', 1.43061),
('event', 4, 'en', 'node_search', 1.71211),
('every', 4, 'en', 'node_search', 1.56956),
('everyone', 4, 'en', 'node_search', 1.71211),
('expect', 4, 'en', 'node_search', 27),
('experience', 4, 'en', 'node_search', 1.71211),
('feel', 4, 'en', 'node_search', 3.35164),
('fine', 4, 'en', 'node_search', 1.71211),
('first', 4, 'en', 'node_search', 1.71211),
('fit', 4, 'en', 'node_search', 1.71211),
('focused', 4, 'en', 'node_search', 1.71211),
('follow', 4, 'en', 'node_search', 1.46917),
('for', 4, 'en', 'node_search', 16.6907),
('forgiven', 4, 'en', 'node_search', 1.45051),
('foundation', 4, 'en', 'node_search', 1.51217),
('from', 4, 'en', 'node_search', 1.71211),
('future', 4, 'en', 'node_search', 1.5789),
('gave', 4, 'en', 'node_search', 2.89234),
('gbc', 4, 'en', 'node_search', 1.59167),
('give', 4, 'en', 'node_search', 3.24394),
('given', 4, 'en', 'node_search', 1.6015),
('gives', 4, 'en', 'node_search', 1.59492),
('giving', 4, 'en', 'node_search', 1.6617),
('god', 4, 'en', 'node_search', 6.53772),
('good', 4, 'en', 'node_search', 1.71211),
('growing', 4, 'en', 'node_search', 1.53135),
('guest', 4, 'en', 'node_search', 1.65049),
('hand', 3, 'en', 'node_search', 2),
('has', 4, 'en', 'node_search', 1.60818),
('have', 4, 'en', 'node_search', 1.71211),
('hear', 4, 'en', 'node_search', 1.56043),
('heart', 4, 'en', 'node_search', 1.71211),
('hearts', 4, 'en', 'node_search', 1.71211),
('help', 4, 'en', 'node_search', 1.53701),
('helpful', 4, 'en', 'node_search', 1.71211),
('hermitage', 3, 'en', 'node_search', 32),
('high', 3, 'en', 'node_search', 32),
('how', 4, 'en', 'node_search', 1.71211),
('however', 4, 'en', 'node_search', 1.68101),
('hungary', 3, 'en', 'node_search', 32),
('hymns', 4, 'en', 'node_search', 1.71211),
('infants', 4, 'en', 'node_search', 1.71211),
('issued', 4, 'en', 'node_search', 1.71211),
('jesus', 4, 'en', 'node_search', 2.98981),
('juice', 4, 'en', 'node_search', 1.46679),
('just', 3, 'en', 'node_search', 32),
('kids', 4, 'en', 'node_search', 11.5547),
('larger', 3, 'en', 'node_search', 22),
('life', 4, 'en', 'node_search', 2.96691),
('located', 3, 'en', 'node_search', 32),
('long', 4, 'en', 'node_search', 1.47886),
('lord', 4, 'en', 'node_search', 1.71211),
('made', 4, 'en', 'node_search', 1.47399),
('make', 4, 'en', 'node_search', 3.15586),
('many', 4, 'en', 'node_search', 1.71211),
('map', 3, 'en', 'node_search', 49),
('matter', 4, 'en', 'node_search', 1.71211),
('means', 4, 'en', 'node_search', 4.99759),
('message', 4, 'en', 'node_search', 25.188),
('messages', 4, 'en', 'node_search', 1.53986),
('mind', 4, 'en', 'node_search', 1.71211),
('more', 4, 'en', 'node_search', 5.00945),
('mornings', 4, 'en', 'node_search', 1.71211),
('music', 4, 'en', 'node_search', 1.71211),
('needs', 4, 'en', 'node_search', 1.71211),
('never', 4, 'en', 'node_search', 1.71211),
('new', 4, 'en', 'node_search', 1.71211),
('north', 3, 'en', 'node_search', 32),
('not', 4, 'en', 'node_search', 1.64316),
('nursery', 4, 'en', 'node_search', 1.43932),
('off', 4, 'en', 'node_search', 1.43277),
('offering', 4, 'en', 'node_search', 25.1563),
('offerings', 4, 'en', 'node_search', 1.6542),
('one', 4, 'en', 'node_search', 1.71211),
('others', 4, 'en', 'node_search', 1.70113),
('our', 4, 'en', 'node_search', 4.79253),
('pager', 4, 'en', 'node_search', 3.15143),
('parham', 3, 'en', 'node_search', 32),
('participate', 4, 'en', 'node_search', 1.48881),
('past', 3, 'en', 'node_search', 32),
('people', 4, 'en', 'node_search', 1.58524),
('periodically', 4, 'en', 'node_search', 1.49902),
('pick', 4, 'en', 'node_search', 11.5641),
('please', 4, 'en', 'node_search', 3.07314),
('portion', 4, 'en', 'node_search', 1.61156),
('prefer', 4, 'en', 'node_search', 1.71211),
('pressure', 4, 'en', 'node_search', 1.63594),
('promptly', 4, 'en', 'node_search', 1.42633),
('provide', 4, 'en', 'node_search', 1.52028),
('put', 4, 'en', 'node_search', 1.71211),
('quietly', 4, 'en', 'node_search', 1.69704),
('reach', 4, 'en', 'node_search', 1.58844),
('reached', 4, 'en', 'node_search', 1.71211),
('reflecting', 4, 'en', 'node_search', 1.69298),
('reflection', 4, 'en', 'node_search', 1.4838),
('regular', 4, 'en', 'node_search', 1.62533),
('relationship', 4, 'en', 'node_search', 1.52578),
('relevant', 4, 'en', 'node_search', 1.55743),
('ren', 4, 'en', 'node_search', 1.71211),
('represent', 4, 'en', 'node_search', 1.45972),
('return', 4, 'en', 'node_search', 1.44153),
('right', 3, 'en', 'node_search', 2),
('sacrifice', 4, 'en', 'node_search', 1.48133),
('safety', 4, 'en', 'node_search', 1.42846),
('school', 3, 'en', 'node_search', 2),
('school', 4, 'en', 'node_search', 3.42421),
('selfexamination', 4, 'en', 'node_search', 1.4863),
('sermon', 4, 'en', 'node_search', 23.5898),
('service', 4, 'en', 'node_search', 49.1174),
('set', 4, 'en', 'node_search', 1.71211),
('share', 4, 'en', 'node_search', 1.46206),
('should', 4, 'en', 'node_search', 25.6816),
('side', 3, 'en', 'node_search', 2),
('sign', 4, 'en', 'node_search', 1.71211),
('singing', 4, 'en', 'node_search', 1.70941),
('sins', 4, 'en', 'node_search', 1.45509),
('some', 4, 'en', 'node_search', 1.71211),
('songs', 4, 'en', 'node_search', 1.71211),
('soul', 4, 'en', 'node_search', 1.71211),
('springs', 3, 'en', 'node_search', 32),
('staff', 4, 'en', 'node_search', 1.71211),
('starts', 4, 'en', 'node_search', 1.71211),
('straightforward', 4, 'en', 'node_search', 1.55445),
('street', 3, 'en', 'node_search', 2),
('strength', 4, 'en', 'node_search', 1.71211),
('strong', 4, 'en', 'node_search', 1.51756),
('sunday', 4, 'en', 'node_search', 6.84843),
('sure', 4, 'en', 'node_search', 1.44376),
('than', 4, 'en', 'node_search', 1.71211),
('that', 4, 'en', 'node_search', 15.4592),
('the', 3, 'en', 'node_search', 4),
('the', 4, 'en', 'node_search', 94.8886),
('their', 4, 'en', 'node_search', 3.42421),
('them', 4, 'en', 'node_search', 1.61496),
('there', 4, 'en', 'node_search', 5.08972),
('these', 4, 'en', 'node_search', 1.54274),
('they', 4, 'en', 'node_search', 1.47642),
('think', 4, 'en', 'node_search', 1.71211),
('this', 4, 'en', 'node_search', 4.82725),
('thrilled', 4, 'en', 'node_search', 1.71211),
('through', 4, 'en', 'node_search', 1.6655),
('throughout', 4, 'en', 'node_search', 1.49644),
('time', 4, 'en', 'node_search', 6.57601),
('tithes', 4, 'en', 'node_search', 1.65794),
('toddlers', 4, 'en', 'node_search', 1.71211),
('together', 4, 'en', 'node_search', 1.50162),
('too', 4, 'en', 'node_search', 1.71211),
('traditional', 4, 'en', 'node_search', 1.71211),
('trust', 4, 'en', 'node_search', 1.54564),
('vibrant', 4, 'en', 'node_search', 1.52856),
('view', 3, 'en', 'node_search', 22),
('visit', 4, 'en', 'node_search', 1.71211),
('visiting', 4, 'en', 'node_search', 1.71211),
('want', 4, 'en', 'node_search', 6.81341),
('wear', 4, 'en', 'node_search', 27.3937),
('wearing', 4, 'en', 'node_search', 1.71211),
('wed', 3, 'en', 'node_search', 1),
('wed', 4, 'en', 'node_search', 1),
('week', 4, 'en', 'node_search', 1.66933),
('weekend', 4, 'en', 'node_search', 1.5665),
('welcome', 4, 'en', 'node_search', 1.68497),
('well', 4, 'en', 'node_search', 1.71211),
('what', 4, 'en', 'node_search', 57.714),
('when', 4, 'en', 'node_search', 3.14704),
('will', 4, 'en', 'node_search', 3.10046),
('with', 4, 'en', 'node_search', 4.94723),
('word', 4, 'en', 'node_search', 1.54855),
('words', 4, 'en', 'node_search', 1.68896),
('workers', 4, 'en', 'node_search', 1.43712),
('worship', 4, 'en', 'node_search', 34.0777),
('year', 4, 'en', 'node_search', 1.49388),
('years', 4, 'en', 'node_search', 1.71211),
('you', 4, 'en', 'node_search', 27.8921),
('your', 4, 'en', 'node_search', 21.0554);

--
-- Dumping data for table `search_total`
--

INSERT INTO `search_total` (`word`, `count`) VALUES
('121', 0.30103),
('12312019', 0.30103),
('1346', 0.30103),
('2', 0.199776),
('510', 0.30103),
('7042018', 0.30103),
('7112018', 0.30103),
('839', 0.30103),
('945am', 0.199776),
('act', 0.207886),
('admin', 0.124939),
('adults', 0.199776),
('after', 0.0181468),
('ages', 0.199776),
('alan', 0.01524),
('all', 0.111275),
('allowing', 0.208951),
('already', 0.21035),
('also', 0.211041),
('and', 0.0089097),
('any', 0.206806),
('anyone', 0.222857),
('are', 0.0126951),
('aside', 0.199776),
('attenders', 0.208597),
('before', 0.0165898),
('best', 0.199776),
('biblical', 0.220142),
('bread', 0.226049),
('can', 0.0635729),
('care', 0.199776),
('celebrate', 0.22136),
('centered', 0.216045),
('child', 0.0772559),
('children', 0.0529242),
('christ', 0.0664291),
('church', 0.199776),
('clapping', 0.200419),
('comfortable', 0.111275),
('communicating', 0.199776),
('communion', 0.0176534),
('contemporary', 0.199776),
('could', 0.227457),
('decision', 0.225192),
('develop', 0.217962),
('directions', 0.0157943),
('dress', 0.199776),
('dropped', 0.229655),
('each', 0.203484),
('east', 0.176091),
('easy', 0.199776),
('encourage', 0.199776),
('ensure', 0.230194),
('event', 0.199776),
('every', 0.21408),
('everyone', 0.199776),
('expect', 0.0157943),
('experience', 0.199776),
('feel', 0.113395),
('fine', 0.199776),
('first', 0.199776),
('fit', 0.199776),
('focused', 0.199776),
('follow', 0.225479),
('for', 0.0252705),
('forgiven', 0.227735),
('foundation', 0.220448),
('from', 0.199776),
('future', 0.21308),
('gave', 0.128962),
('gbc', 0.211727),
('give', 0.116696),
('given', 0.210697),
('gives', 0.211385),
('giving', 0.204606),
('god', 0.0618137),
('good', 0.199776),
('growing', 0.218277),
('guest', 0.205713),
('hand', 0.176091),
('has', 0.210003),
('have', 0.199776),
('hear', 0.215069),
('heart', 0.199776),
('hearts', 0.199776),
('help', 0.217646),
('helpful', 0.199776),
('hermitage', 0.013364),
('high', 0.013364),
('how', 0.199776),
('however', 0.202728),
('hungary', 0.013364),
('hymns', 0.199776),
('infants', 0.199776),
('issued', 0.199776),
('jesus', 0.125309),
('juice', 0.225765),
('just', 0.013364),
('kids', 0.0360476),
('larger', 0.0193052),
('life', 0.126148),
('located', 0.013364),
('long', 0.224325),
('lord', 0.199776),
('made', 0.224904),
('make', 0.119543),
('many', 0.199776),
('map', 0.00877392),
('matter', 0.199776),
('mccoll', 0.01524),
('means', 0.0792162),
('message', 0.0169087),
('messages', 0.217328),
('mind', 0.199776),
('more', 0.0790447),
('mornings', 0.199776),
('music', 0.199776),
('needs', 0.199776),
('never', 0.199776),
('new', 0.199776),
('north', 0.013364),
('not', 0.206444),
('nursery', 0.229111),
('off', 0.229925),
('offering', 0.0169296),
('offerings', 0.205346),
('one', 0.199776),
('others', 0.200808),
('our', 0.0823035),
('pager', 0.11969),
('parham', 0.013364),
('participate', 0.223153),
('past', 0.013364),
('people', 0.212406),
('periodically', 0.221962),
('pick', 0.0360197),
('please', 0.122347),
('portion', 0.209654),
('prefer', 0.199776),
('pressure', 0.207168),
('promptly', 0.23073),
('provide', 0.219525),
('put', 0.199776),
('quietly', 0.201196),
('reach', 0.212067),
('reached', 0.199776),
('reflecting', 0.201581),
('reflection', 0.223741),
('regular', 0.208242),
('relationship', 0.218904),
('relevant', 0.215395),
('ren', 0.199776),
('represent', 0.226616),
('return', 0.228838),
('right', 0.176091),
('sacrifice', 0.224033),
('safety', 0.230462),
('school', 0.0734832),
('selfexamination', 0.223447),
('sermon', 0.0180307),
('service', 0.00875316),
('set', 0.199776),
('share', 0.226333),
('should', 0.0165898),
('side', 0.176091),
('sign', 0.199776),
('singing', 0.200028),
('sins', 0.227177),
('some', 0.199776),
('songs', 0.199776),
('soul', 0.199776),
('springs', 0.013364),
('staff', 0.199776),
('starts', 0.199776),
('straightforward', 0.215721),
('street', 0.176091),
('strength', 0.199776),
('strong', 0.219834),
('sunday', 0.0591918),
('sure', 0.228564),
('than', 0.199776),
('that', 0.0272218),
('the', 0.0043697),
('their', 0.111275),
('them', 0.209303),
('there', 0.0779035),
('these', 0.217009),
('they', 0.224615),
('think', 0.199776),
('this', 0.0817639),
('thrilled', 0.199776),
('through', 0.204234),
('throughout', 0.222262),
('time', 0.061478),
('tithes', 0.204977),
('toddlers', 0.199776),
('together', 0.221662),
('too', 0.199776),
('traditional', 0.199776),
('trust', 0.216689),
('tue', 0.30103),
('vibrant', 0.218591),
('view', 0.0193052),
('visit', 0.199776),
('visiting', 0.199776),
('want', 0.0594761),
('wear', 0.0155713),
('wearing', 0.199776),
('wed', 0.176091),
('week', 0.20386),
('weekend', 0.214411),
('welcome', 0.202348),
('well', 0.199776),
('what', 0.00746049),
('when', 0.119836),
('will', 0.121406),
('with', 0.0799526),
('word', 0.216368),
('words', 0.201965),
('workers', 0.229384),
('worship', 0.0125609),
('year', 0.22256),
('years', 0.199776),
('you', 0.0152979),
('your', 0.0201515);

--
-- Dumping data for table `sequences`
--

INSERT INTO `sequences` (`value`) VALUES
(17);

--
-- Dumping data for table `sessions`
--

INSERT INTO `sessions` (`uid`, `sid`, `hostname`, `timestamp`, `session`) VALUES
(1, 'oyXahdUrSAZifRRclmdqwkBT--pgYVUSThY3Dkhj6xc', '96.228.25.191', 1578228182, 0x5f7366325f617474726962757465737c613a313a7b733a333a22756964223b733a313a2231223b7d5f7366325f6d6574617c613a343a7b733a313a2275223b693a313537383232383138323b733a313a2263223b693a313537383232363237373b733a313a226c223b733a373a2232303030303030223b733a313a2273223b733a34333a22774741472d4a336545414679444e6d62434f512d537831704632746a314344586861486f64316170524149223b7d);

--
-- Dumping data for table `shortcut`
--

INSERT INTO `shortcut` (`id`, `shortcut_set`, `uuid`, `langcode`) VALUES
(1, 'default', '9ea7cb77-ac9c-4d6e-90ab-4f3d6b834635', 'en'),
(2, 'default', 'cb56ae10-d316-4e7c-814f-a5ea56d7cb92', 'en'),
(3, 'default', 'c4138160-084f-4e6b-97f3-ebc1f211ed18', 'en'),
(4, 'default', '37663d49-87cd-428a-abb9-44e244b75d8d', 'en'),
(5, 'default', '0b51bfb6-0673-40dc-98dc-1c0912a5ae7e', 'en'),
(6, 'default', '0c0c2681-f59f-44e9-9698-b7410f04e965', 'en'),
(7, 'default', 'ccae8a8c-0b5b-4526-9da6-ab309253d5bb', 'en'),
(8, 'default', '1866fbe1-7259-4b69-91c8-9a50907cba08', 'en'),
(10, 'default', '8aecf745-454b-4540-975b-bb5c239def01', 'en');

--
-- Dumping data for table `shortcut_field_data`
--

INSERT INTO `shortcut_field_data` (`id`, `shortcut_set`, `langcode`, `title`, `weight`, `link__uri`, `link__title`, `link__options`, `default_langcode`) VALUES
(1, 'default', 'en', 'Add content', -8, 'internal:/node/add', NULL, 0x613a303a7b7d, 1),
(2, 'default', 'en', 'All content', -7, 'internal:/admin/content', NULL, 0x613a303a7b7d, 1),
(3, 'default', 'en', 'Manage fields', -6, 'internal:/admin/structure/types/manage/article/fields', NULL, 0x613a303a7b7d, 1),
(4, 'default', 'en', 'Home Page information', -10, 'internal:/admin/structure/page_manager/manage/home_page/general', '', 0x613a303a7b7d, 1),
(5, 'default', 'en', 'Views', -9, 'internal:/admin/structure/views', NULL, 0x613a303a7b7d, 1),
(6, 'default', 'en', 'Pages', NULL, 'internal:/admin/structure/page_manager', NULL, 0x613a303a7b7d, 1),
(7, 'default', 'en', 'Menus', NULL, 'internal:/admin/structure/menu', NULL, 0x613a303a7b7d, 1),
(8, 'default', 'en', 'Backup and Migrate', NULL, 'internal:/admin/config/development/backup_migrate', NULL, 0x613a303a7b7d, 1),
(10, 'default', 'en', 'Block layout', NULL, 'internal:/admin/structure/block', NULL, 0x613a303a7b7d, 1);

--
-- Dumping data for table `users`
--

INSERT INTO `users` (`uid`, `uuid`, `langcode`) VALUES
(0, '8383cdcb-28eb-443b-8f51-7f56fd7e305c', 'en'),
(1, '29c23108-d5c2-4106-bac1-6a67d841d097', 'en'),
(12, '4f01aa36-2da9-4d40-8375-ed02be9ef75e', 'en');

--
-- Dumping data for table `users_data`
--

INSERT INTO `users_data` (`uid`, `module`, `name`, `value`, `serialized`) VALUES
(1, 'contact', 'enabled', 0x30, 0),
(12, 'contact', 'enabled', 0x30, 0);

--
-- Dumping data for table `users_field_data`
--

INSERT INTO `users_field_data` (`uid`, `langcode`, `preferred_langcode`, `preferred_admin_langcode`, `name`, `pass`, `mail`, `timezone`, `status`, `created`, `changed`, `access`, `login`, `init`, `default_langcode`) VALUES
(0, 'en', 'en', NULL, '', NULL, NULL, '', 0, 1530361822, 1530361822, 0, 0, NULL, 1),
(1, 'en', 'en', NULL, 'admin', '$S$EvX6Xq5e8MsnLlHORaKHchXf5mddJZAyHMEjouj2dZbNj/84CX0V', 'alan@itrva.com', 'America/New_York', 1, 1530361822, 1562981026, 1578228182, 1578226277, 'alan@itrva.com', 1),
(12, 'en', 'en', 'en', 'carrie.mohler', '$S$EsPzmC/Z1ScUwAF6kDMi7ijZYFOmxUZoZ9KOxtYzbKY0.HGam9wX', 'carrie.mohler@goodwillbaptist.org', 'America/New_York', 1, 1562973362, 1562973362, 1578226220, 1578226220, 'carrie.mohler@goodwillbaptist.org', 1);

--
-- Dumping data for table `user__roles`
--

INSERT INTO `user__roles` (`bundle`, `deleted`, `entity_id`, `revision_id`, `langcode`, `delta`, `roles_target_id`) VALUES
('user', 0, 1, 1, 'en', 0, 'administrator'),
('user', 0, 12, 12, 'en', 0, 'editor');

--
-- Dumping data for table `watchdog`
--

INSERT INTO `watchdog` (`wid`, `uid`, `type`, `message`, `variables`, `severity`, `link`, `location`, `referer`, `hostname`, `timestamp`) VALUES
(3496, 1, 'user', 'Session closed for %name.', 0x613a313a7b733a353a22256e616d65223b733a353a2261646d696e223b7d, 5, '', 'https://gbc.itrva.com/user/logout', 'https://gbc.itrva.com/media/add/remote_video', '96.228.25.191', 1577530225),
(3497, 0, 'access denied', '@uri', 0x613a313a7b733a343a2240757269223b733a31323a222f757365722f6c6f676f7574223b7d, 4, '', 'https://gbc.itrva.com/user/logout', '', '96.228.25.191', 1577530235),
(3498, 12, 'user', 'Session opened for %name.', 0x613a313a7b733a353a22256e616d65223b733a31333a226361727269652e6d6f686c6572223b7d, 5, '', 'https://gbc.itrva.com/user/login', 'https://gbc.itrva.com/user/login', '96.228.25.191', 1577530248),
(3499, 0, 'cron', 'Starting execution of @module_cron().', 0x613a313a7b733a373a22406d6f64756c65223b733a31343a226261636b75705f6d696772617465223b7d, 5, '', 'https://gbc.itrva.com/', '', '96.228.25.191', 1577622723),
(3500, 0, 'cron', 'Starting execution of @module_cron(), execution of @module_previous_cron() took @time.', 0x613a333a7b733a373a22406d6f64756c65223b733a373a22636f6d6d656e74223b733a31363a22406d6f64756c655f70726576696f7573223b733a31343a226261636b75705f6d696772617465223b733a353a224074696d65223b733a383a223239302e37386d73223b7d, 5, '', 'https://gbc.itrva.com/', '', '96.228.25.191', 1577622723),
(3501, 0, 'cron', 'Starting execution of @module_cron(), execution of @module_previous_cron() took @time.', 0x613a333a7b733a373a22406d6f64756c65223b733a353a2264626c6f67223b733a31363a22406d6f64756c655f70726576696f7573223b733a373a22636f6d6d656e74223b733a353a224074696d65223b733a373a2231342e37386d73223b7d, 5, '', 'https://gbc.itrva.com/', '', '96.228.25.191', 1577622723),
(3502, 0, 'cron', 'Starting execution of @module_cron(), execution of @module_previous_cron() took @time.', 0x613a333a7b733a373a22406d6f64756c65223b733a353a226669656c64223b733a31363a22406d6f64756c655f70726576696f7573223b733a353a2264626c6f67223b733a353a224074696d65223b733a363a22332e33326d73223b7d, 5, '', 'https://gbc.itrva.com/', '', '96.228.25.191', 1577622723),
(3503, 0, 'cron', 'Starting execution of @module_cron(), execution of @module_previous_cron() took @time.', 0x613a333a7b733a373a22406d6f64756c65223b733a343a2266696c65223b733a31363a22406d6f64756c655f70726576696f7573223b733a353a226669656c64223b733a353a224074696d65223b733a373a2231352e30346d73223b7d, 5, '', 'https://gbc.itrva.com/', '', '96.228.25.191', 1577622723),
(3504, 0, 'cron', 'Starting execution of @module_cron(), execution of @module_previous_cron() took @time.', 0x613a333a7b733a373a22406d6f64756c65223b733a373a22686973746f7279223b733a31363a22406d6f64756c655f70726576696f7573223b733a343a2266696c65223b733a353a224074696d65223b733a363a22342e30336d73223b7d, 5, '', 'https://gbc.itrva.com/', '', '96.228.25.191', 1577622723),
(3505, 0, 'cron', 'Starting execution of @module_cron(), execution of @module_previous_cron() took @time.', 0x613a333a7b733a373a22406d6f64756c65223b733a31343a226c61796f75745f6275696c646572223b733a31363a22406d6f64756c655f70726576696f7573223b733a373a22686973746f7279223b733a353a224074696d65223b733a363a22322e32396d73223b7d, 5, '', 'https://gbc.itrva.com/', '', '96.228.25.191', 1577622723),
(3506, 0, 'cron', 'Starting execution of @module_cron(), execution of @module_previous_cron() took @time.', 0x613a333a7b733a373a22406d6f64756c65223b733a343a226e6f6465223b733a31363a22406d6f64756c655f70726576696f7573223b733a31343a226c61796f75745f6275696c646572223b733a353a224074696d65223b733a363a22362e32386d73223b7d, 5, '', 'https://gbc.itrva.com/', '', '96.228.25.191', 1577622723),
(3507, 0, 'cron', 'Starting execution of @module_cron(), execution of @module_previous_cron() took @time.', 0x613a333a7b733a373a22406d6f64756c65223b733a363a22736561726368223b733a31363a22406d6f64756c655f70726576696f7573223b733a343a226e6f6465223b733a353a224074696d65223b733a373a2232372e30386d73223b7d, 5, '', 'https://gbc.itrva.com/', '', '96.228.25.191', 1577622723),
(3508, 0, 'cron', 'Starting execution of @module_cron(), execution of @module_previous_cron() took @time.', 0x613a333a7b733a373a22406d6f64756c65223b733a363a2273797374656d223b733a31363a22406d6f64756c655f70726576696f7573223b733a363a22736561726368223b733a353a224074696d65223b733a373a2232342e39336d73223b7d, 5, '', 'https://gbc.itrva.com/', '', '96.228.25.191', 1577622723),
(3509, 0, 'cron', 'Starting execution of @module_cron(), execution of @module_previous_cron() took @time.', 0x613a333a7b733a373a22406d6f64756c65223b733a363a22757064617465223b733a31363a22406d6f64756c655f70726576696f7573223b733a363a2273797374656d223b733a353a224074696d65223b733a363a2236312e356d73223b7d, 5, '', 'https://gbc.itrva.com/', '', '96.228.25.191', 1577622723),
(3510, 0, 'cron', 'Execution of @module_previous_cron() took @time.', 0x613a323a7b733a31363a22406d6f64756c655f70726576696f7573223b733a363a22757064617465223b733a353a224074696d65223b733a393a22313832322e39386d73223b7d, 5, '', 'https://gbc.itrva.com/', '', '96.228.25.191', 1577622725),
(3511, 0, 'cron', 'Cron run completed.', 0x613a303a7b7d, 5, '', 'https://gbc.itrva.com/', '', '96.228.25.191', 1577622725),
(3512, 0, 'page not found', '@uri', 0x613a313a7b733a343a2240757269223b733a31333a222f77702d6c6f67696e2e706870223b7d, 4, '', 'https://gbc.itrva.com/wp-login.php', 'http://gbc.itrva.com/wp-login.php', '103.105.195.230', 1577628118),
(3513, 0, 'cron', 'Starting execution of @module_cron().', 0x613a313a7b733a373a22406d6f64756c65223b733a31343a226261636b75705f6d696772617465223b7d, 5, '', 'https://gbc.itrva.com/youth', '', '54.36.150.47', 1577643678),
(3514, 0, 'cron', 'Starting execution of @module_cron(), execution of @module_previous_cron() took @time.', 0x613a333a7b733a373a22406d6f64756c65223b733a373a22636f6d6d656e74223b733a31363a22406d6f64756c655f70726576696f7573223b733a31343a226261636b75705f6d696772617465223b733a353a224074696d65223b733a373a2231332e30386d73223b7d, 5, '', 'https://gbc.itrva.com/youth', '', '54.36.150.47', 1577643678),
(3515, 0, 'cron', 'Starting execution of @module_cron(), execution of @module_previous_cron() took @time.', 0x613a333a7b733a373a22406d6f64756c65223b733a353a2264626c6f67223b733a31363a22406d6f64756c655f70726576696f7573223b733a373a22636f6d6d656e74223b733a353a224074696d65223b733a363a22342e32356d73223b7d, 5, '', 'https://gbc.itrva.com/youth', '', '54.36.150.47', 1577643678),
(3516, 0, 'cron', 'Starting execution of @module_cron(), execution of @module_previous_cron() took @time.', 0x613a333a7b733a373a22406d6f64756c65223b733a353a226669656c64223b733a31363a22406d6f64756c655f70726576696f7573223b733a353a2264626c6f67223b733a353a224074696d65223b733a363a22302e38366d73223b7d, 5, '', 'https://gbc.itrva.com/youth', '', '54.36.150.47', 1577643678),
(3517, 0, 'cron', 'Starting execution of @module_cron(), execution of @module_previous_cron() took @time.', 0x613a333a7b733a373a22406d6f64756c65223b733a343a2266696c65223b733a31363a22406d6f64756c655f70726576696f7573223b733a353a226669656c64223b733a353a224074696d65223b733a363a22302e38376d73223b7d, 5, '', 'https://gbc.itrva.com/youth', '', '54.36.150.47', 1577643678),
(3518, 0, 'cron', 'Starting execution of @module_cron(), execution of @module_previous_cron() took @time.', 0x613a333a7b733a373a22406d6f64756c65223b733a373a22686973746f7279223b733a31363a22406d6f64756c655f70726576696f7573223b733a343a2266696c65223b733a353a224074696d65223b733a363a22332e31316d73223b7d, 5, '', 'https://gbc.itrva.com/youth', '', '54.36.150.47', 1577643678),
(3519, 0, 'cron', 'Starting execution of @module_cron(), execution of @module_previous_cron() took @time.', 0x613a333a7b733a373a22406d6f64756c65223b733a31343a226c61796f75745f6275696c646572223b733a31363a22406d6f64756c655f70726576696f7573223b733a373a22686973746f7279223b733a353a224074696d65223b733a363a22302e34316d73223b7d, 5, '', 'https://gbc.itrva.com/youth', '', '54.36.150.47', 1577643678),
(3520, 0, 'cron', 'Starting execution of @module_cron(), execution of @module_previous_cron() took @time.', 0x613a333a7b733a373a22406d6f64756c65223b733a343a226e6f6465223b733a31363a22406d6f64756c655f70726576696f7573223b733a31343a226c61796f75745f6275696c646572223b733a353a224074696d65223b733a363a22322e30326d73223b7d, 5, '', 'https://gbc.itrva.com/youth', '', '54.36.150.47', 1577643678),
(3521, 0, 'cron', 'Starting execution of @module_cron(), execution of @module_previous_cron() took @time.', 0x613a333a7b733a373a22406d6f64756c65223b733a363a22736561726368223b733a31363a22406d6f64756c655f70726576696f7573223b733a343a226e6f6465223b733a353a224074696d65223b733a363a22332e32326d73223b7d, 5, '', 'https://gbc.itrva.com/youth', '', '54.36.150.47', 1577643678),
(3522, 0, 'cron', 'Starting execution of @module_cron(), execution of @module_previous_cron() took @time.', 0x613a333a7b733a373a22406d6f64756c65223b733a363a2273797374656d223b733a31363a22406d6f64756c655f70726576696f7573223b733a363a22736561726368223b733a353a224074696d65223b733a363a22372e30386d73223b7d, 5, '', 'https://gbc.itrva.com/youth', '', '54.36.150.47', 1577643678),
(3523, 0, 'cron', 'Starting execution of @module_cron(), execution of @module_previous_cron() took @time.', 0x613a333a7b733a373a22406d6f64756c65223b733a363a22757064617465223b733a31363a22406d6f64756c655f70726576696f7573223b733a363a2273797374656d223b733a353a224074696d65223b733a373a2231382e39336d73223b7d, 5, '', 'https://gbc.itrva.com/youth', '', '54.36.150.47', 1577643678),
(3524, 0, 'cron', 'Execution of @module_previous_cron() took @time.', 0x613a323a7b733a31363a22406d6f64756c655f70726576696f7573223b733a363a22757064617465223b733a353a224074696d65223b733a373a2239372e34316d73223b7d, 5, '', 'https://gbc.itrva.com/youth', '', '54.36.150.47', 1577643678),
(3525, 0, 'cron', 'Cron run completed.', 0x613a303a7b7d, 5, '', 'https://gbc.itrva.com/youth', '', '54.36.150.47', 1577643678),
(3526, 0, 'cron', 'Starting execution of @module_cron().', 0x613a313a7b733a373a22406d6f64756c65223b733a31343a226261636b75705f6d696772617465223b7d, 5, '', 'https://gbc.itrva.com/', '', '96.228.25.191', 1577662656),
(3527, 0, 'cron', 'Starting execution of @module_cron(), execution of @module_previous_cron() took @time.', 0x613a333a7b733a373a22406d6f64756c65223b733a373a22636f6d6d656e74223b733a31363a22406d6f64756c655f70726576696f7573223b733a31343a226261636b75705f6d696772617465223b733a353a224074696d65223b733a363a22372e31366d73223b7d, 5, '', 'https://gbc.itrva.com/', '', '96.228.25.191', 1577662656),
(3528, 0, 'cron', 'Starting execution of @module_cron(), execution of @module_previous_cron() took @time.', 0x613a333a7b733a373a22406d6f64756c65223b733a353a2264626c6f67223b733a31363a22406d6f64756c655f70726576696f7573223b733a373a22636f6d6d656e74223b733a353a224074696d65223b733a373a2231302e38376d73223b7d, 5, '', 'https://gbc.itrva.com/', '', '96.228.25.191', 1577662656),
(3529, 0, 'cron', 'Starting execution of @module_cron(), execution of @module_previous_cron() took @time.', 0x613a333a7b733a373a22406d6f64756c65223b733a353a226669656c64223b733a31363a22406d6f64756c655f70726576696f7573223b733a353a2264626c6f67223b733a353a224074696d65223b733a363a22302e37396d73223b7d, 5, '', 'https://gbc.itrva.com/', '', '96.228.25.191', 1577662656),
(3530, 0, 'cron', 'Starting execution of @module_cron(), execution of @module_previous_cron() took @time.', 0x613a333a7b733a373a22406d6f64756c65223b733a343a2266696c65223b733a31363a22406d6f64756c655f70726576696f7573223b733a353a226669656c64223b733a353a224074696d65223b733a363a22312e30336d73223b7d, 5, '', 'https://gbc.itrva.com/', '', '96.228.25.191', 1577662656),
(3531, 0, 'cron', 'Starting execution of @module_cron(), execution of @module_previous_cron() took @time.', 0x613a333a7b733a373a22406d6f64756c65223b733a373a22686973746f7279223b733a31363a22406d6f64756c655f70726576696f7573223b733a343a2266696c65223b733a353a224074696d65223b733a363a22312e30336d73223b7d, 5, '', 'https://gbc.itrva.com/', '', '96.228.25.191', 1577662656),
(3532, 0, 'cron', 'Starting execution of @module_cron(), execution of @module_previous_cron() took @time.', 0x613a333a7b733a373a22406d6f64756c65223b733a31343a226c61796f75745f6275696c646572223b733a31363a22406d6f64756c655f70726576696f7573223b733a373a22686973746f7279223b733a353a224074696d65223b733a363a22302e35336d73223b7d, 5, '', 'https://gbc.itrva.com/', '', '96.228.25.191', 1577662656),
(3533, 0, 'cron', 'Starting execution of @module_cron(), execution of @module_previous_cron() took @time.', 0x613a333a7b733a373a22406d6f64756c65223b733a343a226e6f6465223b733a31363a22406d6f64756c655f70726576696f7573223b733a31343a226c61796f75745f6275696c646572223b733a353a224074696d65223b733a363a22302e39326d73223b7d, 5, '', 'https://gbc.itrva.com/', '', '96.228.25.191', 1577662656),
(3534, 0, 'cron', 'Starting execution of @module_cron(), execution of @module_previous_cron() took @time.', 0x613a333a7b733a373a22406d6f64756c65223b733a363a22736561726368223b733a31363a22406d6f64756c655f70726576696f7573223b733a343a226e6f6465223b733a353a224074696d65223b733a363a22352e36366d73223b7d, 5, '', 'https://gbc.itrva.com/', '', '96.228.25.191', 1577662656),
(3535, 0, 'cron', 'Starting execution of @module_cron(), execution of @module_previous_cron() took @time.', 0x613a333a7b733a373a22406d6f64756c65223b733a363a2273797374656d223b733a31363a22406d6f64756c655f70726576696f7573223b733a363a22736561726368223b733a353a224074696d65223b733a363a22332e32356d73223b7d, 5, '', 'https://gbc.itrva.com/', '', '96.228.25.191', 1577662656),
(3536, 0, 'cron', 'Starting execution of @module_cron(), execution of @module_previous_cron() took @time.', 0x613a333a7b733a373a22406d6f64756c65223b733a363a22757064617465223b733a31363a22406d6f64756c655f70726576696f7573223b733a363a2273797374656d223b733a353a224074696d65223b733a373a2232322e34336d73223b7d, 5, '', 'https://gbc.itrva.com/', '', '96.228.25.191', 1577662656),
(3537, 0, 'cron', 'Execution of @module_previous_cron() took @time.', 0x613a323a7b733a31363a22406d6f64756c655f70726576696f7573223b733a363a22757064617465223b733a353a224074696d65223b733a383a223131332e38386d73223b7d, 5, '', 'https://gbc.itrva.com/', '', '96.228.25.191', 1577662656),
(3538, 0, 'cron', 'Cron run completed.', 0x613a303a7b7d, 5, '', 'https://gbc.itrva.com/', '', '96.228.25.191', 1577662656),
(3539, 0, 'cron', 'Starting execution of @module_cron().', 0x613a313a7b733a373a22406d6f64756c65223b733a31343a226261636b75705f6d696772617465223b7d, 5, '', 'https://gbc.itrva.com/user', '', '56.0.84.26', 1577710898),
(3540, 0, 'cron', 'Starting execution of @module_cron(), execution of @module_previous_cron() took @time.', 0x613a333a7b733a373a22406d6f64756c65223b733a373a22636f6d6d656e74223b733a31363a22406d6f64756c655f70726576696f7573223b733a31343a226261636b75705f6d696772617465223b733a353a224074696d65223b733a373a2237352e39346d73223b7d, 5, '', 'https://gbc.itrva.com/user', '', '56.0.84.26', 1577710899),
(3541, 0, 'cron', 'Starting execution of @module_cron(), execution of @module_previous_cron() took @time.', 0x613a333a7b733a373a22406d6f64756c65223b733a353a2264626c6f67223b733a31363a22406d6f64756c655f70726576696f7573223b733a373a22636f6d6d656e74223b733a353a224074696d65223b733a363a22392e35376d73223b7d, 5, '', 'https://gbc.itrva.com/user', '', '56.0.84.26', 1577710899),
(3542, 0, 'cron', 'Starting execution of @module_cron(), execution of @module_previous_cron() took @time.', 0x613a333a7b733a373a22406d6f64756c65223b733a353a226669656c64223b733a31363a22406d6f64756c655f70726576696f7573223b733a353a2264626c6f67223b733a353a224074696d65223b733a363a22302e38316d73223b7d, 5, '', 'https://gbc.itrva.com/user', '', '56.0.84.26', 1577710899),
(3543, 0, 'cron', 'Starting execution of @module_cron(), execution of @module_previous_cron() took @time.', 0x613a333a7b733a373a22406d6f64756c65223b733a343a2266696c65223b733a31363a22406d6f64756c655f70726576696f7573223b733a353a226669656c64223b733a353a224074696d65223b733a363a22322e31346d73223b7d, 5, '', 'https://gbc.itrva.com/user', '', '56.0.84.26', 1577710899),
(3544, 0, 'cron', 'Starting execution of @module_cron(), execution of @module_previous_cron() took @time.', 0x613a333a7b733a373a22406d6f64756c65223b733a373a22686973746f7279223b733a31363a22406d6f64756c655f70726576696f7573223b733a343a2266696c65223b733a353a224074696d65223b733a373a2238312e33366d73223b7d, 5, '', 'https://gbc.itrva.com/user', '', '56.0.84.26', 1577710899),
(3545, 0, 'cron', 'Starting execution of @module_cron(), execution of @module_previous_cron() took @time.', 0x613a333a7b733a373a22406d6f64756c65223b733a31343a226c61796f75745f6275696c646572223b733a31363a22406d6f64756c655f70726576696f7573223b733a373a22686973746f7279223b733a353a224074696d65223b733a363a22312e36346d73223b7d, 5, '', 'https://gbc.itrva.com/user', '', '56.0.84.26', 1577710899),
(3546, 0, 'cron', 'Starting execution of @module_cron(), execution of @module_previous_cron() took @time.', 0x613a333a7b733a373a22406d6f64756c65223b733a343a226e6f6465223b733a31363a22406d6f64756c655f70726576696f7573223b733a31343a226c61796f75745f6275696c646572223b733a353a224074696d65223b733a373a2231352e31366d73223b7d, 5, '', 'https://gbc.itrva.com/user', '', '56.0.84.26', 1577710899),
(3547, 0, 'cron', 'Starting execution of @module_cron(), execution of @module_previous_cron() took @time.', 0x613a333a7b733a373a22406d6f64756c65223b733a363a22736561726368223b733a31363a22406d6f64756c655f70726576696f7573223b733a343a226e6f6465223b733a353a224074696d65223b733a373a2231352e33386d73223b7d, 5, '', 'https://gbc.itrva.com/user', '', '56.0.84.26', 1577710899),
(3548, 0, 'cron', 'Starting execution of @module_cron(), execution of @module_previous_cron() took @time.', 0x613a333a7b733a373a22406d6f64756c65223b733a363a2273797374656d223b733a31363a22406d6f64756c655f70726576696f7573223b733a363a22736561726368223b733a353a224074696d65223b733a373a2232372e33316d73223b7d, 5, '', 'https://gbc.itrva.com/user', '', '56.0.84.26', 1577710899),
(3549, 0, 'cron', 'Starting execution of @module_cron(), execution of @module_previous_cron() took @time.', 0x613a333a7b733a373a22406d6f64756c65223b733a363a22757064617465223b733a31363a22406d6f64756c655f70726576696f7573223b733a363a2273797374656d223b733a353a224074696d65223b733a363a2233362e356d73223b7d, 5, '', 'https://gbc.itrva.com/user', '', '56.0.84.26', 1577710899),
(3550, 0, 'cron', 'Execution of @module_previous_cron() took @time.', 0x613a323a7b733a31363a22406d6f64756c655f70726576696f7573223b733a363a22757064617465223b733a353a224074696d65223b733a393a22313533322e39396d73223b7d, 5, '', 'https://gbc.itrva.com/user', '', '56.0.84.26', 1577710900),
(3551, 0, 'cron', 'Cron run completed.', 0x613a303a7b7d, 5, '', 'https://gbc.itrva.com/user', '', '56.0.84.26', 1577710900),
(3552, 1, 'user', 'Session opened for %name.', 0x613a313a7b733a353a22256e616d65223b733a353a2261646d696e223b7d, 5, '', 'https://gbc.itrva.com/user/login', 'https://gbc.itrva.com/user/login', '56.0.84.26', 1577710958),
(3553, 1, 'node', 'Added content type %name.', 0x613a313a7b733a353a22256e616d65223b733a353a22446f6e6f72223b7d, 5, '<a href=\"/admin/structure/types\">View</a>', 'https://gbc.itrva.com/admin/structure/types/add', 'https://gbc.itrva.com/admin/structure/types/add', '56.0.84.26', 1577717300),
(3554, 1, 'node', 'Added content type %name.', 0x613a313a7b733a353a22256e616d65223b733a383a22446f6e6174696f6e223b7d, 5, '<a href=\"/admin/structure/types\">View</a>', 'https://gbc.itrva.com/admin/structure/types/add', 'https://gbc.itrva.com/admin/structure/types/add', '56.0.84.26', 1577717646),
(3555, 1, 'content', '@type: added %title.', 0x613a323a7b733a353a224074797065223b733a353a22646f6e6f72223b733a363a22257469746c65223b733a31313a22416c616e204d63436f6c6c223b7d, 5, '<a href=\"/node/5\" hreflang=\"en\">View</a>', 'https://gbc.itrva.com/node/add/donor', 'https://gbc.itrva.com/node/add/donor', '56.0.84.26', 1577718358),
(3556, 1, 'block_content', '@type: updated %info.', 0x613a323a7b733a353a224074797065223b733a353a226261736963223b733a353a2225696e666f223b733a32313a2254696d6573204c6f636174696f6e20466f6f746572223b7d, 5, '', 'https://gbc.itrva.com/add-custom-block-1?destination=%2Fnode%2F5', 'https://gbc.itrva.com/add-custom-block-1?destination=/node/5', '56.0.84.26', 1577718400),
(3557, 1, 'node', 'The @entity-type %label has been deleted.', 0x613a323a7b733a31323a2240656e746974792d74797065223b4f3a34383a2244727570616c5c436f72655c537472696e675472616e736c6174696f6e5c5472616e736c617461626c654d61726b7570223a333a7b733a393a22002a00737472696e67223b733a31323a22636f6e74656e742074797065223b733a31323a22002a00617267756d656e7473223b613a303a7b7d733a31303a22002a006f7074696f6e73223b613a303a7b7d7d733a363a22256c6162656c223b733a383a22446f6e6174696f6e223b7d, 5, '', 'https://gbc.itrva.com/admin/structure/types/manage/donation/delete?destination=%2Fadmin%2Fstructure%2Ftypes', 'https://gbc.itrva.com/admin/structure/types/manage/donation/delete?destination=/admin/structure/types', '56.0.84.26', 1577719173),
(3558, 1, 'content', '@type: deleted %title.', 0x613a323a7b733a353a224074797065223b733a353a22646f6e6f72223b733a363a22257469746c65223b733a31313a22416c616e204d63436f6c6c223b7d, 5, '', 'https://gbc.itrva.com/node/5/delete?destination=%2Fadmin%2Fcontent', 'https://gbc.itrva.com/node/5/delete?destination=/admin/content', '56.0.84.26', 1577719193),
(3559, 1, 'node', 'The @entity-type %label has been deleted.', 0x613a323a7b733a31323a2240656e746974792d74797065223b4f3a34383a2244727570616c5c436f72655c537472696e675472616e736c6174696f6e5c5472616e736c617461626c654d61726b7570223a333a7b733a393a22002a00737472696e67223b733a31323a22636f6e74656e742074797065223b733a31323a22002a00617267756d656e7473223b613a303a7b7d733a31303a22002a006f7074696f6e73223b613a303a7b7d7d733a363a22256c6162656c223b733a353a22446f6e6f72223b7d, 5, '', 'https://gbc.itrva.com/admin/structure/types/manage/donor/delete?destination=%2Fadmin%2Fstructure%2Ftypes', 'https://gbc.itrva.com/admin/structure/types/manage/donor/delete?destination=/admin/structure/types', '56.0.84.26', 1577719213),
(3560, 0, 'cron', 'Starting execution of @module_cron().', 0x613a313a7b733a373a22406d6f64756c65223b733a31343a226261636b75705f6d696772617465223b7d, 5, '', 'https://gbc.itrva.com/', '', '96.228.25.191', 1577745225),
(3561, 0, 'cron', 'Starting execution of @module_cron(), execution of @module_previous_cron() took @time.', 0x613a333a7b733a373a22406d6f64756c65223b733a373a22636f6d6d656e74223b733a31363a22406d6f64756c655f70726576696f7573223b733a31343a226261636b75705f6d696772617465223b733a353a224074696d65223b733a353a22362e376d73223b7d, 5, '', 'https://gbc.itrva.com/', '', '96.228.25.191', 1577745225),
(3562, 0, 'cron', 'Starting execution of @module_cron(), execution of @module_previous_cron() took @time.', 0x613a333a7b733a373a22406d6f64756c65223b733a353a2264626c6f67223b733a31363a22406d6f64756c655f70726576696f7573223b733a373a22636f6d6d656e74223b733a353a224074696d65223b733a363a22332e31376d73223b7d, 5, '', 'https://gbc.itrva.com/', '', '96.228.25.191', 1577745225),
(3563, 0, 'cron', 'Starting execution of @module_cron(), execution of @module_previous_cron() took @time.', 0x613a333a7b733a373a22406d6f64756c65223b733a353a226669656c64223b733a31363a22406d6f64756c655f70726576696f7573223b733a353a2264626c6f67223b733a353a224074696d65223b733a353a22302e376d73223b7d, 5, '', 'https://gbc.itrva.com/', '', '96.228.25.191', 1577745225),
(3564, 0, 'cron', '%type: @message in %function (line %line of %file).', 0x[encoded data, 6530 characters], 3, '', 'https://gbc.itrva.com/', '', '96.228.25.191', 1577745225),
(3565, 0, 'cron', 'Starting execution of @module_cron(), execution of @module_previous_cron() took @time.', 0x613a333a7b733a373a22406d6f64756c65223b733a343a2266696c65223b733a31363a22406d6f64756c655f70726576696f7573223b733a353a226669656c64223b733a353a224074696d65223b733a363a22372e30326d73223b7d, 5, '', 'https://gbc.itrva.com/', '', '96.228.25.191', 1577745225),
(3566, 0, 'cron', 'Starting execution of @module_cron(), execution of @module_previous_cron() took @time.', 0x613a333a7b733a373a22406d6f64756c65223b733a373a22686973746f7279223b733a31363a22406d6f64756c655f70726576696f7573223b733a343a2266696c65223b733a353a224074696d65223b733a373a2232372e37346d73223b7d, 5, '', 'https://gbc.itrva.com/', '', '96.228.25.191', 1577745225),
(3567, 0, 'cron', 'Starting execution of @module_cron(), execution of @module_previous_cron() took @time.', 0x613a333a7b733a373a22406d6f64756c65223b733a31343a226c61796f75745f6275696c646572223b733a31363a22406d6f64756c655f70726576696f7573223b733a373a22686973746f7279223b733a353a224074696d65223b733a363a22302e38356d73223b7d, 5, '', 'https://gbc.itrva.com/', '', '96.228.25.191', 1577745225),
(3568, 0, 'cron', 'Starting execution of @module_cron(), execution of @module_previous_cron() took @time.', 0x613a333a7b733a373a22406d6f64756c65223b733a343a226e6f6465223b733a31363a22406d6f64756c655f70726576696f7573223b733a31343a226c61796f75745f6275696c646572223b733a353a224074696d65223b733a363a22302e35356d73223b7d, 5, '', 'https://gbc.itrva.com/', '', '96.228.25.191', 1577745225),
(3569, 0, 'cron', 'Starting execution of @module_cron(), execution of @module_previous_cron() took @time.', 0x613a333a7b733a373a22406d6f64756c65223b733a363a22736561726368223b733a31363a22406d6f64756c655f70726576696f7573223b733a343a226e6f6465223b733a353a224074696d65223b733a363a22332e37316d73223b7d, 5, '', 'https://gbc.itrva.com/', '', '96.228.25.191', 1577745225),
(3570, 0, 'cron', 'Starting execution of @module_cron(), execution of @module_previous_cron() took @time.', 0x613a333a7b733a373a22406d6f64756c65223b733a363a2273797374656d223b733a31363a22406d6f64756c655f70726576696f7573223b733a363a22736561726368223b733a353a224074696d65223b733a363a22322e34356d73223b7d, 5, '', 'https://gbc.itrva.com/', '', '96.228.25.191', 1577745226),
(3571, 0, 'cron', 'Starting execution of @module_cron(), execution of @module_previous_cron() took @time.', 0x613a333a7b733a373a22406d6f64756c65223b733a363a22757064617465223b733a31363a22406d6f64756c655f70726576696f7573223b733a363a2273797374656d223b733a353a224074696d65223b733a373a2232312e37366d73223b7d, 5, '', 'https://gbc.itrva.com/', '', '96.228.25.191', 1577745226),
(3572, 0, 'cron', 'Execution of @module_previous_cron() took @time.', 0x613a323a7b733a31363a22406d6f64756c655f70726576696f7573223b733a363a22757064617465223b733a353a224074696d65223b733a383a223132392e34346d73223b7d, 5, '', 'https://gbc.itrva.com/', '', '96.228.25.191', 1577745226),
(3573, 0, 'cron', 'Cron run completed.', 0x613a303a7b7d, 5, '', 'https://gbc.itrva.com/', '', '96.228.25.191', 1577745226),
(3574, 0, 'cron', 'Starting execution of @module_cron().', 0x613a313a7b733a373a22406d6f64756c65223b733a31343a226261636b75705f6d696772617465223b7d, 5, '', 'https://gbc.itrva.com/', '', '172.58.227.91', 1577797210),
(3575, 0, 'cron', 'Starting execution of @module_cron(), execution of @module_previous_cron() took @time.', 0x613a333a7b733a373a22406d6f64756c65223b733a373a22636f6d6d656e74223b733a31363a22406d6f64756c655f70726576696f7573223b733a31343a226261636b75705f6d696772617465223b733a353a224074696d65223b733a373a2236362e38346d73223b7d, 5, '', 'https://gbc.itrva.com/', '', '172.58.227.91', 1577797210),
(3576, 0, 'cron', 'Starting execution of @module_cron(), execution of @module_previous_cron() took @time.', 0x613a333a7b733a373a22406d6f64756c65223b733a353a2264626c6f67223b733a31363a22406d6f64756c655f70726576696f7573223b733a373a22636f6d6d656e74223b733a353a224074696d65223b733a363a22362e31316d73223b7d, 5, '', 'https://gbc.itrva.com/', '', '172.58.227.91', 1577797210),
(3577, 0, 'cron', 'Starting execution of @module_cron(), execution of @module_previous_cron() took @time.', 0x613a333a7b733a373a22406d6f64756c65223b733a353a226669656c64223b733a31363a22406d6f64756c655f70726576696f7573223b733a353a2264626c6f67223b733a353a224074696d65223b733a363a22302e37386d73223b7d, 5, '', 'https://gbc.itrva.com/', '', '172.58.227.91', 1577797210),
(3578, 0, 'cron', '%type: @message in %function (line %line of %file).', 0x[encoded data, 6530 characters], 3, '', 'https://gbc.itrva.com/', '', '172.58.227.91', 1577797210),
(3579, 0, 'cron', 'Starting execution of @module_cron(), execution of @module_previous_cron() took @time.', 0x613a333a7b733a373a22406d6f64756c65223b733a343a2266696c65223b733a31363a22406d6f64756c655f70726576696f7573223b733a353a226669656c64223b733a353a224074696d65223b733a363a22382e38346d73223b7d, 5, '', 'https://gbc.itrva.com/', '', '172.58.227.91', 1577797210),
(3580, 0, 'cron', 'Starting execution of @module_cron(), execution of @module_previous_cron() took @time.', 0x613a333a7b733a373a22406d6f64756c65223b733a373a22686973746f7279223b733a31363a22406d6f64756c655f70726576696f7573223b733a343a2266696c65223b733a353a224074696d65223b733a363a22302e39386d73223b7d, 5, '', 'https://gbc.itrva.com/', '', '172.58.227.91', 1577797210),
(3581, 0, 'cron', 'Starting execution of @module_cron(), execution of @module_previous_cron() took @time.', 0x613a333a7b733a373a22406d6f64756c65223b733a31343a226c61796f75745f6275696c646572223b733a31363a22406d6f64756c655f70726576696f7573223b733a373a22686973746f7279223b733a353a224074696d65223b733a363a22312e30366d73223b7d, 5, '', 'https://gbc.itrva.com/', '', '172.58.227.91', 1577797210),
(3582, 0, 'cron', 'Starting execution of @module_cron(), execution of @module_previous_cron() took @time.', 0x613a333a7b733a373a22406d6f64756c65223b733a343a226e6f6465223b733a31363a22406d6f64756c655f70726576696f7573223b733a31343a226c61796f75745f6275696c646572223b733a353a224074696d65223b733a353a22342e376d73223b7d, 5, '', 'https://gbc.itrva.com/', '', '172.58.227.91', 1577797210),
(3583, 0, 'cron', 'Starting execution of @module_cron(), execution of @module_previous_cron() took @time.', 0x613a333a7b733a373a22406d6f64756c65223b733a363a22736561726368223b733a31363a22406d6f64756c655f70726576696f7573223b733a343a226e6f6465223b733a353a224074696d65223b733a363a22392e34356d73223b7d, 5, '', 'https://gbc.itrva.com/', '', '172.58.227.91', 1577797210),
(3584, 0, 'cron', 'Starting execution of @module_cron(), execution of @module_previous_cron() took @time.', 0x613a333a7b733a373a22406d6f64756c65223b733a363a2273797374656d223b733a31363a22406d6f64756c655f70726576696f7573223b733a363a22736561726368223b733a353a224074696d65223b733a373a2233372e33386d73223b7d, 5, '', 'https://gbc.itrva.com/', '', '172.58.227.91', 1577797210),
(3585, 0, 'cron', 'Starting execution of @module_cron(), execution of @module_previous_cron() took @time.', 0x613a333a7b733a373a22406d6f64756c65223b733a363a22757064617465223b733a31363a22406d6f64756c655f70726576696f7573223b733a363a2273797374656d223b733a353a224074696d65223b733a373a2233352e37376d73223b7d, 5, '', 'https://gbc.itrva.com/', '', '172.58.227.91', 1577797210),
(3586, 0, 'cron', 'Execution of @module_previous_cron() took @time.', 0x613a323a7b733a31363a22406d6f64756c655f70726576696f7573223b733a363a22757064617465223b733a353a224074696d65223b733a393a22313130302e35386d73223b7d, 5, '', 'https://gbc.itrva.com/', '', '172.58.227.91', 1577797211),
(3587, 0, 'cron', 'Cron run completed.', 0x613a303a7b7d, 5, '', 'https://gbc.itrva.com/', '', '172.58.227.91', 1577797211),
(3588, 0, 'cron', 'Starting execution of @module_cron().', 0x613a313a7b733a373a22406d6f64756c65223b733a31343a226261636b75705f6d696772617465223b7d, 5, '', 'https://gbc.itrva.com/', '', '18.217.223.118', 1577813358),
(3589, 0, 'cron', 'Starting execution of @module_cron(), execution of @module_previous_cron() took @time.', 0x613a333a7b733a373a22406d6f64756c65223b733a373a22636f6d6d656e74223b733a31363a22406d6f64756c655f70726576696f7573223b733a31343a226261636b75705f6d696772617465223b733a353a224074696d65223b733a373a2236312e33396d73223b7d, 5, '', 'https://gbc.itrva.com/', '', '18.217.223.118', 1577813358),
(3590, 0, 'cron', 'Starting execution of @module_cron(), execution of @module_previous_cron() took @time.', 0x613a333a7b733a373a22406d6f64756c65223b733a353a2264626c6f67223b733a31363a22406d6f64756c655f70726576696f7573223b733a373a22636f6d6d656e74223b733a353a224074696d65223b733a373a2231322e32396d73223b7d, 5, '', 'https://gbc.itrva.com/', '', '18.217.223.118', 1577813358),
(3591, 0, 'cron', 'Starting execution of @module_cron(), execution of @module_previous_cron() took @time.', 0x613a333a7b733a373a22406d6f64756c65223b733a353a226669656c64223b733a31363a22406d6f64756c655f70726576696f7573223b733a353a2264626c6f67223b733a353a224074696d65223b733a363a22302e37316d73223b7d, 5, '', 'https://gbc.itrva.com/', '', '18.217.223.118', 1577813358);
INSERT INTO `watchdog` (`wid`, `uid`, `type`, `message`, `variables`, `severity`, `link`, `location`, `referer`, `hostname`, `timestamp`) VALUES
(3592, 0, 'cron', '%type: @message in %function (line %line of %file).', 0x[encoded data, 6530 characters], 3, '', 'https://gbc.itrva.com/', '', '18.217.223.118', 1577813358),
(3593, 0, 'cron', 'Starting execution of @module_cron(), execution of @module_previous_cron() took @time.', 0x613a333a7b733a373a22406d6f64756c65223b733a343a2266696c65223b733a31363a22406d6f64756c655f70726576696f7573223b733a353a226669656c64223b733a353a224074696d65223b733a363a22362e31336d73223b7d, 5, '', 'https://gbc.itrva.com/', '', '18.217.223.118', 1577813358),
(3594, 0, 'cron', 'Starting execution of @module_cron(), execution of @module_previous_cron() took @time.', 0x613a333a7b733a373a22406d6f64756c65223b733a373a22686973746f7279223b733a31363a22406d6f64756c655f70726576696f7573223b733a343a2266696c65223b733a353a224074696d65223b733a363a22312e33396d73223b7d, 5, '', 'https://gbc.itrva.com/', '', '18.217.223.118', 1577813358),
(3595, 0, 'cron', 'Starting execution of @module_cron(), execution of @module_previous_cron() took @time.', 0x613a333a7b733a373a22406d6f64756c65223b733a31343a226c61796f75745f6275696c646572223b733a31363a22406d6f64756c655f70726576696f7573223b733a373a22686973746f7279223b733a353a224074696d65223b733a363a22332e34336d73223b7d, 5, '', 'https://gbc.itrva.com/', '', '18.217.223.118', 1577813358),
(3596, 0, 'cron', 'Starting execution of @module_cron(), execution of @module_previous_cron() took @time.', 0x613a333a7b733a373a22406d6f64756c65223b733a343a226e6f6465223b733a31363a22406d6f64756c655f70726576696f7573223b733a31343a226c61796f75745f6275696c646572223b733a353a224074696d65223b733a363a22342e36376d73223b7d, 5, '', 'https://gbc.itrva.com/', '', '18.217.223.118', 1577813358),
(3597, 0, 'cron', 'Starting execution of @module_cron(), execution of @module_previous_cron() took @time.', 0x613a333a7b733a373a22406d6f64756c65223b733a363a22736561726368223b733a31363a22406d6f64756c655f70726576696f7573223b733a343a226e6f6465223b733a353a224074696d65223b733a363a22392e36326d73223b7d, 5, '', 'https://gbc.itrva.com/', '', '18.217.223.118', 1577813358),
(3598, 0, 'cron', 'Starting execution of @module_cron(), execution of @module_previous_cron() took @time.', 0x613a333a7b733a373a22406d6f64756c65223b733a363a2273797374656d223b733a31363a22406d6f64756c655f70726576696f7573223b733a363a22736561726368223b733a353a224074696d65223b733a373a2232382e34396d73223b7d, 5, '', 'https://gbc.itrva.com/', '', '18.217.223.118', 1577813358),
(3599, 0, 'cron', 'Starting execution of @module_cron(), execution of @module_previous_cron() took @time.', 0x613a333a7b733a373a22406d6f64756c65223b733a363a22757064617465223b733a31363a22406d6f64756c655f70726576696f7573223b733a363a2273797374656d223b733a353a224074696d65223b733a373a2235302e39366d73223b7d, 5, '', 'https://gbc.itrva.com/', '', '18.217.223.118', 1577813359),
(3600, 0, 'cron', 'Attempting to re-run cron while it is already running.', 0x613a303a7b7d, 4, '', 'https://gbc.itrva.com/', '', '56.0.84.26', 1577813359),
(3601, 0, 'cron', 'Execution of @module_previous_cron() took @time.', 0x613a323a7b733a31363a22406d6f64756c655f70726576696f7573223b733a363a22757064617465223b733a353a224074696d65223b733a383a223635382e38356d73223b7d, 5, '', 'https://gbc.itrva.com/', '', '18.217.223.118', 1577813359),
(3602, 0, 'cron', 'Cron run completed.', 0x613a303a7b7d, 5, '', 'https://gbc.itrva.com/', '', '18.217.223.118', 1577813359),
(3603, 1, 'system', '%module module installed.', 0x613a313a7b733a373a22256d6f64756c65223b733a32343a2264796e616d69635f656e746974795f7265666572656e6365223b7d, 6, '', 'https://gbc.itrva.com/admin/modules/list/confirm', 'https://gbc.itrva.com/admin/modules/list/confirm', '56.0.84.26', 1577816017),
(3604, 1, 'system', '%module module installed.', 0x613a313a7b733a373a22256d6f64756c65223b733a31313a227472616e73616374696f6e223b7d, 6, '', 'https://gbc.itrva.com/admin/modules/list/confirm', 'https://gbc.itrva.com/admin/modules/list/confirm', '56.0.84.26', 1577816018),
(3605, 1, 'system', '%module module installed.', 0x613a313a7b733a373a22256d6f64756c65223b733a31383a22696e6c696e655f656e746974795f666f726d223b7d, 6, '', 'https://gbc.itrva.com/admin/modules/list/confirm', 'https://gbc.itrva.com/admin/modules/list/confirm', '56.0.84.26', 1577816169),
(3606, 1, 'system', '%module module installed.', 0x613a313a7b733a373a22256d6f64756c65223b733a31353a227472616e73616374696f6e5f696566223b7d, 6, '', 'https://gbc.itrva.com/admin/modules/list/confirm', 'https://gbc.itrva.com/admin/modules/list/confirm', '56.0.84.26', 1577816170),
(3607, 1, 'node', 'Added content type %name.', 0x613a313a7b733a353a22256e616d65223b733a353a22446f6e6f72223b7d, 5, '<a href=\"/admin/structure/types\">View</a>', 'https://gbc.itrva.com/admin/structure/types/add', 'https://gbc.itrva.com/admin/structure/types/add', '56.0.84.26', 1577816304),
(3608, 1, 'content', '@type: added %title.', 0x613a323a7b733a353a224074797065223b733a353a22646f6e6f72223b733a363a22257469746c65223b733a31313a22416c616e204d63436f6c6c223b7d, 5, '<a href=\"/node/5\" hreflang=\"en\">View</a>', 'https://gbc.itrva.com/node/add/donor', 'https://gbc.itrva.com/node/add/donor', '56.0.84.26', 1577816503),
(3609, 1, 'transaction', 'New transaction type %label with transactor @transactor and target entity type @target has been added.', 0x613a333a7b733a363a22256c6162656c223b733a383a22446f6e6174696f6e223b733a31313a22407472616e736163746f72223b733a31393a227472616e73616374696f6e5f62616c616e6365223b733a373a2240746172676574223b733a343a226e6f6465223b7d, 5, '<a href=\"/admin/config/workflow/transaction/edit/donation\">Edit</a>', 'https://gbc.itrva.com/admin/config/workflow/transaction/add/node/transaction_balance', 'https://gbc.itrva.com/admin/config/workflow/transaction/add/node/transaction_balance', '56.0.84.26', 1577816738),
(3610, 1, 'transaction', 'Transaction operation %label has been added.', 0x613a313a7b733a363a22256c6162656c223b733a363a22446f6e617465223b7d, 5, '<a href=\"/admin/config/workflow/transaction/edit/donation/operation/edit/donate\">Edit</a>', 'https://gbc.itrva.com/admin/config/workflow/transaction/edit/donation/operation/add', 'https://gbc.itrva.com/admin/config/workflow/transaction/edit/donation/operation/add', '56.0.84.26', 1577816841),
(3611, 1, 'transaction', 'Transaction type %label has been updated.', 0x613a333a7b733a363a22256c6162656c223b733a383a22446f6e6174696f6e223b733a31313a22407472616e736163746f72223b733a31393a227472616e73616374696f6e5f62616c616e6365223b733a373a2240746172676574223b733a343a226e6f6465223b7d, 5, '<a href=\"/admin/config/workflow/transaction/edit/donation\">Edit</a>', 'https://gbc.itrva.com/admin/config/workflow/transaction/edit/donation?destination=%2Fadmin%2Fconfig%2Fworkflow%2Ftransaction', 'https://gbc.itrva.com/admin/config/workflow/transaction/edit/donation?destination=/admin/config/workflow/transaction', '56.0.84.26', 1577817000),
(3612, 1, 'transaction', 'New transaction type %label with transactor @transactor and target entity type @target has been added.', 0x613a333a7b733a363a22256c6162656c223b733a383a22446f6e6174696f6e223b733a31313a22407472616e736163746f72223b733a31393a227472616e73616374696f6e5f67656e65726963223b733a373a2240746172676574223b733a343a226e6f6465223b7d, 5, '<a href=\"/admin/config/workflow/transaction/edit/donation\">Edit</a>', 'https://gbc.itrva.com/admin/config/workflow/transaction/add/node/transaction_generic', 'https://gbc.itrva.com/admin/config/workflow/transaction/add/node/transaction_generic', '56.0.84.26', 1577817597),
(3613, 1, 'transaction', 'Transaction type %label has been updated.', 0x613a333a7b733a363a22256c6162656c223b733a383a22446f6e6174696f6e223b733a31313a22407472616e736163746f72223b733a31393a227472616e73616374696f6e5f67656e65726963223b733a373a2240746172676574223b733a343a226e6f6465223b7d, 5, '<a href=\"/admin/config/workflow/transaction/edit/donation\">Edit</a>', 'https://gbc.itrva.com/admin/config/workflow/transaction/edit/donation?destination=%2Fadmin%2Fconfig%2Fworkflow%2Ftransaction', 'https://gbc.itrva.com/admin/config/workflow/transaction/edit/donation?destination=/admin/config/workflow/transaction', '56.0.84.26', 1577817898),
(3614, 1, 'content', '@type: deleted %title.', 0x613a323a7b733a353a224074797065223b733a353a22646f6e6f72223b733a363a22257469746c65223b733a31313a22416c616e204d63436f6c6c223b7d, 5, '', 'https://gbc.itrva.com/node/5/delete?destination=%2Fadmin%2Fcontent', 'https://gbc.itrva.com/node/5/delete?destination=/admin/content', '56.0.84.26', 1577817959),
(3615, 1, 'content', '@type: added %title.', 0x613a323a7b733a353a224074797065223b733a353a22646f6e6f72223b733a363a22257469746c65223b733a31313a22416c616e204d63436f6c6c223b7d, 5, '<a href=\"/node/6\" hreflang=\"en\">View</a>', 'https://gbc.itrva.com/node/add/donor', 'https://gbc.itrva.com/node/add/donor', '56.0.84.26', 1577817991),
(3616, 1, 'transaction', 'Transaction operation %label has been added.', 0x613a313a7b733a363a22256c6162656c223b733a343a2247697665223b7d, 5, '<a href=\"/admin/config/workflow/transaction/edit/donation/operation/edit/give\">Edit</a>', 'https://gbc.itrva.com/admin/config/workflow/transaction/edit/donation/operation/add', 'https://gbc.itrva.com/admin/config/workflow/transaction/edit/donation/operation/add', '56.0.84.26', 1577821563),
(3617, 0, 'page not found', '@uri', 0x613a313a7b733a343a2240757269223b733a31333a222f77702d6c6f67696e2e706870223b7d, 4, '', 'https://gbc.itrva.com/wp-login.php', 'http://gbc.itrva.com/wp-login.php', '139.59.17.116', 1577861026),
(3618, 0, 'cron', 'Starting execution of @module_cron().', 0x613a313a7b733a373a22406d6f64756c65223b733a31343a226261636b75705f6d696772617465223b7d, 5, '', 'https://gbc.itrva.com/wp-login.php', 'http://gbc.itrva.com/wp-login.php', '139.59.17.116', 1577861026),
(3619, 0, 'cron', 'Starting execution of @module_cron(), execution of @module_previous_cron() took @time.', 0x613a333a7b733a373a22406d6f64756c65223b733a373a22636f6d6d656e74223b733a31363a22406d6f64756c655f70726576696f7573223b733a31343a226261636b75705f6d696772617465223b733a353a224074696d65223b733a373a2235352e33356d73223b7d, 5, '', 'https://gbc.itrva.com/wp-login.php', 'http://gbc.itrva.com/wp-login.php', '139.59.17.116', 1577861026),
(3620, 0, 'cron', 'Starting execution of @module_cron(), execution of @module_previous_cron() took @time.', 0x613a333a7b733a373a22406d6f64756c65223b733a353a2264626c6f67223b733a31363a22406d6f64756c655f70726576696f7573223b733a373a22636f6d6d656e74223b733a353a224074696d65223b733a363a22342e33396d73223b7d, 5, '', 'https://gbc.itrva.com/wp-login.php', 'http://gbc.itrva.com/wp-login.php', '139.59.17.116', 1577861026),
(3621, 0, 'cron', 'Starting execution of @module_cron(), execution of @module_previous_cron() took @time.', 0x613a333a7b733a373a22406d6f64756c65223b733a353a226669656c64223b733a31363a22406d6f64756c655f70726576696f7573223b733a353a2264626c6f67223b733a353a224074696d65223b733a363a22312e30346d73223b7d, 5, '', 'https://gbc.itrva.com/wp-login.php', 'http://gbc.itrva.com/wp-login.php', '139.59.17.116', 1577861026),
(3622, 0, 'cron', 'Starting execution of @module_cron(), execution of @module_previous_cron() took @time.', 0x613a333a7b733a373a22406d6f64756c65223b733a343a2266696c65223b733a31363a22406d6f64756c655f70726576696f7573223b733a353a226669656c64223b733a353a224074696d65223b733a363a22302e38326d73223b7d, 5, '', 'https://gbc.itrva.com/wp-login.php', 'http://gbc.itrva.com/wp-login.php', '139.59.17.116', 1577861026),
(3623, 0, 'cron', 'Starting execution of @module_cron(), execution of @module_previous_cron() took @time.', 0x613a333a7b733a373a22406d6f64756c65223b733a373a22686973746f7279223b733a31363a22406d6f64756c655f70726576696f7573223b733a343a2266696c65223b733a353a224074696d65223b733a363a22332e33336d73223b7d, 5, '', 'https://gbc.itrva.com/wp-login.php', 'http://gbc.itrva.com/wp-login.php', '139.59.17.116', 1577861026),
(3624, 0, 'cron', 'Starting execution of @module_cron(), execution of @module_previous_cron() took @time.', 0x613a333a7b733a373a22406d6f64756c65223b733a31343a226c61796f75745f6275696c646572223b733a31363a22406d6f64756c655f70726576696f7573223b733a373a22686973746f7279223b733a353a224074696d65223b733a363a22302e33346d73223b7d, 5, '', 'https://gbc.itrva.com/wp-login.php', 'http://gbc.itrva.com/wp-login.php', '139.59.17.116', 1577861026),
(3625, 0, 'cron', 'Starting execution of @module_cron(), execution of @module_previous_cron() took @time.', 0x613a333a7b733a373a22406d6f64756c65223b733a343a226e6f6465223b733a31363a22406d6f64756c655f70726576696f7573223b733a31343a226c61796f75745f6275696c646572223b733a353a224074696d65223b733a363a22302e36376d73223b7d, 5, '', 'https://gbc.itrva.com/wp-login.php', 'http://gbc.itrva.com/wp-login.php', '139.59.17.116', 1577861026),
(3626, 0, 'cron', 'Starting execution of @module_cron(), execution of @module_previous_cron() took @time.', 0x613a333a7b733a373a22406d6f64756c65223b733a363a22736561726368223b733a31363a22406d6f64756c655f70726576696f7573223b733a343a226e6f6465223b733a353a224074696d65223b733a353a22352e326d73223b7d, 5, '', 'https://gbc.itrva.com/wp-login.php', 'http://gbc.itrva.com/wp-login.php', '139.59.17.116', 1577861026),
(3627, 0, 'cron', 'Starting execution of @module_cron(), execution of @module_previous_cron() took @time.', 0x613a333a7b733a373a22406d6f64756c65223b733a363a2273797374656d223b733a31363a22406d6f64756c655f70726576696f7573223b733a363a22736561726368223b733a353a224074696d65223b733a373a2234322e33366d73223b7d, 5, '', 'https://gbc.itrva.com/wp-login.php', 'http://gbc.itrva.com/wp-login.php', '139.59.17.116', 1577861026),
(3628, 0, 'cron', 'Starting execution of @module_cron(), execution of @module_previous_cron() took @time.', 0x613a333a7b733a373a22406d6f64756c65223b733a363a22757064617465223b733a31363a22406d6f64756c655f70726576696f7573223b733a363a2273797374656d223b733a353a224074696d65223b733a373a2232312e38336d73223b7d, 5, '', 'https://gbc.itrva.com/wp-login.php', 'http://gbc.itrva.com/wp-login.php', '139.59.17.116', 1577861026),
(3629, 0, 'cron', 'Execution of @module_previous_cron() took @time.', 0x613a323a7b733a31363a22406d6f64756c655f70726576696f7573223b733a363a22757064617465223b733a353a224074696d65223b733a393a22313239312e32396d73223b7d, 5, '', 'https://gbc.itrva.com/wp-login.php', 'http://gbc.itrva.com/wp-login.php', '139.59.17.116', 1577861028),
(3630, 0, 'cron', 'Cron run completed.', 0x613a303a7b7d, 5, '', 'https://gbc.itrva.com/wp-login.php', 'http://gbc.itrva.com/wp-login.php', '139.59.17.116', 1577861028),
(3631, 0, 'cron', 'Starting execution of @module_cron().', 0x613a313a7b733a373a22406d6f64756c65223b733a31343a226261636b75705f6d696772617465223b7d, 5, '', 'https://gbc.itrva.com/', '', '96.228.25.191', 1577880253),
(3632, 0, 'cron', 'Starting execution of @module_cron(), execution of @module_previous_cron() took @time.', 0x613a333a7b733a373a22406d6f64756c65223b733a373a22636f6d6d656e74223b733a31363a22406d6f64756c655f70726576696f7573223b733a31343a226261636b75705f6d696772617465223b733a353a224074696d65223b733a373a2232342e35396d73223b7d, 5, '', 'https://gbc.itrva.com/', '', '96.228.25.191', 1577880253),
(3633, 0, 'cron', 'Starting execution of @module_cron(), execution of @module_previous_cron() took @time.', 0x613a333a7b733a373a22406d6f64756c65223b733a353a2264626c6f67223b733a31363a22406d6f64756c655f70726576696f7573223b733a373a22636f6d6d656e74223b733a353a224074696d65223b733a363a22332e32346d73223b7d, 5, '', 'https://gbc.itrva.com/', '', '96.228.25.191', 1577880253),
(3634, 0, 'cron', 'Starting execution of @module_cron(), execution of @module_previous_cron() took @time.', 0x613a333a7b733a373a22406d6f64756c65223b733a353a226669656c64223b733a31363a22406d6f64756c655f70726576696f7573223b733a353a2264626c6f67223b733a353a224074696d65223b733a363a22302e36326d73223b7d, 5, '', 'https://gbc.itrva.com/', '', '96.228.25.191', 1577880253),
(3635, 0, 'cron', 'Starting execution of @module_cron(), execution of @module_previous_cron() took @time.', 0x613a333a7b733a373a22406d6f64756c65223b733a343a2266696c65223b733a31363a22406d6f64756c655f70726576696f7573223b733a353a226669656c64223b733a353a224074696d65223b733a363a22302e36346d73223b7d, 5, '', 'https://gbc.itrva.com/', '', '96.228.25.191', 1577880253),
(3636, 0, 'cron', 'Starting execution of @module_cron(), execution of @module_previous_cron() took @time.', 0x613a333a7b733a373a22406d6f64756c65223b733a373a22686973746f7279223b733a31363a22406d6f64756c655f70726576696f7573223b733a343a2266696c65223b733a353a224074696d65223b733a363a22302e36396d73223b7d, 5, '', 'https://gbc.itrva.com/', '', '96.228.25.191', 1577880253),
(3637, 0, 'cron', 'Starting execution of @module_cron(), execution of @module_previous_cron() took @time.', 0x613a333a7b733a373a22406d6f64756c65223b733a31343a226c61796f75745f6275696c646572223b733a31363a22406d6f64756c655f70726576696f7573223b733a373a22686973746f7279223b733a353a224074696d65223b733a363a22302e35316d73223b7d, 5, '', 'https://gbc.itrva.com/', '', '96.228.25.191', 1577880253),
(3638, 0, 'cron', 'Starting execution of @module_cron(), execution of @module_previous_cron() took @time.', 0x613a333a7b733a373a22406d6f64756c65223b733a343a226e6f6465223b733a31363a22406d6f64756c655f70726576696f7573223b733a31343a226c61796f75745f6275696c646572223b733a353a224074696d65223b733a363a22332e39326d73223b7d, 5, '', 'https://gbc.itrva.com/', '', '96.228.25.191', 1577880253),
(3639, 0, 'cron', 'Starting execution of @module_cron(), execution of @module_previous_cron() took @time.', 0x613a333a7b733a373a22406d6f64756c65223b733a363a22736561726368223b733a31363a22406d6f64756c655f70726576696f7573223b733a343a226e6f6465223b733a353a224074696d65223b733a363a22372e32326d73223b7d, 5, '', 'https://gbc.itrva.com/', '', '96.228.25.191', 1577880253),
(3640, 0, 'cron', 'Starting execution of @module_cron(), execution of @module_previous_cron() took @time.', 0x613a333a7b733a373a22406d6f64756c65223b733a363a2273797374656d223b733a31363a22406d6f64756c655f70726576696f7573223b733a363a22736561726368223b733a353a224074696d65223b733a363a22322e38336d73223b7d, 5, '', 'https://gbc.itrva.com/', '', '96.228.25.191', 1577880253),
(3641, 0, 'cron', 'Starting execution of @module_cron(), execution of @module_previous_cron() took @time.', 0x613a333a7b733a373a22406d6f64756c65223b733a363a22757064617465223b733a31363a22406d6f64756c655f70726576696f7573223b733a363a2273797374656d223b733a353a224074696d65223b733a373a2232352e39366d73223b7d, 5, '', 'https://gbc.itrva.com/', '', '96.228.25.191', 1577880253),
(3642, 0, 'cron', 'Execution of @module_previous_cron() took @time.', 0x613a323a7b733a31363a22406d6f64756c655f70726576696f7573223b733a363a22757064617465223b733a353a224074696d65223b733a383a223136322e36356d73223b7d, 5, '', 'https://gbc.itrva.com/', '', '96.228.25.191', 1577880253),
(3643, 0, 'cron', 'Cron run completed.', 0x613a303a7b7d, 5, '', 'https://gbc.itrva.com/', '', '96.228.25.191', 1577880253),
(3644, 0, 'cron', 'Starting execution of @module_cron().', 0x613a313a7b733a373a22406d6f64756c65223b733a31343a226261636b75705f6d696772617465223b7d, 5, '', 'https://gbc.itrva.com/', '', '96.228.25.191', 1577898493),
(3645, 0, 'cron', 'Starting execution of @module_cron(), execution of @module_previous_cron() took @time.', 0x613a333a7b733a373a22406d6f64756c65223b733a373a22636f6d6d656e74223b733a31363a22406d6f64756c655f70726576696f7573223b733a31343a226261636b75705f6d696772617465223b733a353a224074696d65223b733a373a2236382e39356d73223b7d, 5, '', 'https://gbc.itrva.com/', '', '96.228.25.191', 1577898494),
(3646, 0, 'cron', 'Starting execution of @module_cron(), execution of @module_previous_cron() took @time.', 0x613a333a7b733a373a22406d6f64756c65223b733a353a2264626c6f67223b733a31363a22406d6f64756c655f70726576696f7573223b733a373a22636f6d6d656e74223b733a353a224074696d65223b733a363a22352e38326d73223b7d, 5, '', 'https://gbc.itrva.com/', '', '96.228.25.191', 1577898494),
(3647, 0, 'cron', 'Starting execution of @module_cron(), execution of @module_previous_cron() took @time.', 0x613a333a7b733a373a22406d6f64756c65223b733a353a226669656c64223b733a31363a22406d6f64756c655f70726576696f7573223b733a353a2264626c6f67223b733a353a224074696d65223b733a333a22336d73223b7d, 5, '', 'https://gbc.itrva.com/', '', '96.228.25.191', 1577898494),
(3648, 0, 'cron', 'Starting execution of @module_cron(), execution of @module_previous_cron() took @time.', 0x613a333a7b733a373a22406d6f64756c65223b733a343a2266696c65223b733a31363a22406d6f64756c655f70726576696f7573223b733a353a226669656c64223b733a353a224074696d65223b733a363a22372e31326d73223b7d, 5, '', 'https://gbc.itrva.com/', '', '96.228.25.191', 1577898494),
(3649, 0, 'cron', 'Starting execution of @module_cron(), execution of @module_previous_cron() took @time.', 0x613a333a7b733a373a22406d6f64756c65223b733a373a22686973746f7279223b733a31363a22406d6f64756c655f70726576696f7573223b733a343a2266696c65223b733a353a224074696d65223b733a363a22312e35316d73223b7d, 5, '', 'https://gbc.itrva.com/', '', '96.228.25.191', 1577898494),
(3650, 0, 'cron', 'Starting execution of @module_cron(), execution of @module_previous_cron() took @time.', 0x613a333a7b733a373a22406d6f64756c65223b733a31343a226c61796f75745f6275696c646572223b733a31363a22406d6f64756c655f70726576696f7573223b733a373a22686973746f7279223b733a353a224074696d65223b733a363a22322e32326d73223b7d, 5, '', 'https://gbc.itrva.com/', '', '96.228.25.191', 1577898494),
(3651, 0, 'cron', 'Starting execution of @module_cron(), execution of @module_previous_cron() took @time.', 0x613a333a7b733a373a22406d6f64756c65223b733a343a226e6f6465223b733a31363a22406d6f64756c655f70726576696f7573223b733a31343a226c61796f75745f6275696c646572223b733a353a224074696d65223b733a363a22392e32356d73223b7d, 5, '', 'https://gbc.itrva.com/', '', '96.228.25.191', 1577898494),
(3652, 0, 'cron', 'Starting execution of @module_cron(), execution of @module_previous_cron() took @time.', 0x613a333a7b733a373a22406d6f64756c65223b733a363a22736561726368223b733a31363a22406d6f64756c655f70726576696f7573223b733a343a226e6f6465223b733a353a224074696d65223b733a373a2231332e36386d73223b7d, 5, '', 'https://gbc.itrva.com/', '', '96.228.25.191', 1577898494),
(3653, 0, 'cron', 'Starting execution of @module_cron(), execution of @module_previous_cron() took @time.', 0x613a333a7b733a373a22406d6f64756c65223b733a363a2273797374656d223b733a31363a22406d6f64756c655f70726576696f7573223b733a363a22736561726368223b733a353a224074696d65223b733a373a2231392e35316d73223b7d, 5, '', 'https://gbc.itrva.com/', '', '96.228.25.191', 1577898494),
(3654, 0, 'cron', 'Starting execution of @module_cron(), execution of @module_previous_cron() took @time.', 0x613a333a7b733a373a22406d6f64756c65223b733a363a22757064617465223b733a31363a22406d6f64756c655f70726576696f7573223b733a363a2273797374656d223b733a353a224074696d65223b733a373a2234392e37386d73223b7d, 5, '', 'https://gbc.itrva.com/', '', '96.228.25.191', 1577898494),
(3655, 0, 'cron', 'Execution of @module_previous_cron() took @time.', 0x613a323a7b733a31363a22406d6f64756c655f70726576696f7573223b733a363a22757064617465223b733a353a224074696d65223b733a383a223333332e35316d73223b7d, 5, '', 'https://gbc.itrva.com/', '', '96.228.25.191', 1577898494),
(3656, 0, 'cron', 'Cron run completed.', 0x613a303a7b7d, 5, '', 'https://gbc.itrva.com/', '', '96.228.25.191', 1577898494),
(3657, 0, 'cron', 'Starting execution of @module_cron().', 0x613a313a7b733a373a22406d6f64756c65223b733a31343a226261636b75705f6d696772617465223b7d, 5, '', 'https://gbc.itrva.com/', '', '96.228.25.191', 1577962389),
(3658, 0, 'cron', 'Starting execution of @module_cron(), execution of @module_previous_cron() took @time.', 0x613a333a7b733a373a22406d6f64756c65223b733a373a22636f6d6d656e74223b733a31363a22406d6f64756c655f70726576696f7573223b733a31343a226261636b75705f6d696772617465223b733a353a224074696d65223b733a383a223130322e32346d73223b7d, 5, '', 'https://gbc.itrva.com/', '', '96.228.25.191', 1577962389),
(3659, 0, 'cron', 'Starting execution of @module_cron(), execution of @module_previous_cron() took @time.', 0x613a333a7b733a373a22406d6f64756c65223b733a353a2264626c6f67223b733a31363a22406d6f64756c655f70726576696f7573223b733a373a22636f6d6d656e74223b733a353a224074696d65223b733a373a2231332e38366d73223b7d, 5, '', 'https://gbc.itrva.com/', '', '96.228.25.191', 1577962389),
(3660, 0, 'cron', 'Starting execution of @module_cron(), execution of @module_previous_cron() took @time.', 0x613a333a7b733a373a22406d6f64756c65223b733a353a226669656c64223b733a31363a22406d6f64756c655f70726576696f7573223b733a353a2264626c6f67223b733a353a224074696d65223b733a363a22312e32336d73223b7d, 5, '', 'https://gbc.itrva.com/', '', '96.228.25.191', 1577962389),
(3661, 0, 'cron', 'Starting execution of @module_cron(), execution of @module_previous_cron() took @time.', 0x613a333a7b733a373a22406d6f64756c65223b733a343a2266696c65223b733a31363a22406d6f64756c655f70726576696f7573223b733a353a226669656c64223b733a353a224074696d65223b733a353a22322e346d73223b7d, 5, '', 'https://gbc.itrva.com/', '', '96.228.25.191', 1577962389),
(3662, 0, 'cron', 'Starting execution of @module_cron(), execution of @module_previous_cron() took @time.', 0x613a333a7b733a373a22406d6f64756c65223b733a373a22686973746f7279223b733a31363a22406d6f64756c655f70726576696f7573223b733a343a2266696c65223b733a353a224074696d65223b733a363a22352e36356d73223b7d, 5, '', 'https://gbc.itrva.com/', '', '96.228.25.191', 1577962389),
(3663, 0, 'cron', 'Starting execution of @module_cron(), execution of @module_previous_cron() took @time.', 0x613a333a7b733a373a22406d6f64756c65223b733a31343a226c61796f75745f6275696c646572223b733a31363a22406d6f64756c655f70726576696f7573223b733a373a22686973746f7279223b733a353a224074696d65223b733a333a22316d73223b7d, 5, '', 'https://gbc.itrva.com/', '', '96.228.25.191', 1577962389),
(3664, 0, 'cron', 'Starting execution of @module_cron(), execution of @module_previous_cron() took @time.', 0x613a333a7b733a373a22406d6f64756c65223b733a343a226e6f6465223b733a31363a22406d6f64756c655f70726576696f7573223b733a31343a226c61796f75745f6275696c646572223b733a353a224074696d65223b733a353a22352e386d73223b7d, 5, '', 'https://gbc.itrva.com/', '', '96.228.25.191', 1577962389),
(3665, 0, 'cron', 'Starting execution of @module_cron(), execution of @module_previous_cron() took @time.', 0x613a333a7b733a373a22406d6f64756c65223b733a363a22736561726368223b733a31363a22406d6f64756c655f70726576696f7573223b733a343a226e6f6465223b733a353a224074696d65223b733a363a22372e33346d73223b7d, 5, '', 'https://gbc.itrva.com/', '', '96.228.25.191', 1577962389),
(3666, 0, 'cron', 'Starting execution of @module_cron(), execution of @module_previous_cron() took @time.', 0x613a333a7b733a373a22406d6f64756c65223b733a363a2273797374656d223b733a31363a22406d6f64756c655f70726576696f7573223b733a363a22736561726368223b733a353a224074696d65223b733a373a2231382e33336d73223b7d, 5, '', 'https://gbc.itrva.com/', '', '96.228.25.191', 1577962389),
(3667, 0, 'cron', 'Starting execution of @module_cron(), execution of @module_previous_cron() took @time.', 0x613a333a7b733a373a22406d6f64756c65223b733a363a22757064617465223b733a31363a22406d6f64756c655f70726576696f7573223b733a363a2273797374656d223b733a353a224074696d65223b733a373a2238322e37376d73223b7d, 5, '', 'https://gbc.itrva.com/', '', '96.228.25.191', 1577962389),
(3668, 0, 'cron', 'Execution of @module_previous_cron() took @time.', 0x613a323a7b733a31363a22406d6f64756c655f70726576696f7573223b733a363a22757064617465223b733a353a224074696d65223b733a393a22323439392e39396d73223b7d, 5, '', 'https://gbc.itrva.com/', '', '96.228.25.191', 1577962392),
(3669, 0, 'cron', 'Cron run completed.', 0x613a303a7b7d, 5, '', 'https://gbc.itrva.com/', '', '96.228.25.191', 1577962392),
(3670, 0, 'cron', 'Starting execution of @module_cron().', 0x613a313a7b733a373a22406d6f64756c65223b733a31343a226261636b75705f6d696772617465223b7d, 5, '', 'https://gbc.itrva.com/about-gbc', '', '54.36.150.108', 1578060700),
(3671, 0, 'cron', 'Starting execution of @module_cron(), execution of @module_previous_cron() took @time.', 0x613a333a7b733a373a22406d6f64756c65223b733a373a22636f6d6d656e74223b733a31363a22406d6f64756c655f70726576696f7573223b733a31343a226261636b75705f6d696772617465223b733a353a224074696d65223b733a373a2237302e30366d73223b7d, 5, '', 'https://gbc.itrva.com/about-gbc', '', '54.36.150.108', 1578060700),
(3672, 0, 'cron', 'Starting execution of @module_cron(), execution of @module_previous_cron() took @time.', 0x613a333a7b733a373a22406d6f64756c65223b733a353a2264626c6f67223b733a31363a22406d6f64756c655f70726576696f7573223b733a373a22636f6d6d656e74223b733a353a224074696d65223b733a373a2233302e35326d73223b7d, 5, '', 'https://gbc.itrva.com/about-gbc', '', '54.36.150.108', 1578060700),
(3673, 0, 'cron', 'Starting execution of @module_cron(), execution of @module_previous_cron() took @time.', 0x613a333a7b733a373a22406d6f64756c65223b733a353a226669656c64223b733a31363a22406d6f64756c655f70726576696f7573223b733a353a2264626c6f67223b733a353a224074696d65223b733a363a22302e38316d73223b7d, 5, '', 'https://gbc.itrva.com/about-gbc', '', '54.36.150.108', 1578060700),
(3674, 0, 'cron', 'Starting execution of @module_cron(), execution of @module_previous_cron() took @time.', 0x613a333a7b733a373a22406d6f64756c65223b733a343a2266696c65223b733a31363a22406d6f64756c655f70726576696f7573223b733a353a226669656c64223b733a353a224074696d65223b733a363a22362e30316d73223b7d, 5, '', 'https://gbc.itrva.com/about-gbc', '', '54.36.150.108', 1578060700),
(3675, 0, 'cron', 'Starting execution of @module_cron(), execution of @module_previous_cron() took @time.', 0x613a333a7b733a373a22406d6f64756c65223b733a373a22686973746f7279223b733a31363a22406d6f64756c655f70726576696f7573223b733a343a2266696c65223b733a353a224074696d65223b733a363a22362e37386d73223b7d, 5, '', 'https://gbc.itrva.com/about-gbc', '', '54.36.150.108', 1578060700),
(3676, 0, 'cron', 'Starting execution of @module_cron(), execution of @module_previous_cron() took @time.', 0x613a333a7b733a373a22406d6f64756c65223b733a31343a226c61796f75745f6275696c646572223b733a31363a22406d6f64756c655f70726576696f7573223b733a373a22686973746f7279223b733a353a224074696d65223b733a363a22302e35376d73223b7d, 5, '', 'https://gbc.itrva.com/about-gbc', '', '54.36.150.108', 1578060700),
(3677, 0, 'cron', 'Starting execution of @module_cron(), execution of @module_previous_cron() took @time.', 0x613a333a7b733a373a22406d6f64756c65223b733a343a226e6f6465223b733a31363a22406d6f64756c655f70726576696f7573223b733a31343a226c61796f75745f6275696c646572223b733a353a224074696d65223b733a363a22332e39386d73223b7d, 5, '', 'https://gbc.itrva.com/about-gbc', '', '54.36.150.108', 1578060700),
(3678, 0, 'cron', 'Starting execution of @module_cron(), execution of @module_previous_cron() took @time.', 0x613a333a7b733a373a22406d6f64756c65223b733a363a22736561726368223b733a31363a22406d6f64756c655f70726576696f7573223b733a343a226e6f6465223b733a353a224074696d65223b733a363a22372e30336d73223b7d, 5, '', 'https://gbc.itrva.com/about-gbc', '', '54.36.150.108', 1578060700),
(3679, 0, 'cron', 'Starting execution of @module_cron(), execution of @module_previous_cron() took @time.', 0x613a333a7b733a373a22406d6f64756c65223b733a363a2273797374656d223b733a31363a22406d6f64756c655f70726576696f7573223b733a363a22736561726368223b733a353a224074696d65223b733a373a2231372e34356d73223b7d, 5, '', 'https://gbc.itrva.com/about-gbc', '', '54.36.150.108', 1578060700),
(3680, 0, 'cron', 'Starting execution of @module_cron(), execution of @module_previous_cron() took @time.', 0x613a333a7b733a373a22406d6f64756c65223b733a363a22757064617465223b733a31363a22406d6f64756c655f70726576696f7573223b733a363a2273797374656d223b733a353a224074696d65223b733a373a2234372e33376d73223b7d, 5, '', 'https://gbc.itrva.com/about-gbc', '', '54.36.150.108', 1578060700),
(3681, 0, 'cron', 'Execution of @module_previous_cron() took @time.', 0x613a323a7b733a31363a22406d6f64756c655f70726576696f7573223b733a363a22757064617465223b733a353a224074696d65223b733a393a22313430332e32336d73223b7d, 5, '', 'https://gbc.itrva.com/about-gbc', '', '54.36.150.108', 1578060702),
(3682, 0, 'cron', 'Cron run completed.', 0x613a303a7b7d, 5, '', 'https://gbc.itrva.com/about-gbc', '', '54.36.150.108', 1578060702),
(3683, 0, 'cron', 'Starting execution of @module_cron().', 0x613a313a7b733a373a22406d6f64756c65223b733a31343a226261636b75705f6d696772617465223b7d, 5, '', 'https://gbc.itrva.com/youth', '', '77.88.5.7', 1578185480),
(3684, 0, 'cron', 'Starting execution of @module_cron(), execution of @module_previous_cron() took @time.', 0x613a333a7b733a373a22406d6f64756c65223b733a373a22636f6d6d656e74223b733a31363a22406d6f64756c655f70726576696f7573223b733a31343a226261636b75705f6d696772617465223b733a353a224074696d65223b733a373a2235372e33376d73223b7d, 5, '', 'https://gbc.itrva.com/youth', '', '77.88.5.7', 1578185480),
(3685, 0, 'cron', 'Starting execution of @module_cron(), execution of @module_previous_cron() took @time.', 0x613a333a7b733a373a22406d6f64756c65223b733a353a2264626c6f67223b733a31363a22406d6f64756c655f70726576696f7573223b733a373a22636f6d6d656e74223b733a353a224074696d65223b733a373a2231362e35366d73223b7d, 5, '', 'https://gbc.itrva.com/youth', '', '77.88.5.7', 1578185480),
(3686, 0, 'cron', 'Starting execution of @module_cron(), execution of @module_previous_cron() took @time.', 0x613a333a7b733a373a22406d6f64756c65223b733a353a226669656c64223b733a31363a22406d6f64756c655f70726576696f7573223b733a353a2264626c6f67223b733a353a224074696d65223b733a363a22302e39316d73223b7d, 5, '', 'https://gbc.itrva.com/youth', '', '77.88.5.7', 1578185480),
(3687, 0, 'cron', 'Starting execution of @module_cron(), execution of @module_previous_cron() took @time.', 0x613a333a7b733a373a22406d6f64756c65223b733a343a2266696c65223b733a31363a22406d6f64756c655f70726576696f7573223b733a353a226669656c64223b733a353a224074696d65223b733a363a22322e32336d73223b7d, 5, '', 'https://gbc.itrva.com/youth', '', '77.88.5.7', 1578185480),
(3688, 0, 'cron', 'Starting execution of @module_cron(), execution of @module_previous_cron() took @time.', 0x613a333a7b733a373a22406d6f64756c65223b733a373a22686973746f7279223b733a31363a22406d6f64756c655f70726576696f7573223b733a343a2266696c65223b733a353a224074696d65223b733a363a22362e37326d73223b7d, 5, '', 'https://gbc.itrva.com/youth', '', '77.88.5.7', 1578185480),
(3689, 0, 'cron', 'Starting execution of @module_cron(), execution of @module_previous_cron() took @time.', 0x613a333a7b733a373a22406d6f64756c65223b733a31343a226c61796f75745f6275696c646572223b733a31363a22406d6f64756c655f70726576696f7573223b733a373a22686973746f7279223b733a353a224074696d65223b733a363a22302e35316d73223b7d, 5, '', 'https://gbc.itrva.com/youth', '', '77.88.5.7', 1578185480),
(3690, 0, 'cron', 'Starting execution of @module_cron(), execution of @module_previous_cron() took @time.', 0x613a333a7b733a373a22406d6f64756c65223b733a343a226e6f6465223b733a31363a22406d6f64756c655f70726576696f7573223b733a31343a226c61796f75745f6275696c646572223b733a353a224074696d65223b733a333a22336d73223b7d, 5, '', 'https://gbc.itrva.com/youth', '', '77.88.5.7', 1578185480),
(3691, 0, 'cron', 'Starting execution of @module_cron(), execution of @module_previous_cron() took @time.', 0x613a333a7b733a373a22406d6f64756c65223b733a363a22736561726368223b733a31363a22406d6f64756c655f70726576696f7573223b733a343a226e6f6465223b733a353a224074696d65223b733a363a22362e37376d73223b7d, 5, '', 'https://gbc.itrva.com/youth', '', '77.88.5.7', 1578185480),
(3692, 0, 'cron', 'Starting execution of @module_cron(), execution of @module_previous_cron() took @time.', 0x613a333a7b733a373a22406d6f64756c65223b733a363a2273797374656d223b733a31363a22406d6f64756c655f70726576696f7573223b733a363a22736561726368223b733a353a224074696d65223b733a373a2232312e32396d73223b7d, 5, '', 'https://gbc.itrva.com/youth', '', '77.88.5.7', 1578185480),
(3693, 0, 'cron', 'Starting execution of @module_cron(), execution of @module_previous_cron() took @time.', 0x613a333a7b733a373a22406d6f64756c65223b733a363a22757064617465223b733a31363a22406d6f64756c655f70726576696f7573223b733a363a2273797374656d223b733a353a224074696d65223b733a343a2234346d73223b7d, 5, '', 'https://gbc.itrva.com/youth', '', '77.88.5.7', 1578185480),
(3694, 0, 'cron', 'Execution of @module_previous_cron() took @time.', 0x613a323a7b733a31363a22406d6f64756c655f70726576696f7573223b733a363a22757064617465223b733a353a224074696d65223b733a393a22313433372e37316d73223b7d, 5, '', 'https://gbc.itrva.com/youth', '', '77.88.5.7', 1578185482),
(3695, 0, 'cron', 'Cron run completed.', 0x613a303a7b7d, 5, '', 'https://gbc.itrva.com/youth', '', '77.88.5.7', 1578185482),
(3696, 0, 'cron', 'Starting execution of @module_cron().', 0x613a313a7b733a373a22406d6f64756c65223b733a31343a226261636b75705f6d696772617465223b7d, 5, '', 'https://gbc.itrva.com/', '', '96.228.25.191', 1578224965),
(3697, 0, 'cron', 'Starting execution of @module_cron(), execution of @module_previous_cron() took @time.', 0x613a333a7b733a373a22406d6f64756c65223b733a373a22636f6d6d656e74223b733a31363a22406d6f64756c655f70726576696f7573223b733a31343a226261636b75705f6d696772617465223b733a353a224074696d65223b733a373a2232332e38396d73223b7d, 5, '', 'https://gbc.itrva.com/', '', '96.228.25.191', 1578224965),
(3698, 0, 'cron', 'Starting execution of @module_cron(), execution of @module_previous_cron() took @time.', 0x613a333a7b733a373a22406d6f64756c65223b733a353a2264626c6f67223b733a31363a22406d6f64756c655f70726576696f7573223b733a373a22636f6d6d656e74223b733a353a224074696d65223b733a363a22332e32396d73223b7d, 5, '', 'https://gbc.itrva.com/', '', '96.228.25.191', 1578224965),
(3699, 0, 'cron', 'Starting execution of @module_cron(), execution of @module_previous_cron() took @time.', 0x613a333a7b733a373a22406d6f64756c65223b733a353a226669656c64223b733a31363a22406d6f64756c655f70726576696f7573223b733a353a2264626c6f67223b733a353a224074696d65223b733a353a22302e376d73223b7d, 5, '', 'https://gbc.itrva.com/', '', '96.228.25.191', 1578224965),
(3700, 0, 'cron', 'Starting execution of @module_cron(), execution of @module_previous_cron() took @time.', 0x613a333a7b733a373a22406d6f64756c65223b733a343a2266696c65223b733a31363a22406d6f64756c655f70726576696f7573223b733a353a226669656c64223b733a353a224074696d65223b733a363a22312e32366d73223b7d, 5, '', 'https://gbc.itrva.com/', '', '96.228.25.191', 1578224965),
(3701, 0, 'cron', 'Starting execution of @module_cron(), execution of @module_previous_cron() took @time.', 0x613a333a7b733a373a22406d6f64756c65223b733a373a22686973746f7279223b733a31363a22406d6f64756c655f70726576696f7573223b733a343a2266696c65223b733a353a224074696d65223b733a363a22312e35346d73223b7d, 5, '', 'https://gbc.itrva.com/', '', '96.228.25.191', 1578224965),
(3702, 0, 'cron', 'Starting execution of @module_cron(), execution of @module_previous_cron() took @time.', 0x613a333a7b733a373a22406d6f64756c65223b733a31343a226c61796f75745f6275696c646572223b733a31363a22406d6f64756c655f70726576696f7573223b733a373a22686973746f7279223b733a353a224074696d65223b733a363a22302e33326d73223b7d, 5, '', 'https://gbc.itrva.com/', '', '96.228.25.191', 1578224965),
(3703, 0, 'cron', 'Starting execution of @module_cron(), execution of @module_previous_cron() took @time.', 0x613a333a7b733a373a22406d6f64756c65223b733a343a226e6f6465223b733a31363a22406d6f64756c655f70726576696f7573223b733a31343a226c61796f75745f6275696c646572223b733a353a224074696d65223b733a363a22312e36316d73223b7d, 5, '', 'https://gbc.itrva.com/', '', '96.228.25.191', 1578224965),
(3704, 0, 'cron', 'Starting execution of @module_cron(), execution of @module_previous_cron() took @time.', 0x613a333a7b733a373a22406d6f64756c65223b733a363a22736561726368223b733a31363a22406d6f64756c655f70726576696f7573223b733a343a226e6f6465223b733a353a224074696d65223b733a363a22342e33366d73223b7d, 5, '', 'https://gbc.itrva.com/', '', '96.228.25.191', 1578224965),
(3705, 0, 'cron', 'Starting execution of @module_cron(), execution of @module_previous_cron() took @time.', 0x613a333a7b733a373a22406d6f64756c65223b733a363a2273797374656d223b733a31363a22406d6f64756c655f70726576696f7573223b733a363a22736561726368223b733a353a224074696d65223b733a363a22382e38336d73223b7d, 5, '', 'https://gbc.itrva.com/', '', '96.228.25.191', 1578224965),
(3706, 0, 'cron', 'Starting execution of @module_cron(), execution of @module_previous_cron() took @time.', 0x613a333a7b733a373a22406d6f64756c65223b733a363a22757064617465223b733a31363a22406d6f64756c655f70726576696f7573223b733a363a2273797374656d223b733a353a224074696d65223b733a373a2233352e33336d73223b7d, 5, '', 'https://gbc.itrva.com/', '', '96.228.25.191', 1578224965),
(3707, 0, 'cron', 'Execution of @module_previous_cron() took @time.', 0x613a323a7b733a31363a22406d6f64756c655f70726576696f7573223b733a363a22757064617465223b733a353a224074696d65223b733a383a223135322e37356d73223b7d, 5, '', 'https://gbc.itrva.com/', '', '96.228.25.191', 1578224965),
(3708, 0, 'cron', 'Cron run completed.', 0x613a303a7b7d, 5, '', 'https://gbc.itrva.com/', '', '96.228.25.191', 1578224965),
(3709, 12, 'user', 'Session closed for %name.', 0x613a313a7b733a353a22256e616d65223b733a31333a226361727269652e6d6f686c6572223b7d, 5, '', 'https://gbc.itrva.com/user/logout', 'https://gbc.itrva.com/', '96.228.25.191', 1578225029),
(3710, 0, 'access denied', '@uri', 0x613a313a7b733a343a2240757269223b733a31323a222f757365722f6c6f676f7574223b7d, 4, '', 'https://gbc.itrva.com/user/logout', '', '96.228.25.191', 1578225036),
(3711, 1, 'user', 'Session opened for %name.', 0x613a313a7b733a353a22256e616d65223b733a353a2261646d696e223b7d, 5, '', 'https://gbc.itrva.com/user/login', 'https://gbc.itrva.com/user/login', '96.228.25.191', 1578225047),
(3712, 1, 'content', '@type: deleted %title.', 0x613a323a7b733a353a224074797065223b733a353a22646f6e6f72223b733a363a22257469746c65223b733a31313a22416c616e204d63436f6c6c223b7d, 5, '', 'https://gbc.itrva.com/node/6/delete?destination=%2Fadmin%2Fcontent', 'https://gbc.itrva.com/node/6/delete?destination=/admin/content', '96.228.25.191', 1578225076),
(3713, 1, 'node', 'The @entity-type %label has been deleted.', 0x613a323a7b733a31323a2240656e746974792d74797065223b4f3a34383a2244727570616c5c436f72655c537472696e675472616e736c6174696f6e5c5472616e736c617461626c654d61726b7570223a333a7b733a393a22002a00737472696e67223b733a31323a22636f6e74656e742074797065223b733a31323a22002a00617267756d656e7473223b613a303a7b7d733a31303a22002a006f7074696f6e73223b613a303a7b7d7d733a363a22256c6162656c223b733a353a22446f6e6f72223b7d, 5, '', 'https://gbc.itrva.com/admin/structure/types/manage/donor/delete?destination=%2Fadmin%2Fstructure%2Ftypes', 'https://gbc.itrva.com/admin/structure/types/manage/donor/delete?destination=/admin/structure/types', '96.228.25.191', 1578225092);
INSERT INTO `watchdog` (`wid`, `uid`, `type`, `message`, `variables`, `severity`, `link`, `location`, `referer`, `hostname`, `timestamp`) VALUES
(3714, 1, 'php', '%type: @message in %function (line %line of %file) @backtrace_string.', 0x[encoded data, 11882 characters], 4, '', 'https://gbc.itrva.com/admin/panels_ipe/variant/page_manager/about_gbc-panels_variant-0/block_plugins/bootstrap_simple_carousel_block/form?_wrapper_format=drupal_ajax', 'https://gbc.itrva.com/about-gbc', '96.228.25.191', 1578225708),
(3715, 1, 'php', '%type: @message in %function (line %line of %file) @backtrace_string.', 0x[encoded data, 11560 characters], 4, '', 'https://gbc.itrva.com/admin/panels_ipe/variant/page_manager/about_gbc-panels_variant-0/block_plugins/bootstrap_simple_carousel_block/form?_wrapper_format=drupal_ajax', 'https://gbc.itrva.com/about-gbc', '96.228.25.191', 1578225708),
(3716, 1, 'php', '%type: @message in %function (line %line of %file) @backtrace_string.', 0x[encoded data, 12282 characters], 4, '', 'https://gbc.itrva.com/admin/panels_ipe/variant/page_manager/about_gbc-panels_variant-0/block_plugins/bootstrap_simple_carousel_block/form?_wrapper_format=drupal_ajax', 'https://gbc.itrva.com/about-gbc', '96.228.25.191', 1578225708),
(3717, 1, 'php', '%type: @message in %function (line %line of %file) @backtrace_string.', 0x[encoded data, 11964 characters], 4, '', 'https://gbc.itrva.com/admin/panels_ipe/variant/page_manager/about_gbc-panels_variant-0/block_plugins/bootstrap_simple_carousel_block/form?_wrapper_format=drupal_ajax', 'https://gbc.itrva.com/about-gbc', '96.228.25.191', 1578225708);
INSERT INTO `watchdog` (`wid`, `uid`, `type`, `message`, `variables`, `severity`, `link`, `location`, `referer`, `hostname`, `timestamp`) VALUES
(3718, 1, 'php', '%type: @message in %function (line %line of %file) @backtrace_string.', 0x[encoded data, 12280 characters], 4, '', 'https://gbc.itrva.com/admin/panels_ipe/variant/page_manager/about_gbc-panels_variant-0/block_plugins/bootstrap_simple_carousel_block/form?_wrapper_format=drupal_ajax', 'https://gbc.itrva.com/about-gbc', '96.228.25.191', 1578225708),
(3719, 1, 'php', '%type: @message in %function (line %line of %file) @backtrace_string.', 0x[encoded data, 11964 characters], 4, '', 'https://gbc.itrva.com/admin/panels_ipe/variant/page_manager/about_gbc-panels_variant-0/block_plugins/bootstrap_simple_carousel_block/form?_wrapper_format=drupal_ajax', 'https://gbc.itrva.com/about-gbc', '96.228.25.191', 1578225708),
(3720, 1, 'php', '%type: @message in %function (line %line of %file) @backtrace_string.', 0x[encoded data, 11882 characters], 4, '', 'https://gbc.itrva.com/admin/panels_ipe/variant/page_manager/about_gbc-panels_variant-0/block_plugins/bootstrap_simple_carousel_block/form?_wrapper_format=drupal_ajax&_wrapper_format=drupal_ajax&ajax_form=1', 'https://gbc.itrva.com/about-gbc', '96.228.25.191', 1578225716),
(3721, 1, 'php', '%type: @message in %function (line %line of %file) @backtrace_string.', 0x[encoded data, 11560 characters], 4, '', 'https://gbc.itrva.com/admin/panels_ipe/variant/page_manager/about_gbc-panels_variant-0/block_plugins/bootstrap_simple_carousel_block/form?_wrapper_format=drupal_ajax&_wrapper_format=drupal_ajax&ajax_form=1', 'https://gbc.itrva.com/about-gbc', '96.228.25.191', 1578225716);
INSERT INTO `watchdog` (`wid`, `uid`, `type`, `message`, `variables`, `severity`, `link`, `location`, `referer`, `hostname`, `timestamp`) VALUES
(3722, 1, 'php', '%type: @message in %function (line %line of %file) @backtrace_string.', 0x[encoded data, 12282 characters], 4, '', 'https://gbc.itrva.com/admin/panels_ipe/variant/page_manager/about_gbc-panels_variant-0/block_plugins/bootstrap_simple_carousel_block/form?_wrapper_format=drupal_ajax&_wrapper_format=drupal_ajax&ajax_form=1', 'https://gbc.itrva.com/about-gbc', '96.228.25.191', 1578225716),
(3723, 1, 'php', '%type: @message in %function (line %line of %file) @backtrace_string.', 0x[encoded data, 11964 characters], 4, '', 'https://gbc.itrva.com/admin/panels_ipe/variant/page_manager/about_gbc-panels_variant-0/block_plugins/bootstrap_simple_carousel_block/form?_wrapper_format=drupal_ajax&_wrapper_format=drupal_ajax&ajax_form=1', 'https://gbc.itrva.com/about-gbc', '96.228.25.191', 1578225716),
(3724, 1, 'php', '%type: @message in %function (line %line of %file) @backtrace_string.', 0x[encoded data, 12280 characters], 4, '', 'https://gbc.itrva.com/admin/panels_ipe/variant/page_manager/about_gbc-panels_variant-0/block_plugins/bootstrap_simple_carousel_block/form?_wrapper_format=drupal_ajax&_wrapper_format=drupal_ajax&ajax_form=1', 'https://gbc.itrva.com/about-gbc', '96.228.25.191', 1578225716);
INSERT INTO `watchdog` (`wid`, `uid`, `type`, `message`, `variables`, `severity`, `link`, `location`, `referer`, `hostname`, `timestamp`) VALUES
(3725, 1, 'php', '%type: @message in %function (line %line of %file) @backtrace_string.', 0x[encoded data, 11964 characters], 4, '', 'https://gbc.itrva.com/admin/panels_ipe/variant/page_manager/about_gbc-panels_variant-0/block_plugins/bootstrap_simple_carousel_block/form?_wrapper_format=drupal_ajax&_wrapper_format=drupal_ajax&ajax_form=1', 'https://gbc.itrva.com/about-gbc', '96.228.25.191', 1578225716),
(3726, 1, 'php', '%type: @message in %function (line %line of %file) @backtrace_string.', 0x[encoded data, 12284 characters], 4, '', 'https://gbc.itrva.com/admin/panels_ipe/variant/page_manager/about_gbc-panels_variant-0/block_plugins/bootstrap_simple_carousel_block/form?_wrapper_format=drupal_ajax&_wrapper_format=drupal_ajax&ajax_form=1', 'https://gbc.itrva.com/about-gbc', '96.228.25.191', 1578225716),
(3727, 1, 'php', '%type: @message in %function (line %line of %file) @backtrace_string.', 0x[encoded data, 11962 characters], 4, '', 'https://gbc.itrva.com/admin/panels_ipe/variant/page_manager/about_gbc-panels_variant-0/block_plugins/bootstrap_simple_carousel_block/form?_wrapper_format=drupal_ajax&_wrapper_format=drupal_ajax&ajax_form=1', 'https://gbc.itrva.com/about-gbc', '96.228.25.191', 1578225716);
INSERT INTO `watchdog` (`wid`, `uid`, `type`, `message`, `variables`, `severity`, `link`, `location`, `referer`, `hostname`, `timestamp`) VALUES
(3728, 1, 'php', '%type: @message in %function (line %line of %file) @backtrace_string.', 0x[encoded data, 12684 characters], 4, '', 'https://gbc.itrva.com/admin/panels_ipe/variant/page_manager/about_gbc-panels_variant-0/block_plugins/bootstrap_simple_carousel_block/form?_wrapper_format=drupal_ajax&_wrapper_format=drupal_ajax&ajax_form=1', 'https://gbc.itrva.com/about-gbc', '96.228.25.191', 1578225716),
(3729, 1, 'php', '%type: @message in %function (line %line of %file) @backtrace_string.', 0x[encoded data, 12366 characters], 4, '', 'https://gbc.itrva.com/admin/panels_ipe/variant/page_manager/about_gbc-panels_variant-0/block_plugins/bootstrap_simple_carousel_block/form?_wrapper_format=drupal_ajax&_wrapper_format=drupal_ajax&ajax_form=1', 'https://gbc.itrva.com/about-gbc', '96.228.25.191', 1578225716),
(3730, 1, 'php', '%type: @message in %function (line %line of %file) @backtrace_string.', 0x[encoded data, 12682 characters], 4, '', 'https://gbc.itrva.com/admin/panels_ipe/variant/page_manager/about_gbc-panels_variant-0/block_plugins/bootstrap_simple_carousel_block/form?_wrapper_format=drupal_ajax&_wrapper_format=drupal_ajax&ajax_form=1', 'https://gbc.itrva.com/about-gbc', '96.228.25.191', 1578225716);
INSERT INTO `watchdog` (`wid`, `uid`, `type`, `message`, `variables`, `severity`, `link`, `location`, `referer`, `hostname`, `timestamp`) VALUES
(3731, 1, 'php', '%type: @message in %function (line %line of %file) @backtrace_string.', 0x[encoded data, 12366 characters], 4, '', 'https://gbc.itrva.com/admin/panels_ipe/variant/page_manager/about_gbc-panels_variant-0/block_plugins/bootstrap_simple_carousel_block/form?_wrapper_format=drupal_ajax&_wrapper_format=drupal_ajax&ajax_form=1', 'https://gbc.itrva.com/about-gbc', '96.228.25.191', 1578225716),
(3732, 1, 'php', '%type: @message in %function (line %line of %file) @backtrace_string.', 0x[encoded data, 11882 characters], 4, '', 'https://gbc.itrva.com/admin/panels_ipe/variant/page_manager/about_gbc-panels_variant-0/block_plugins/bootstrap_simple_carousel_block/form?_wrapper_format=drupal_ajax&_wrapper_format=drupal_ajax&ajax_form=1', 'https://gbc.itrva.com/about-gbc', '96.228.25.191', 1578225725),
(3733, 1, 'php', '%type: @message in %function (line %line of %file) @backtrace_string.', 0x[encoded data, 11560 characters], 4, '', 'https://gbc.itrva.com/admin/panels_ipe/variant/page_manager/about_gbc-panels_variant-0/block_plugins/bootstrap_simple_carousel_block/form?_wrapper_format=drupal_ajax&_wrapper_format=drupal_ajax&ajax_form=1', 'https://gbc.itrva.com/about-gbc', '96.228.25.191', 1578225725),
(3734, 1, 'php', '%type: @message in %function (line %line of %file) @backtrace_string.', 0x[encoded data, 12282 characters], 4, '', 'https://gbc.itrva.com/admin/panels_ipe/variant/page_manager/about_gbc-panels_variant-0/block_plugins/bootstrap_simple_carousel_block/form?_wrapper_format=drupal_ajax&_wrapper_format=drupal_ajax&ajax_form=1', 'https://gbc.itrva.com/about-gbc', '96.228.25.191', 1578225725);
