INSERT INTO `config` (`collection`, `name`, `data`) VALUES
('', 'views.view.sermon_audio_list', 0x[encoded data, 65030 characters]);
INSERT INTO `config` (`collection`, `name`, `data`) VALUES
('', 'views.view.taxonomy_term', 0x[encoded data, 16496 characters]),
('', 'views.view.test', 0x[encoded data, 11064 characters]);
INSERT INTO `config` (`collection`, `name`, `data`) VALUES
('', 'views.view.user_admin_people', 0x[encoded data, 47228 characters]);
INSERT INTO `config` (`collection`, `name`, `data`) VALUES
('', 'views.view.watchdog', 0x[encoded data, 35580 characters]),
('', 'views.view.who_s_new', 0x[encoded data, 10248 characters]);
INSERT INTO `config` (`collection`, `name`, `data`) VALUES
('', 'views.view.who_s_online', 0x[encoded data, 12342 characters]);

--
-- Dumping data for table `file_managed`
--

INSERT INTO `file_managed` (`fid`, `uuid`, `langcode`, `uid`, `filename`, `uri`, `filemime`, `filesize`, `status`, `created`, `changed`) VALUES
(8, '59d3f67b-cb55-4b10-b8b4-ebd344cc6369', 'en', 1, 'Screen Shot 2018-07-04 at 6.54.38 AM.png', 'public://inline-images/Screen Shot 2018-07-04 at 6.54.38 AM.png', 'image/png', 134797, 1, 1530707358, 1530707820),
(9, '8c48511f-c543-41a4-b98a-f788602d2d3d', 'en', 1, 'Screen Shot 2018-07-04 at 6.54.38 AM.png', 'public://inline-images/Screen Shot 2018-07-04 at 6.54.38 AM_0.png', 'image/png', 134797, 1, 1530710752, 1530710832),
(10, 'bc40ce7b-b3b0-4b4b-80d5-c875008e7e17', 'en', 1, 'Screen Shot 2018-07-04 at 6.54.38 AM.png', 'public://inline-images/Screen Shot 2018-07-04 at 6.54.38 AM_1.png', 'image/png', 134797, 1, 1530717680, 1530717774),
(12, 'e585e4e0-a5ec-4bbf-9b28-55dbc27854d9', 'en', 1, 'Screen Shot 2018-07-04 at 10.31.30 AM.png', 'public://inline-images/Screen Shot 2018-07-04 at 10.31.30 AM_0.png', 'image/png', 311341, 1, 1530718800, 1530718841),
(13, 'c67be6eb-c650-4034-99d7-6605429ccd0a', 'en', 1, 'Screen Shot 2018-07-04 at 10.31.30 AM.png', 'public://inline-images/Screen Shot 2018-07-04 at 10.31.30 AM_1.png', 'image/png', 31653, 1, 1530719082, 1530719142),
(14, '473d07c0-53de-4cbe-a4f7-022a9b37a8b9', 'en', 1, 'video_message_thumb.png', 'public://inline-images/video_message_thumb.png', 'image/png', 19086, 1, 1530720782, 1530720806),
(15, '129f3d19-21b2-498f-826c-5d6621e84ac1', 'en', 1, 'gbc_map.png', 'public://inline-images/gbc_map.png', 'image/png', 62753, 1, 1530887056, 1530887067),
(16, '36e157f8-4a70-42b7-94c3-980c009169f1', 'en', 1, 'gbc_map.png', 'public://inline-images/gbc_map_0.png', 'image/png', 57813, 1, 1530887628, 1530887635),
(17, '7a6dae66-5420-40ba-a489-4e22689eb85c', 'en', 1, 'welcome-mat.jpg', 'public://inline-images/welcome-mat.jpg', 'image/jpeg', 22656, 1, 1531269108, 1531269166),
(18, 'f919ddca-b907-463f-8d78-bad48a3cdc45', 'en', 1, 'gbc_map_4x3.png', 'public://inline-images/gbc_map_4x3.png', 'image/png', 96379, 1, 1531652541, 1531652547),
(19, 'f86d6581-e0e6-4e63-bd1e-1a22e4afa5ab', 'en', 1, 'video_message_thumb_2.png', 'public://inline-images/video_message_thumb_2.png', 'image/png', 33823, 1, 1531652572, 1531652576),
(20, 'eee22815-d34b-46e4-b4f5-0ac971e7043f', 'en', 1, 'welcome.jpg', 'public://inline-images/welcome.jpg', 'image/jpeg', 36587, 1, 1531652652, 1531652668),
(21, '7995c5c7-e697-4da4-bf4a-016b7aa2921b', 'en', 1, 'gbc_map_4x3.png', 'public://inline-images/gbc_map_4x3_0.png', 'image/png', 96379, 1, 1532252536, 1532252587),
(22, '68623f5c-22df-4d55-b203-3e2e75e90770', 'en', 1, 'map_small.png', 'public://inline-images/map_small.png', 'image/png', 51446, 1, 1532253408, 1532253495),
(23, '3e4be8fd-085a-451c-bdb5-08253158b97d', 'en', 1, 'richmond_skyline_2.png', 'public://bootstrap_simple_carousel/richmond_skyline_2.png', 'image/png', 784236, 1, 1544438922, 1544438950),
(26, 'e9f663c5-fb51-4bec-81c9-1f7434246161', 'en', 1, '181202 AM.mp3', 'public://2018-12/181202 AM.mp3', 'audio/mpeg', 7811780, 1, 1544457759, 1544457763),
(27, 'f0192d61-0d46-4a54-8d53-fdd1558f63d0', 'en', 1, 'audio.png', 'public://media-icons/generic/audio.png', 'image/png', 5294, 1, 1544457763, 1544457763),
(28, 'f8225eda-4b16-4e8b-926c-78c0453f6cd8', 'en', 1, '181202 AM.mp3', 'public://2018-12/181202 AM_0.mp3', 'audio/mpeg', 7811780, 1, 1544458557, 1544458566),
(29, '0c413c7a-246e-4fe1-810b-2ad3d4b8eab2', 'en', 1, '42160690_2724063474286355_7002225490660425728_n.jpg', 'public://2018-12/42160690_2724063474286355_7002225490660425728_n.jpg', 'image/jpeg', 51827, 1, 1544460041, 1544460105),
(30, '3754cd8d-6dbf-4e53-ad1a-fd931c7d5307', 'en', 1, '181202 AM.mp3', 'public://2018-12/181202 AM_1.mp3', 'audio/mpeg', 7811780, 1, 1544460524, 1544460532),
(31, '9b53aa4a-023d-4121-822a-b46added2fd3', 'en', 1, 'rss.png', 'public://2018-12/rss.png', 'image/png', 6829, 1, 1544466685, 1544466695),
(32, '57234eab-5096-443d-a6ff-fd938eae0628', 'en', 1, '181125 AM.mp3', 'public://2018-12/181125 AM.mp3', 'audio/mpeg', 26484593, 1, 1544469012, 1544469028),
(33, 'b01c12aa-d827-4d84-9dad-14279bf1677d', 'en', 1, 'vbs1.jpg', 'public://bootstrap_simple_carousel/vbs1.jpg', 'image/jpeg', 246949, 1, 1544953568, 1544953576),
(34, '890a743d-5007-40ad-bcd7-db9eebb3c1c9', 'en', 1, '12.09.18 Sunday Bulletin-2.pdf', 'public://2018-12/12.09.18 Sunday Bulletin-2.pdf', 'application/pdf', 1474232, 1, 1544954327, 1544954340),
(35, 'a3257bc5-f2b2-428b-a0af-3aa1784d378a', 'en', 1, 'generic.png', 'public://media-icons/generic/generic.png', 'image/png', 3900, 1, 1544954340, 1544954340),
(36, 'e498e0e0-62ff-47a5-a737-2c9b7da8c25b', 'en', 1, '12.02.18 Sunday Bulletin.pdf', 'public://2018-12/12.02.18 Sunday Bulletin.pdf', 'application/pdf', 1278309, 1, 1544957090, 1544957113),
(38, 'be092933-ebe7-4668-b2f2-0531b1e3857b', 'en', 1, 'akzmOvjURs.txt', 'public://2018-12/akzmOvjURs.txt', 'text/plain', 624, 1, 1545212835, 1545212835),
(39, 'b3f20dec-dd53-4d29-b84a-ec8f887c8bbe', 'en', 1, 'Small Group email.pdf', 'public://2018-12/Small Group email.pdf', 'application/pdf', 15304, 1, 1545214115, 1545214131),
(40, '88b59cd0-4bf9-499a-8cfe-1fc6f26e1c2f', 'en', 1, '2018 12.pdf', 'public://2019-01/2018 12.pdf', 'application/pdf', 498711, 1, 1546776954, 1546776971),
(41, '81a4b453-3b86-4c01-a86b-5c163a273e74', 'en', 1, 'welcome.jpg', 'public://welcome.jpg', 'image/jpeg', 40329, 1, 1546778408, 1546778408),
(42, 'c7800a33-c407-4d87-99b1-17d9a1b97b69', 'en', 1, '2019 03.pdf', 'public://2019-03/2019 03.pdf', 'application/pdf', 449116, 1, 1552550586, 1552550659),
(43, '5c825330-6989-48a7-b846-91201e845f47', 'en', 1, 'rollin_preaching.JPG', 'public://bootstrap_simple_carousel/rollin_preaching.JPG', 'image/jpeg', 92611, 1, 1554026374, 1554026392),
(44, 'ad3b059c-f89f-4d20-9f02-e435a37c4079', 'en', 1, '19-05-12 AM.mp3', 'public://2019-07/19-05-12 AM.mp3', 'audio/mpeg', 27854089, 1, 1562933515, 1562933588),
(45, '129d82ab-746e-4c6a-a7b4-09b15f7185fd', 'en', 1, '19-05-26 AM.mp3', 'public://2019-07/19-05-26 AM.mp3', 'audio/mpeg', 23797827, 1, 1562933642, 1562933687),
(46, 'f50564c1-cd70-4eea-8314-91d328d23eba', 'en', 1, '190609 AM.mp3', 'public://2019-07/190609 AM.mp3', 'audio/mpeg', 27705600, 1, 1562933739, 1562933770),
(47, '2b624b9f-c4e8-49e7-bc39-84f41a1bbc31', 'en', 1, '190616 AM.mp3', 'public://2019-07/190616 AM.mp3', 'audio/mpeg', 26731374, 1, 1562933828, 1562933854),
(48, '2c2f2489-bbe1-4f4d-86e8-387204d29434', 'en', 1, '190623 AM.mp3', 'public://2019-07/190623 AM.mp3', 'audio/mpeg', 29330607, 1, 1562933899, 1562933925),
(49, '302f4689-7b7f-4002-9887-7f67c5399da4', 'en', 1, '190630 AM.mp3', 'public://2019-07/190630 AM.mp3', 'audio/mpeg', 33035332, 1, 1562933968, 1562934001),
(51, 'bc53efd4-b413-4753-b144-f00935fb7844', 'en', 12, '190630 Sunday Bulletin-2.pdf', 'public://2019-07/190630 Sunday Bulletin-2.pdf', 'application/pdf', 1262034, 1, 1563184915, 1563184941),
(52, 'ab867da1-4606-4e02-8f93-c46ba0c918ef', 'en', 12, '190630 Sunday Bulletin-2_0.pdf', 'public://2019-07/190630 Sunday Bulletin-2_0.pdf', 'application/pdf', 1262034, 1, 1563185466, 1563185479);

--
-- Dumping data for table `file_usage`
--

INSERT INTO `file_usage` (`fid`, `module`, `type`, `id`, `count`) VALUES
(17, 'editor', 'node', '4', 5),
(18, 'editor', 'block_content', '12', 1),
(19, 'editor', 'block_content', '8', 1),
(22, 'editor', 'block_content', '17', 1),
(27, 'file', 'media', '10', 1),
(27, 'file', 'media', '11', 1),
(27, 'file', 'media', '12', 1),
(27, 'file', 'media', '13', 1),
(27, 'file', 'media', '14', 1),
(27, 'file', 'media', '15', 1),
(27, 'file', 'media', '3', 2),
(27, 'file', 'media', '5', 2),
(30, 'file', 'media', '3', 2),
(31, 'file', 'media', '4', 2),
(32, 'file', 'media', '5', 2),
(34, 'file', 'media', '6', 1),
(35, 'file', 'media', '16', 1),
(35, 'file', 'media', '17', 1),
(35, 'file', 'media', '6', 1),
(35, 'file', 'media', '7', 1),
(35, 'file', 'media', '8', 1),
(35, 'file', 'media', '9', 1),
(36, 'file', 'media', '7', 1),
(40, 'file', 'media', '8', 1),
(42, 'file', 'media', '9', 1),
(44, 'file', 'media', '10', 1),
(45, 'file', 'media', '11', 1),
(46, 'file', 'media', '12', 1),
(47, 'file', 'media', '13', 1),
(48, 'file', 'media', '14', 1),
(49, 'file', 'media', '15', 1),
(51, 'file', 'media', '16', 1),
(52, 'file', 'media', '17', 1);

--
-- Dumping data for table `history`
--

INSERT INTO `history` (`uid`, `nid`, `timestamp`) VALUES
(1, 3, 1578225640),
(1, 4, 1577097727);

--
-- Dumping data for table `key_value`
--

INSERT INTO `key_value` (`collection`, `name`, `value`) VALUES
('backup_migrate_schedule:last_run', 'daily_schedule', 0x693a313537373532343732333b),
('config.entity.key_store.action', 'uuid:0ce6f050-a937-40e2-a49e-12e47cf2a5d0', 0x613a313a7b693a303b733a33303a2273797374656d2e616374696f6e2e6e6f64655f736176655f616374696f6e223b7d),
('config.entity.key_store.action', 'uuid:1591237c-0423-498c-b399-f9da579fc5b2', 0x613a313a7b693a303b733a33333a2273797374656d2e616374696f6e2e6d656469615f64656c6574655f616374696f6e223b7d),
('config.entity.key_store.action', 'uuid:15f60e24-49d5-4824-94f4-909c27aaf64f', 0x613a313a7b693a303b733a34303a2273797374656d2e616374696f6e2e706174686175746f5f7570646174655f616c6961735f6e6f6465223b7d),
('config.entity.key_store.action', 'uuid:16ccd955-4398-4d93-b201-9496b8d8cafe', 0x613a313a7b693a303b733a33363a2273797374656d2e616374696f6e2e636f6d6d656e745f7075626c6973685f616374696f6e223b7d),
('config.entity.key_store.action', 'uuid:19ca5c30-e9cb-452a-a71c-bf34e1fa006b', 0x613a313a7b693a303b733a33323a2273797374656d2e616374696f6e2e6e6f64655f64656c6574655f616374696f6e223b7d),
('config.entity.key_store.action', 'uuid:1f2f8851-be46-468c-8966-06ae562e4f7e', 0x613a313a7b693a303b733a34313a2273797374656d2e616374696f6e2e757365725f6164645f726f6c655f616374696f6e2e656469746f72223b7d),
('config.entity.key_store.action', 'uuid:24f11013-d6a1-4c06-b2c0-6d5f9c332dc5', 0x613a313a7b693a303b733a33343a2273797374656d2e616374696f6e2e6d656469615f7075626c6973685f616374696f6e223b7d),
('config.entity.key_store.action', 'uuid:341ad7e8-2476-47f2-8485-6fead93dff34', 0x613a313a7b693a303b733a33383a2273797374656d2e616374696f6e2e636f6d6d656e745f756e7075626c6973685f616374696f6e223b7d),
('config.entity.key_store.action', 'uuid:3eb51a8f-37a1-491e-9bbf-8a8f49c4aae7', 0x613a313a7b693a303b733a33333a2273797374656d2e616374696f6e2e636f6d6d656e745f736176655f616374696f6e223b7d),
('config.entity.key_store.action', 'uuid:41e68a06-0ffc-42a7-964d-6a51425fa214', 0x613a313a7b693a303b733a33393a2273797374656d2e616374696f6e2e6e6f64655f6d616b655f756e737469636b795f616374696f6e223b7d),
('config.entity.key_store.action', 'uuid:4efea405-9bad-42b3-a191-16932220e10f', 0x613a313a7b693a303b733a33313a2273797374656d2e616374696f6e2e6d656469615f736176655f616374696f6e223b7d),
('config.entity.key_store.action', 'uuid:53e43806-c320-4642-a4f5-772a10eea66e', 0x613a313a7b693a303b733a33373a2273797374656d2e616374696f6e2e6e6f64655f6d616b655f737469636b795f616374696f6e223b7d),
('config.entity.key_store.action', 'uuid:663e324f-e5b5-4a02-9864-ce25eed470f0', 0x613a313a7b693a303b733a33383a2273797374656d2e616374696f6e2e757365725f756e626c6f636b5f757365725f616374696f6e223b7d),
('config.entity.key_store.action', 'uuid:83e2dda2-c13f-4969-bbc6-8935443e1faf', 0x613a313a7b693a303b733a35313a2273797374656d2e616374696f6e2e757365725f72656d6f76655f726f6c655f616374696f6e2e61646d696e6973747261746f72223b7d),
('config.entity.key_store.action', 'uuid:88bea91e-5f51-4aca-a714-bd4d6654f55c', 0x613a313a7b693a303b733a33353a2273797374656d2e616374696f6e2e6e6f64655f756e7075626c6973685f616374696f6e223b7d),
('config.entity.key_store.action', 'uuid:926fd55b-d771-4d23-a717-9748c61ccef6', 0x613a313a7b693a303b733a33353a2273797374656d2e616374696f6e2e6e6f64655f756e70726f6d6f74655f616374696f6e223b7d),
('config.entity.key_store.action', 'uuid:9a1ffee4-54f5-4d32-83d2-d0337d665c11', 0x613a313a7b693a303b733a33363a2273797374656d2e616374696f6e2e6d656469615f756e7075626c6973685f616374696f6e223b7d),
('config.entity.key_store.action', 'uuid:9fec7c24-0085-4be7-b3e8-d946745600b8', 0x613a313a7b693a303b733a34383a2273797374656d2e616374696f6e2e757365725f6164645f726f6c655f616374696f6e2e61646d696e6973747261746f72223b7d),
('config.entity.key_store.action', 'uuid:a081f539-2b0b-41cc-8999-8b6fb86599fa', 0x613a313a7b693a303b733a34343a2273797374656d2e616374696f6e2e757365725f72656d6f76655f726f6c655f616374696f6e2e656469746f72223b7d),
('config.entity.key_store.action', 'uuid:bd84d7cb-439f-49b0-bcd2-68afa8b21cde', 0x613a313a7b693a303b733a33333a2273797374656d2e616374696f6e2e6e6f64655f70726f6d6f74655f616374696f6e223b7d),
('config.entity.key_store.action', 'uuid:e24ee16f-f4dd-400c-8f31-2b7110be4fcb', 0x613a313a7b693a303b733a33333a2273797374656d2e616374696f6e2e6e6f64655f7075626c6973685f616374696f6e223b7d),
('config.entity.key_store.action', 'uuid:e922e776-dac6-4d82-9fe0-4d46ffb7a1ae', 0x613a313a7b693a303b733a33353a2273797374656d2e616374696f6e2e636f6d6d656e745f64656c6574655f616374696f6e223b7d),
('config.entity.key_store.action', 'uuid:ec1b319c-4191-4a8c-9a5d-3ec2d7ce3cdb', 0x613a313a7b693a303b733a33363a2273797374656d2e616374696f6e2e757365725f626c6f636b5f757365725f616374696f6e223b7d),
('config.entity.key_store.action', 'uuid:ef50c600-7b8f-47f1-ab18-99ab729963db', 0x613a313a7b693a303b733a34303a2273797374656d2e616374696f6e2e706174686175746f5f7570646174655f616c6961735f75736572223b7d),
('config.entity.key_store.action', 'uuid:f0a9a2db-26cf-455e-9b5a-7dba02daacae', 0x613a313a7b693a303b733a33373a2273797374656d2e616374696f6e2e757365725f63616e63656c5f757365725f616374696f6e223b7d),
('config.entity.key_store.backup_migrate_destination', 'uuid:a9810a45-6b0c-40b4-a705-3347183d58c9', 0x613a313a7b693a303b733a35353a226261636b75705f6d6967726174652e6261636b75705f6d6967726174655f64657374696e6174696f6e2e707269766174655f66696c6573223b7d),
('config.entity.key_store.backup_migrate_source', 'uuid:735ad6e6-bf9e-49e1-9e6b-b63c8d7b168a', 0x613a313a7b693a303b733a34373a226261636b75705f6d6967726174652e6261636b75705f6d6967726174655f736f757263652e64656661756c745f6462223b7d),
('config.entity.key_store.backup_migrate_source', 'uuid:a94f685e-6f76-4863-b802-7b00269ce705', 0x613a313a7b693a303b733a34383a226261636b75705f6d6967726174652e6261636b75705f6d6967726174655f736f757263652e656e746972655f73697465223b7d),
('config.entity.key_store.backup_migrate_source', 'uuid:af935cce-2d49-4287-bd2b-46498b86f668', 0x613a313a7b693a303b733a34393a226261636b75705f6d6967726174652e6261636b75705f6d6967726174655f736f757263652e7075626c69635f66696c6573223b7d),
('config.entity.key_store.backup_migrate_source', 'uuid:f31f8e0e-fef9-42f1-b1d7-e98a353c399f', 0x613a313a7b693a303b733a35303a226261636b75705f6d6967726174652e6261636b75705f6d6967726174655f736f757263652e707269766174655f66696c6573223b7d),
('config.entity.key_store.base_field_override', 'uuid:4d2e668a-d6c1-41b1-aede-2d41315733c9', 0x613a313a7b693a303b733a34323a22636f72652e626173655f6669656c645f6f766572726964652e6e6f64652e706167652e70726f6d6f7465223b7d),
('config.entity.key_store.base_field_override', 'uuid:8998b7c3-dd9e-453f-843e-82833d8788d1', 0x613a313a7b693a303b733a34353a22636f72652e626173655f6669656c645f6f766572726964652e6e6f64652e61727469636c652e70726f6d6f7465223b7d),
('config.entity.key_store.block', 'theme:bartik', 0x613a31343a7b693a303b733a33323a22626c6f636b2e626c6f636b2e62617274696b5f6c6f63616c5f616374696f6e73223b693a313b733a33303a22626c6f636b2e626c6f636b2e62617274696b5f6c6f63616c5f7461736b73223b693a323b733a32393a22626c6f636b2e626c6f636b2e62617274696b5f706167655f7469746c65223b693a333b733a32333a22626c6f636b2e626c6f636b2e62617274696b5f68656c70223b693a343b733a32353a22626c6f636b2e626c6f636b2e62617274696b5f736561726368223b693a353b733a32363a22626c6f636b2e626c6f636b2e62617274696b5f706f7765726564223b693a363b733a32373a22626c6f636b2e626c6f636b2e62617274696b5f6d65737361676573223b693a373b733a32363a22626c6f636b2e626c6f636b2e62617274696b5f636f6e74656e74223b693a383b733a33303a22626c6f636b2e626c6f636b2e62617274696b5f62726561646372756d6273223b693a393b733a32373a22626c6f636b2e626c6f636b2e62617274696b5f6272616e64696e67223b693a31303b733a33313a22626c6f636b2e626c6f636b2e62617274696b5f6163636f756e745f6d656e75223b693a31313b733a32353a22626c6f636b2e626c6f636b2e62617274696b5f666f6f746572223b693a31323b733a32383a22626c6f636b2e626c6f636b2e62617274696b5f6d61696e5f6d656e75223b693a31333b733a32343a22626c6f636b2e626c6f636b2e62617274696b5f746f6f6c73223b7d),
('config.entity.key_store.block', 'theme:bootstrap', 0x613a31343a7b693a303b733a33353a22626c6f636b2e626c6f636b2e626f6f7473747261705f6c6f63616c5f616374696f6e73223b693a313b733a33333a22626c6f636b2e626c6f636b2e626f6f7473747261705f6c6f63616c5f7461736b73223b693a323b733a33323a22626c6f636b2e626c6f636b2e626f6f7473747261705f706167655f7469746c65223b693a333b733a32363a22626c6f636b2e626c6f636b2e626f6f7473747261705f68656c70223b693a343b733a32383a22626c6f636b2e626c6f636b2e626f6f7473747261705f736561726368223b693a353b733a33303a22626c6f636b2e626c6f636b2e626f6f7473747261705f6272616e64696e67223b693a363b733a33333a22626c6f636b2e626c6f636b2e626f6f7473747261705f62726561646372756d6273223b693a373b733a32393a22626c6f636b2e626c6f636b2e626f6f7473747261705f636f6e74656e74223b693a383b733a33303a22626c6f636b2e626c6f636b2e626f6f7473747261705f6d65737361676573223b693a393b733a32393a22626c6f636b2e626c6f636b2e626f6f7473747261705f706f7765726564223b693a31303b733a33343a22626c6f636b2e626c6f636b2e626f6f7473747261705f6163636f756e745f6d656e75223b693a31313b733a32383a22626c6f636b2e626c6f636b2e626f6f7473747261705f666f6f746572223b693a31323b733a33313a22626c6f636b2e626c6f636b2e626f6f7473747261705f6d61696e5f6d656e75223b693a31333b733a32373a22626c6f636b2e626c6f636b2e626f6f7473747261705f746f6f6c73223b7d),
('config.entity.key_store.block', 'theme:gbc', 0x613a31303a7b693a313b733a32343a22626c6f636b2e626c6f636b2e6762635f6272616e64696e67223b693a323b733a32373a22626c6f636b2e626c6f636b2e6762635f62726561646372756d6273223b693a333b733a32333a22626c6f636b2e626c6f636b2e6762635f636f6e74656e74223b693a353b733a32303a22626c6f636b2e626c6f636b2e6762635f68656c70223b693a363b733a32393a22626c6f636b2e626c6f636b2e6762635f6c6f63616c5f616374696f6e73223b693a373b733a32373a22626c6f636b2e626c6f636b2e6762635f6c6f63616c5f7461736b73223b693a383b733a32353a22626c6f636b2e626c6f636b2e6762635f6d61696e5f6d656e75223b693a393b733a32343a22626c6f636b2e626c6f636b2e6762635f6d65737361676573223b693a31303b733a32363a22626c6f636b2e626c6f636b2e6762635f706167655f7469746c65223b693a31343b733a33313a22626c6f636b2e626c6f636b2e74696d65736c6f636174696f6e666f6f746572223b7d),
('config.entity.key_store.block', 'theme:seven', 0x613a393a7b693a303b733a33393a22626c6f636b2e626c6f636b2e736576656e5f7365636f6e646172795f6c6f63616c5f7461736b73223b693a313b733a33373a22626c6f636b2e626c6f636b2e736576656e5f7072696d6172795f6c6f63616c5f7461736b73223b693a323b733a32383a22626c6f636b2e626c6f636b2e736576656e5f706167655f7469746c65223b693a333b733a33313a22626c6f636b2e626c6f636b2e736576656e5f6c6f63616c5f616374696f6e73223b693a343b733a32323a22626c6f636b2e626c6f636b2e736576656e5f68656c70223b693a353b733a32363a22626c6f636b2e626c6f636b2e736576656e5f6d65737361676573223b693a363b733a32353a22626c6f636b2e626c6f636b2e736576656e5f636f6e74656e74223b693a373b733a32393a22626c6f636b2e626c6f636b2e736576656e5f62726561646372756d6273223b693a383b733a32333a22626c6f636b2e626c6f636b2e736576656e5f6c6f67696e223b7d),
('config.entity.key_store.block', 'uuid:0249daba-c5f9-4f83-bd70-3c5c70528da3', 0x613a313a7b693a303b733a33313a22626c6f636b2e626c6f636b2e736576656e5f6c6f63616c5f616374696f6e73223b7d),
('config.entity.key_store.block', 'uuid:074a7b5b-2c8e-4497-80a7-a1db450c8f2d', 0x613a313a7b693a303b733a32383a22626c6f636b2e626c6f636b2e62617274696b5f6d61696e5f6d656e75223b7d),
('config.entity.key_store.block', 'uuid:0b74f7f2-d62c-4570-b39a-29e43e016aad', 0x613a313a7b693a303b733a32373a22626c6f636b2e626c6f636b2e6762635f62726561646372756d6273223b7d),
('config.entity.key_store.block', 'uuid:0dd015e1-d12e-4e65-891e-7c7a8857480f', 0x613a313a7b693a303b733a32393a22626c6f636b2e626c6f636b2e62617274696b5f706167655f7469746c65223b7d),
('config.entity.key_store.block', 'uuid:0f2f8fd4-6da4-4bab-b24f-b9ada483ef2f', 0x613a313a7b693a303b733a32333a22626c6f636b2e626c6f636b2e62617274696b5f68656c70223b7d),
('config.entity.key_store.block', 'uuid:10a3946f-1949-44f5-94a3-cb74c247e3c5', 0x613a313a7b693a303b733a32363a22626c6f636b2e626c6f636b2e626f6f7473747261705f68656c70223b7d),
('config.entity.key_store.block', 'uuid:159820e6-177d-42f9-948a-87be4ed70499', 0x613a313a7b693a303b733a32353a22626c6f636b2e626c6f636b2e62617274696b5f666f6f746572223b7d),
('config.entity.key_store.block', 'uuid:1931b23d-322d-4663-b84c-41473054f914', 0x613a313a7b693a303b733a32353a22626c6f636b2e626c6f636b2e62617274696b5f736561726368223b7d),
('config.entity.key_store.block', 'uuid:1a75fa26-4417-4c15-b26a-7b7d6e36ab57', 0x613a313a7b693a303b733a32353a22626c6f636b2e626c6f636b2e736576656e5f636f6e74656e74223b7d),
('config.entity.key_store.block', 'uuid:2a21859b-462d-4a99-9b28-edd7eac3b0b5', 0x613a313a7b693a303b733a33333a22626c6f636b2e626c6f636b2e626f6f7473747261705f62726561646372756d6273223b7d),
('config.entity.key_store.block', 'uuid:2dec355c-7122-4182-9af0-2a7e32fade33', 0x613a313a7b693a303b733a32383a22626c6f636b2e626c6f636b2e736576656e5f706167655f7469746c65223b7d),
('config.entity.key_store.block', 'uuid:31e85975-4d2b-41ca-a54d-46cbe7d77cc2', 0x613a313a7b693a303b733a32363a22626c6f636b2e626c6f636b2e6762635f706167655f7469746c65223b7d),
('config.entity.key_store.block', 'uuid:339bcae3-2bb3-49c1-bbac-2bfdd7fc2d02', 0x613a313a7b693a303b733a33393a22626c6f636b2e626c6f636b2e736576656e5f7365636f6e646172795f6c6f63616c5f7461736b73223b7d),
('config.entity.key_store.block', 'uuid:4d8c8a19-f7a3-4661-8f32-87546a404ae2', 0x613a313a7b693a303b733a32363a22626c6f636b2e626c6f636b2e62617274696b5f706f7765726564223b7d),
('config.entity.key_store.block', 'uuid:5044f8fc-6e77-46da-a6a8-461e3e9c5406', 0x613a313a7b693a303b733a33343a22626c6f636b2e626c6f636b2e626f6f7473747261705f6163636f756e745f6d656e75223b7d),
('config.entity.key_store.block', 'uuid:62182181-b0ca-4565-a6a5-80946c48859b', 0x613a313a7b693a303b733a32393a22626c6f636b2e626c6f636b2e626f6f7473747261705f706f7765726564223b7d),
('config.entity.key_store.block', 'uuid:681a928b-b92e-4173-bdd9-8347cade4809', 0x613a313a7b693a303b733a32373a22626c6f636b2e626c6f636b2e62617274696b5f6d65737361676573223b7d),
('config.entity.key_store.block', 'uuid:77889f8e-7b9a-4aab-a78a-9f3037bd575a', 0x613a313a7b693a303b733a33303a22626c6f636b2e626c6f636b2e62617274696b5f62726561646372756d6273223b7d),
('config.entity.key_store.block', 'uuid:7c9d8bbd-b38d-4394-bdc7-3559093acc0a', 0x613a313a7b693a303b733a33353a22626c6f636b2e626c6f636b2e626f6f7473747261705f6c6f63616c5f616374696f6e73223b7d),
('config.entity.key_store.block', 'uuid:8034967e-27a9-458c-b5b8-240c9f2f2746', 0x613a313a7b693a303b733a32363a22626c6f636b2e626c6f636b2e736576656e5f6d65737361676573223b7d),
('config.entity.key_store.block', 'uuid:813dca4d-0acc-4680-b1ad-43a7f836e307', 0x613a313a7b693a303b733a32303a22626c6f636b2e626c6f636b2e6762635f68656c70223b7d),
('config.entity.key_store.block', 'uuid:82cf3bf2-2196-4631-b559-58aaadbf2a25', 0x613a313a7b693a303b733a32383a22626c6f636b2e626c6f636b2e626f6f7473747261705f666f6f746572223b7d),
('config.entity.key_store.block', 'uuid:868acd65-0e2a-4de9-ae2f-4731c470a779', 0x613a313a7b693a303b733a33323a22626c6f636b2e626c6f636b2e62617274696b5f6c6f63616c5f616374696f6e73223b7d),
('config.entity.key_store.block', 'uuid:8ee8d82e-3c71-4b19-a589-94a1542137c3', 0x613a313a7b693a303b733a32333a22626c6f636b2e626c6f636b2e736576656e5f6c6f67696e223b7d),
('config.entity.key_store.block', 'uuid:99330be2-5c7a-4c4d-bbaf-250487247157', 0x613a313a7b693a303b733a33373a22626c6f636b2e626c6f636b2e736576656e5f7072696d6172795f6c6f63616c5f7461736b73223b7d),
('config.entity.key_store.block', 'uuid:9b01461a-4b44-43c8-a8b2-201c669b6229', 0x613a313a7b693a303b733a32373a22626c6f636b2e626c6f636b2e62617274696b5f6272616e64696e67223b7d),
('config.entity.key_store.block', 'uuid:9bbbca35-9bba-433d-8e5d-156009ba4adc', 0x613a313a7b693a303b733a33303a22626c6f636b2e626c6f636b2e626f6f7473747261705f6272616e64696e67223b7d),
('config.entity.key_store.block', 'uuid:9deca3a0-3312-4c7f-81b8-0ec18e7075f3', 0x613a313a7b693a303b733a32353a22626c6f636b2e626c6f636b2e6762635f6d61696e5f6d656e75223b7d),
('config.entity.key_store.block', 'uuid:a57d59aa-b1fb-4e18-be3a-da09e8742fbf', 0x613a313a7b693a303b733a33303a22626c6f636b2e626c6f636b2e626f6f7473747261705f6d65737361676573223b7d),
('config.entity.key_store.block', 'uuid:a5ae4790-efb5-4ed7-b4d4-bd824772ac24', 0x613a313a7b693a303b733a32343a22626c6f636b2e626c6f636b2e6762635f6272616e64696e67223b7d),
('config.entity.key_store.block', 'uuid:ab6322e5-c0a6-48d3-b422-4ea67a69eb84', 0x613a313a7b693a303b733a32323a22626c6f636b2e626c6f636b2e736576656e5f68656c70223b7d),
('config.entity.key_store.block', 'uuid:ab9f8928-ff84-424f-b7ae-e11d1b164878', 0x613a313a7b693a303b733a32363a22626c6f636b2e626c6f636b2e62617274696b5f636f6e74656e74223b7d),
('config.entity.key_store.block', 'uuid:ae8f4214-c0c0-437f-a279-57652ab6ad15', 0x613a313a7b693a303b733a32343a22626c6f636b2e626c6f636b2e62617274696b5f746f6f6c73223b7d),
('config.entity.key_store.block', 'uuid:aec2dff2-90c2-41d2-a619-f1a27f63a80c', 0x613a313a7b693a303b733a33333a22626c6f636b2e626c6f636b2e626f6f7473747261705f6c6f63616c5f7461736b73223b7d),
('config.entity.key_store.block', 'uuid:b5ee5ef3-203f-4ac5-82d2-3bf6fb382390', 0x613a313a7b693a303b733a32393a22626c6f636b2e626c6f636b2e6762635f6c6f63616c5f616374696f6e73223b7d),
('config.entity.key_store.block', 'uuid:be25d2b3-6ab0-46d4-b6fc-96147c15bc5f', 0x613a313a7b693a303b733a33313a22626c6f636b2e626c6f636b2e62617274696b5f6163636f756e745f6d656e75223b7d),
('config.entity.key_store.block', 'uuid:cc3f4b09-25e5-4dc7-bf13-31a3028ed88f', 0x613a313a7b693a303b733a33323a22626c6f636b2e626c6f636b2e626f6f7473747261705f706167655f7469746c65223b7d),
('config.entity.key_store.block', 'uuid:cfbfe62a-c66f-4112-9a6b-b19c875d70f7', 0x613a313a7b693a303b733a32383a22626c6f636b2e626c6f636b2e626f6f7473747261705f736561726368223b7d),
('config.entity.key_store.block', 'uuid:d3101f33-9b29-4524-ae21-39bc458c63d6', 0x613a313a7b693a303b733a32373a22626c6f636b2e626c6f636b2e6762635f6c6f63616c5f7461736b73223b7d),
('config.entity.key_store.block', 'uuid:d32bb2ce-6c77-4a47-865c-8d031519757c', 0x613a313a7b693a303b733a33303a22626c6f636b2e626c6f636b2e62617274696b5f6c6f63616c5f7461736b73223b7d),
('config.entity.key_store.block', 'uuid:d4d1a0c3-ef10-4658-a471-60d2e7e4bd6b', 0x613a313a7b693a303b733a33313a22626c6f636b2e626c6f636b2e626f6f7473747261705f6d61696e5f6d656e75223b7d),
('config.entity.key_store.block', 'uuid:d92ff1d5-8198-492c-ac5b-e86988a1dd11', 0x613a313a7b693a303b733a33313a22626c6f636b2e626c6f636b2e74696d65736c6f636174696f6e666f6f746572223b7d),
('config.entity.key_store.block', 'uuid:de2c3adf-4b17-45c0-beb9-d221fc5d5cf7', 0x613a313a7b693a303b733a32393a22626c6f636b2e626c6f636b2e626f6f7473747261705f636f6e74656e74223b7d),
('config.entity.key_store.block', 'uuid:eeb4b28e-0bee-435d-94f3-0c8a61164748', 0x613a313a7b693a303b733a32333a22626c6f636b2e626c6f636b2e6762635f636f6e74656e74223b7d),
('config.entity.key_store.block', 'uuid:ef062b51-31b3-4ba8-a6b6-be67fba8922f', 0x613a313a7b693a303b733a32343a22626c6f636b2e626c6f636b2e6762635f6d65737361676573223b7d),
('config.entity.key_store.block', 'uuid:f03f2cf8-6a25-4655-9371-6037b08945af', 0x613a313a7b693a303b733a32373a22626c6f636b2e626c6f636b2e626f6f7473747261705f746f6f6c73223b7d),
('config.entity.key_store.block', 'uuid:f94053bf-dbdc-4bb6-8f76-75dfcaa54e30', 0x613a313a7b693a303b733a32393a22626c6f636b2e626c6f636b2e736576656e5f62726561646372756d6273223b7d),
('config.entity.key_store.block_content_type', 'uuid:e0e3d3db-5c11-49be-91b6-a35e5c532c44', 0x613a313a7b693a303b733a32343a22626c6f636b5f636f6e74656e742e747970652e6261736963223b7d),
('config.entity.key_store.comment_type', 'uuid:e8381940-bdc0-46c7-a530-34abcb4583a7', 0x613a313a7b693a303b733a32303a22636f6d6d656e742e747970652e636f6d6d656e74223b7d),
('config.entity.key_store.contact_form', 'uuid:a5302c5e-0f42-4f31-9c77-b4ddf608624b', 0x613a313a7b693a303b733a32313a22636f6e746163742e666f726d2e706572736f6e616c223b7d),
('config.entity.key_store.contact_form', 'uuid:a7391496-ca26-49ba-b416-de221916e10b', 0x613a313a7b693a303b733a32313a22636f6e746163742e666f726d2e666565646261636b223b7d),
('config.entity.key_store.date_format', 'uuid:0fda7c50-7159-467b-a7f8-0c13dd3fb185', 0x613a313a7b693a303b733a32313a22636f72652e646174655f666f726d61742e6c6f6e67223b7d),
('config.entity.key_store.date_format', 'uuid:30810531-9f26-4c05-b14b-d4a72cf2629e', 0x613a313a7b693a303b733a32333a22636f72652e646174655f666f726d61742e6d656469756d223b7d),
('config.entity.key_store.date_format', 'uuid:40bb8743-8dd3-418e-be50-fd93495f78ef', 0x613a313a7b693a303b733a32363a22636f72652e646174655f666f726d61742e68746d6c5f64617465223b7d),
('config.entity.key_store.date_format', 'uuid:637f9572-b54c-46c9-ab3e-f8b5f9681619', 0x613a313a7b693a303b733a32363a22636f72652e646174655f666f726d61742e68746d6c5f79656172223b7d),
('config.entity.key_store.date_format', 'uuid:7849539a-b8a8-4e0e-94a7-4b34df8ea218', 0x613a313a7b693a303b733a33303a22636f72652e646174655f666f726d61742e68746d6c5f6461746574696d65223b7d),
('config.entity.key_store.date_format', 'uuid:839d8e7c-0b97-4dc0-b134-55888a1f88db', 0x613a313a7b693a303b733a33353a22636f72652e646174655f666f726d61742e68746d6c5f796561726c6573735f64617465223b7d),
('config.entity.key_store.date_format', 'uuid:a145873c-870d-4960-ace2-97355250936a', 0x613a313a7b693a303b733a32363a22636f72652e646174655f666f726d61742e68746d6c5f7765656b223b7d),
('config.entity.key_store.date_format', 'uuid:c6a05010-8460-482b-8cbc-3fbf44c4cce0', 0x613a313a7b693a303b733a32373a22636f72652e646174655f666f726d61742e68746d6c5f6d6f6e7468223b7d),
('config.entity.key_store.date_format', 'uuid:cb4c6166-2067-4bcf-8fb2-6e0c62a4cb9d', 0x613a313a7b693a303b733a32363a22636f72652e646174655f666f726d61742e68746d6c5f74696d65223b7d),
('config.entity.key_store.date_format', 'uuid:d7e3fd09-41e0-4cdd-b843-33e3c348baf9', 0x613a313a7b693a303b733a32353a22636f72652e646174655f666f726d61742e66616c6c6261636b223b7d),
('config.entity.key_store.date_format', 'uuid:da7d9b69-e9c2-4e03-8824-bc31efb0c7f7', 0x613a313a7b693a303b733a33393a22636f72652e646174655f666f726d61742e646174655f73686f72745f6465635f31305f32303138223b7d),
('config.entity.key_store.date_format', 'uuid:e2182339-bef6-402d-9b3c-71a1fc43ab26', 0x613a313a7b693a303b733a32323a22636f72652e646174655f666f726d61742e73686f7274223b7d),
('config.entity.key_store.editor', 'uuid:232b6be2-9181-4afa-978f-2b355b63e341', 0x613a313a7b693a303b733a32333a22656469746f722e656469746f722e66756c6c5f68746d6c223b7d),
('config.entity.key_store.editor', 'uuid:29c63cea-e6a0-4d8f-bc75-633d6c584df5', 0x613a313a7b693a303b733a32343a22656469746f722e656469746f722e62617369635f68746d6c223b7d),
('config.entity.key_store.entity_form_display', 'uuid:02ed6aa0-5aca-4257-9dd2-f31274bd7043', 0x613a313a7b693a303b733a35323a22636f72652e656e746974795f666f726d5f646973706c61792e6d656469612e7072617965725f6c65747465722e64656661756c74223b7d),
('config.entity.key_store.entity_form_display', 'uuid:234c7b7c-731b-4fdb-8c3a-26c7bc982c26', 0x613a313a7b693a303b733a35323a22636f72652e656e746974795f666f726d5f646973706c61792e626c6f636b5f636f6e74656e742e62617369632e64656661756c74223b7d),
('config.entity.key_store.entity_form_display', 'uuid:3b88bc62-12d7-412e-a3fb-81fd8955e688', 0x613a313a7b693a303b733a34333a22636f72652e656e746974795f666f726d5f646973706c61792e6d656469612e66696c652e64656661756c74223b7d),
('config.entity.key_store.entity_form_display', 'uuid:488c7ba4-df37-4fac-8518-6f7b254de6cb', 0x613a313a7b693a303b733a34383a22636f72652e656e746974795f666f726d5f646973706c61792e636f6d6d656e742e636f6d6d656e742e64656661756c74223b7d),
('config.entity.key_store.entity_form_display', 'uuid:635aafbd-6c38-4d3d-b5b1-a11fb7f53254', 0x613a313a7b693a303b733a34343a22636f72652e656e746974795f666f726d5f646973706c61792e6d656469612e617564696f2e64656661756c74223b7d),
('config.entity.key_store.entity_form_display', 'uuid:6d8656cc-97e9-456e-b349-036f209d749b', 0x613a313a7b693a303b733a34343a22636f72652e656e746974795f666f726d5f646973706c61792e6d656469612e766964656f2e64656661756c74223b7d),
('config.entity.key_store.entity_form_display', 'uuid:7b485382-f8c1-42b5-bd99-5d330bb0ab2c', 0x613a313a7b693a303b733a34323a22636f72652e656e746974795f666f726d5f646973706c61792e6e6f64652e706167652e64656661756c74223b7d),
('config.entity.key_store.entity_form_display', 'uuid:a337415f-bb22-4214-a29d-473c4ca8493a', 0x613a313a7b693a303b733a34343a22636f72652e656e746974795f666f726d5f646973706c61792e6d656469612e696d6167652e64656661756c74223b7d),
('config.entity.key_store.entity_form_display', 'uuid:aba01747-fcc0-4d4d-a41c-e691524bfe40', 0x613a313a7b693a303b733a34353a22636f72652e656e746974795f666f726d5f646973706c61792e6e6f64652e61727469636c652e64656661756c74223b7d),
('config.entity.key_store.entity_form_display', 'uuid:b13c8790-5fb7-4be1-8c10-b668567aff09', 0x613a313a7b693a303b733a34323a22636f72652e656e746974795f666f726d5f646973706c61792e757365722e757365722e64656661756c74223b7d),
('config.entity.key_store.entity_form_display', 'uuid:b7604a6f-a829-4728-8582-d61296646d4e', 0x613a313a7b693a303b733a35313a22636f72652e656e746974795f666f726d5f646973706c61792e6d656469612e72656d6f74655f766964656f2e64656661756c74223b7d),
('config.entity.key_store.entity_form_display', 'uuid:d246498b-b6f0-445d-8a91-85de5000ed79', 0x613a313a7b693a303b733a34373a22636f72652e656e746974795f666f726d5f646973706c61792e6d656469612e62756c6c6574696e2e64656661756c74223b7d),
('config.entity.key_store.entity_form_mode', 'uuid:cd1d882e-da66-44a9-aea8-2c59096e9962', 0x613a313a7b693a303b733a33353a22636f72652e656e746974795f666f726d5f6d6f64652e757365722e7265676973746572223b7d),
('config.entity.key_store.entity_view_display', 'uuid:45526359-d7eb-4cf1-94e0-7213927364f0', 0x613a313a7b693a303b733a34343a22636f72652e656e746974795f766965775f646973706c61792e6e6f64652e61727469636c652e746561736572223b7d),
('config.entity.key_store.entity_view_display', 'uuid:4619d89a-71b5-4dae-9a5b-4409a791f231', 0x613a313a7b693a303b733a34343a22636f72652e656e746974795f766965775f646973706c61792e6d656469612e766964656f2e64656661756c74223b7d),
('config.entity.key_store.entity_view_display', 'uuid:4a175515-4b3a-4133-a6ac-86759070ed95', 0x613a313a7b693a303b733a34323a22636f72652e656e746974795f766965775f646973706c61792e757365722e757365722e64656661756c74223b7d),
('config.entity.key_store.entity_view_display', 'uuid:4c5f353d-20e3-4f0b-b9f0-0ee32e7dae3a', 0x613a313a7b693a303b733a34323a22636f72652e656e746974795f766965775f646973706c61792e6e6f64652e706167652e64656661756c74223b7d),
('config.entity.key_store.entity_view_display', 'uuid:6c375436-bcaa-47b1-b89f-6ae2b34793fd', 0x613a313a7b693a303b733a34313a22636f72652e656e746974795f766965775f646973706c61792e6e6f64652e61727469636c652e727373223b7d),
('config.entity.key_store.entity_view_display', 'uuid:780488af-ff12-403b-aa49-535d3ed0f7f9', 0x613a313a7b693a303b733a34383a22636f72652e656e746974795f766965775f646973706c61792e636f6d6d656e742e636f6d6d656e742e64656661756c74223b7d),
('config.entity.key_store.entity_view_display', 'uuid:7ecabd8d-e816-41fb-8958-e171ffc75abd', 0x613a313a7b693a303b733a34353a22636f72652e656e746974795f766965775f646973706c61792e6e6f64652e61727469636c652e64656661756c74223b7d),
('config.entity.key_store.entity_view_display', 'uuid:8af7951f-e7d9-4952-b8c3-e6b588942db8', 0x613a313a7b693a303b733a34343a22636f72652e656e746974795f766965775f646973706c61792e6d656469612e696d6167652e64656661756c74223b7d),
('config.entity.key_store.entity_view_display', 'uuid:8ba6cbad-2fed-419a-a7d9-e26729e05dee', 0x613a313a7b693a303b733a34313a22636f72652e656e746974795f766965775f646973706c61792e6d656469612e617564696f2e66756c6c223b7d),
('config.entity.key_store.entity_view_display', 'uuid:8c908a85-b568-4083-b47e-e133d07847e3', 0x613a313a7b693a303b733a35323a22636f72652e656e746974795f766965775f646973706c61792e626c6f636b5f636f6e74656e742e62617369632e64656661756c74223b7d),
('config.entity.key_store.entity_view_display', 'uuid:a3644d7d-f8be-4c7a-912b-d59068225665', 0x613a313a7b693a303b733a34313a22636f72652e656e746974795f766965775f646973706c61792e6e6f64652e706167652e746561736572223b7d),
('config.entity.key_store.entity_view_display', 'uuid:b2582847-b27a-4a7c-a43d-0991c1fb419d', 0x613a313a7b693a303b733a35323a22636f72652e656e746974795f766965775f646973706c61792e6d656469612e7072617965725f6c65747465722e64656661756c74223b7d),
('config.entity.key_store.entity_view_display', 'uuid:d2134dbf-4a54-47a2-8b46-8e188fd7d5fa', 0x613a313a7b693a303b733a34343a22636f72652e656e746974795f766965775f646973706c61792e6d656469612e617564696f2e64656661756c74223b7d),
('config.entity.key_store.entity_view_display', 'uuid:d4714161-fba4-4a39-b539-5556d3ed9fec', 0x613a313a7b693a303b733a34323a22636f72652e656e746974795f766965775f646973706c61792e757365722e757365722e636f6d70616374223b7d),
('config.entity.key_store.entity_view_display', 'uuid:da9b4413-7dce-4018-8eaf-bc049b35646f', 0x613a313a7b693a303b733a34333a22636f72652e656e746974795f766965775f646973706c61792e6d656469612e66696c652e64656661756c74223b7d),
('config.entity.key_store.entity_view_display', 'uuid:e15acab3-ba4e-40e7-ba84-5a813b854851', 0x613a313a7b693a303b733a34373a22636f72652e656e746974795f766965775f646973706c61792e6d656469612e62756c6c6574696e2e64656661756c74223b7d),
('config.entity.key_store.entity_view_display', 'uuid:f3381e06-49b5-43c0-b8aa-acb979deedc0', 0x613a313a7b693a303b733a35313a22636f72652e656e746974795f766965775f646973706c61792e6d656469612e72656d6f74655f766964656f2e64656661756c74223b7d),
('config.entity.key_store.entity_view_mode', 'uuid:0a124e32-8c9f-4efd-bfe6-d1414590c8c1', 0x613a313a7b693a303b733a33353a22636f72652e656e746974795f766965775f6d6f64652e636f6d6d656e742e746f6b656e223b7d),
('config.entity.key_store.entity_view_mode', 'uuid:1c9788d7-df7c-4185-ac3a-616855a8fac8', 0x613a313a7b693a303b733a33333a22636f72652e656e746974795f766965775f6d6f64652e6e6f64652e746561736572223b7d),
('config.entity.key_store.entity_view_mode', 'uuid:2059965c-88e4-434f-a9b4-6c6af60d5ba8', 0x613a313a7b693a303b733a34333a22636f72652e656e746974795f766965775f6d6f64652e636f6e746163745f6d6573736167652e746f6b656e223b7d),
('config.entity.key_store.entity_view_mode', 'uuid:2b48105c-f021-461c-92fd-c7fac5cd944e', 0x613a313a7b693a303b733a34353a22636f72652e656e746974795f766965775f6d6f64652e6d656e755f6c696e6b5f636f6e74656e742e746f6b656e223b7d),
('config.entity.key_store.entity_view_mode', 'uuid:33d350d7-9205-4f7a-90e1-7f6f21fd6e2c', 0x613a313a7b693a303b733a33323a22636f72652e656e746974795f766965775f6d6f64652e66696c652e746f6b656e223b7d),
('config.entity.key_store.entity_view_mode', 'uuid:35aecba3-a6e9-4e7f-a4ee-8ff5fcda1827', 0x613a313a7b693a303b733a33323a22636f72652e656e746974795f766965775f6d6f64652e746f75722e746f6b656e223b7d),
('config.entity.key_store.entity_view_mode', 'uuid:3d5bb855-9766-4861-ad8b-f39cb2995f53', 0x613a313a7b693a303b733a33343a22636f72652e656e746974795f766965775f6d6f64652e636f6d6d656e742e66756c6c223b7d),
('config.entity.key_store.entity_view_mode', 'uuid:4d7b9732-439a-49b0-991c-c4dc70a6a9be', 0x613a313a7b693a303b733a33323a22636f72652e656e746974795f766965775f6d6f64652e6d656469612e66756c6c223b7d),
('config.entity.key_store.entity_view_mode', 'uuid:515c9354-275b-43a0-8cfc-87f2d6e332f3', 0x613a313a7b693a303b733a34303a22636f72652e656e746974795f766965775f6d6f64652e626c6f636b5f636f6e74656e742e66756c6c223b7d),
('config.entity.key_store.entity_view_mode', 'uuid:51fe2956-038b-4344-b88d-f9c951ad1c69', 0x613a313a7b693a303b733a33363a22636f72652e656e746974795f766965775f6d6f64652e73686f72746375742e746f6b656e223b7d),
('config.entity.key_store.entity_view_mode', 'uuid:583c8634-1f36-464b-8e23-324d3647e152', 0x613a313a7b693a303b733a33323a22636f72652e656e746974795f766965775f6d6f64652e757365722e746f6b656e223b7d),
('config.entity.key_store.entity_view_mode', 'uuid:58c338c7-65f9-4293-b00c-4816d5798977', 0x613a313a7b693a303b733a34303a22636f72652e656e746974795f766965775f6d6f64652e6e6f64652e7365617263685f726573756c74223b7d),
('config.entity.key_store.entity_view_mode', 'uuid:622226da-4e1b-43bf-b63a-d9a174cae2dd', 0x613a313a7b693a303b733a34303a22636f72652e656e746974795f766965775f6d6f64652e706167655f76617269616e742e746f6b656e223b7d),
('config.entity.key_store.entity_view_mode', 'uuid:6f6015f4-747c-4619-9fc1-722ab342e962', 0x613a313a7b693a303b733a33323a22636f72652e656e746974795f766965775f6d6f64652e6e6f64652e746f6b656e223b7d),
('config.entity.key_store.entity_view_mode', 'uuid:7a77703c-cb84-4ae8-847d-1a4f0f0dd894', 0x613a313a7b693a303b733a33303a22636f72652e656e746974795f766965775f6d6f64652e6e6f64652e727373223b7d),
('config.entity.key_store.entity_view_mode', 'uuid:7baaed92-10df-4ac4-823f-584ccc26cf1f', 0x613a313a7b693a303b733a34313a22636f72652e656e746974795f766965775f6d6f64652e7461786f6e6f6d795f7465726d2e746f6b656e223b7d),
('config.entity.key_store.entity_view_mode', 'uuid:a7a3535c-d9f8-4c79-a497-53740056fd90', 0x613a313a7b693a303b733a33343a22636f72652e656e746974795f766965775f6d6f64652e757365722e636f6d70616374223b7d),
('config.entity.key_store.entity_view_mode', 'uuid:aa9ed167-a0ad-4c18-80c9-1953a551dba0', 0x613a313a7b693a303b733a33313a22636f72652e656e746974795f766965775f6d6f64652e757365722e66756c6c223b7d),
('config.entity.key_store.entity_view_mode', 'uuid:ca00f863-371b-42b9-a10b-76b45e52a6e8', 0x613a313a7b693a303b733a33393a22636f72652e656e746974795f766965775f6d6f64652e6e6f64652e7365617263685f696e646578223b7d),
('config.entity.key_store.entity_view_mode', 'uuid:cc94e265-42df-4ee5-bb22-0660040cba29', 0x613a313a7b693a303b733a33313a22636f72652e656e746974795f766965775f6d6f64652e6e6f64652e66756c6c223b7d),
('config.entity.key_store.entity_view_mode', 'uuid:eea41d47-b9c2-4ab4-bcac-de495aa1b175', 0x613a313a7b693a303b733a33333a22636f72652e656e746974795f766965775f6d6f64652e626c6f636b2e746f6b656e223b7d),
('config.entity.key_store.entity_view_mode', 'uuid:f0632107-87fe-428f-bb26-7a2515bb6da6', 0x613a313a7b693a303b733a34303a22636f72652e656e746974795f766965775f6d6f64652e7461786f6e6f6d795f7465726d2e66756c6c223b7d),
('config.entity.key_store.entity_view_mode', 'uuid:fe61eb13-706a-476f-a30b-ce4f88b70d47', 0x613a313a7b693a303b733a34313a22636f72652e656e746974795f766965775f6d6f64652e626c6f636b5f636f6e74656e742e746f6b656e223b7d),
('config.entity.key_store.field_config', 'uuid:028c3b74-d9b6-4773-8657-7bb4873e2734', 0x613a313a7b693a303b733a34363a226669656c642e6669656c642e6d656469612e617564696f2e6669656c645f6d656469615f617564696f5f66696c65223b7d),
('config.entity.key_store.field_config', 'uuid:0474fa2a-cf0c-40da-b1bd-495900bedd91', 0x613a313a7b693a303b733a33363a226669656c642e6669656c642e6e6f64652e61727469636c652e6669656c645f696d616765223b7d),
('config.entity.key_store.field_config', 'uuid:1d70ac67-60ea-49c7-bbc2-ef72535ebd92', 0x613a313a7b693a303b733a35353a226669656c642e6669656c642e6d656469612e72656d6f74655f766964656f2e6669656c645f6d656469615f6f656d6265645f766964656f223b7d),
('config.entity.key_store.field_config', 'uuid:288ba17a-84d3-44be-a592-9acb2e2968ea', 0x613a313a7b693a303b733a34393a226669656c642e6669656c642e6d656469612e7072617965725f6c65747465722e6669656c645f6c65747465725f64617465223b7d),
('config.entity.key_store.field_config', 'uuid:68e3d2bb-7566-427c-a516-b12458de391c', 0x613a313a7b693a303b733a33353a226669656c642e6669656c642e6e6f64652e61727469636c652e6669656c645f74616773223b7d),
('config.entity.key_store.field_config', 'uuid:6c314373-4c73-4d23-b859-19a8fa6b8c5e', 0x613a313a7b693a303b733a34313a226669656c642e6669656c642e6d656469612e696d6167652e6669656c645f6d656469615f696d616765223b7d),
('config.entity.key_store.field_config', 'uuid:79958c35-56d7-4046-80db-0ddc42de20bc', 0x613a313a7b693a303b733a33383a226669656c642e6669656c642e6d656469612e617564696f2e6669656c645f7072656163686572223b7d),
('config.entity.key_store.field_config', 'uuid:84a9428b-1492-4355-9002-d633afc0389f', 0x613a313a7b693a303b733a32363a226669656c642e6669656c642e6e6f64652e706167652e626f6479223b7d),
('config.entity.key_store.field_config', 'uuid:8855617c-3fe5-4802-94ec-fafec0650a45', 0x613a313a7b693a303b733a33343a226669656c642e6669656c642e757365722e757365722e757365725f70696374757265223b7d),
('config.entity.key_store.field_config', 'uuid:98d8c4e5-171d-48da-b565-6faa85e1c3f7', 0x613a313a7b693a303b733a34353a226669656c642e6669656c642e6d656469612e62756c6c6574696e2e6669656c645f736572766963655f64617465223b7d),
('config.entity.key_store.field_config', 'uuid:99b02592-89cb-4a33-b2b6-6779c1e5dbd1', 0x613a313a7b693a303b733a35303a226669656c642e6669656c642e6d656469612e7072617965725f6c65747465722e6669656c645f6d656469615f66696c655f32223b7d),
('config.entity.key_store.field_config', 'uuid:b0a98920-cedc-4742-9aff-5f15c263be07', 0x613a313a7b693a303b733a34303a226669656c642e6669656c642e636f6d6d656e742e636f6d6d656e742e636f6d6d656e745f626f6479223b7d),
('config.entity.key_store.field_config', 'uuid:b2c7bf58-c4e3-45d2-97a8-0368a40b33a1', 0x613a313a7b693a303b733a33393a226669656c642e6669656c642e6d656469612e66696c652e6669656c645f6d656469615f66696c65223b7d),
('config.entity.key_store.field_config', 'uuid:cb78a449-2c3e-4fc3-86a4-0fe94a7e1efd', 0x613a313a7b693a303b733a34333a226669656c642e6669656c642e6d656469612e617564696f2e6669656c645f646174655f7072656163686564223b7d),
('config.entity.key_store.field_config', 'uuid:dd06d6fc-90fb-4564-98ff-1729d248fb56', 0x613a313a7b693a303b733a33363a226669656c642e6669656c642e626c6f636b5f636f6e74656e742e62617369632e626f6479223b7d),
('config.entity.key_store.field_config', 'uuid:ddae6626-3fe6-4bc8-af8f-a4ca5345d070', 0x613a313a7b693a303b733a34353a226669656c642e6669656c642e6d656469612e62756c6c6574696e2e6669656c645f6d656469615f66696c655f31223b7d),
('config.entity.key_store.field_config', 'uuid:ee68783c-eeb9-4bea-8cfe-460174f64999', 0x613a313a7b693a303b733a32393a226669656c642e6669656c642e6e6f64652e61727469636c652e626f6479223b7d),
('config.entity.key_store.field_config', 'uuid:fc6fce65-cbc6-47fe-bf21-114b7a77af6f', 0x613a313a7b693a303b733a34363a226669656c642e6669656c642e6d656469612e766964656f2e6669656c645f6d656469615f766964656f5f66696c65223b7d),
('config.entity.key_store.field_storage_config', 'uuid:1841ae9c-90a6-44ed-9f82-59043ea97f61', 0x613a313a7b693a303b733a33363a226669656c642e73746f726167652e6d656469612e6669656c645f6d656469615f66696c65223b7d),
('config.entity.key_store.field_storage_config', 'uuid:1af91765-afb0-45f7-b89d-9b5b9d88db35', 0x613a313a7b693a303b733a33383a226669656c642e73746f726167652e6d656469612e6669656c645f6d656469615f66696c655f32223b7d),
('config.entity.key_store.field_storage_config', 'uuid:1bf2dc98-35f7-40a3-aabe-440aac238ff6', 0x613a313a7b693a303b733a33383a226669656c642e73746f726167652e6d656469612e6669656c645f6d656469615f66696c655f31223b7d),
('config.entity.key_store.field_storage_config', 'uuid:2e4f96a3-cbea-4341-abfb-9902b589f7e7', 0x613a313a7b693a303b733a33323a226669656c642e73746f726167652e626c6f636b5f636f6e74656e742e626f6479223b7d),
('config.entity.key_store.field_storage_config', 'uuid:3da84c13-f705-48b5-ab1e-f8ef22a1d665', 0x613a313a7b693a303b733a33393a226669656c642e73746f726167652e6d656469612e6669656c645f646174655f7072656163686564223b7d),
('config.entity.key_store.field_storage_config', 'uuid:41942d26-2bae-494b-91e6-46273199ed17', 0x613a313a7b693a303b733a33313a226669656c642e73746f726167652e757365722e757365725f70696374757265223b7d),
('config.entity.key_store.field_storage_config', 'uuid:5661a8c2-0776-4db5-9e8d-911920dc625d', 0x613a313a7b693a303b733a34323a226669656c642e73746f726167652e6d656469612e6669656c645f6d656469615f617564696f5f66696c65223b7d),
('config.entity.key_store.field_storage_config', 'uuid:6ddcb52d-bfe5-4091-b713-28ea49d06adb', 0x613a313a7b693a303b733a33343a226669656c642e73746f726167652e6d656469612e6669656c645f7072656163686572223b7d),
('config.entity.key_store.field_storage_config', 'uuid:80473440-03e3-454d-8ccd-d0d494b2480e', 0x613a313a7b693a303b733a33373a226669656c642e73746f726167652e6d656469612e6669656c645f6c65747465725f64617465223b7d),
('config.entity.key_store.field_storage_config', 'uuid:95faf0a3-f983-483a-acc7-4a08acffd6f9', 0x613a313a7b693a303b733a34323a226669656c642e73746f726167652e6d656469612e6669656c645f6d656469615f766964656f5f66696c65223b7d),
('config.entity.key_store.field_storage_config', 'uuid:a7ef69bb-f6dc-4ad0-afb5-ab6a7715c2f0', 0x613a313a7b693a303b733a33383a226669656c642e73746f726167652e6d656469612e6669656c645f736572766963655f64617465223b7d),
('config.entity.key_store.field_storage_config', 'uuid:b7d35ce9-71f8-4f19-9a77-3aeba6e3b664', 0x613a313a7b693a303b733a33343a226669656c642e73746f726167652e636f6d6d656e742e636f6d6d656e745f626f6479223b7d),
('config.entity.key_store.field_storage_config', 'uuid:c0e854bb-3673-49f9-8168-7fe3910ec4bd', 0x613a313a7b693a303b733a33303a226669656c642e73746f726167652e6e6f64652e6669656c645f696d616765223b7d),
('config.entity.key_store.field_storage_config', 'uuid:d86a2f14-b4da-40e2-9f38-d75a6300980c', 0x613a313a7b693a303b733a33373a226669656c642e73746f726167652e6d656469612e6669656c645f6d656469615f696d616765223b7d),
('config.entity.key_store.field_storage_config', 'uuid:d98e1995-0598-4255-8d00-8cd5de9d4483', 0x613a313a7b693a303b733a34343a226669656c642e73746f726167652e6d656469612e6669656c645f6d656469615f6f656d6265645f766964656f223b7d),
('config.entity.key_store.field_storage_config', 'uuid:e3ff8be9-0c97-47d1-9df8-b68c784d98d0', 0x613a313a7b693a303b733a32393a226669656c642e73746f726167652e6e6f64652e6669656c645f74616773223b7d),
('config.entity.key_store.field_storage_config', 'uuid:f2d329fc-fc1e-4e5f-87f0-0e0b67c86e90', 0x613a313a7b693a303b733a32333a226669656c642e73746f726167652e6e6f64652e626f6479223b7d),
('config.entity.key_store.filter_format', 'uuid:13884555-f55a-478b-a281-bc17d2f88726', 0x613a313a7b693a303b733a32343a2266696c7465722e666f726d61742e646576656c5f68746d6c223b7d),
('config.entity.key_store.filter_format', 'uuid:6a961fe0-b618-4871-b4c4-59acdb4d6ac9', 0x613a313a7b693a303b733a32343a2266696c7465722e666f726d61742e706c61696e5f74657874223b7d),
('config.entity.key_store.filter_format', 'uuid:98bb9d2a-7e55-4a86-81c6-093a1535df01', 0x613a313a7b693a303b733a32333a2266696c7465722e666f726d61742e66756c6c5f68746d6c223b7d),
('config.entity.key_store.filter_format', 'uuid:bb8fdf54-5509-4566-871a-f4230faaf4e4', 0x613a313a7b693a303b733a32343a2266696c7465722e666f726d61742e62617369635f68746d6c223b7d),
('config.entity.key_store.filter_format', 'uuid:d2817e3d-d38c-43b9-9a23-ea8284822275', 0x613a313a7b693a303b733a32393a2266696c7465722e666f726d61742e726573747269637465645f68746d6c223b7d),
('config.entity.key_store.image_style', 'uuid:477272de-70e2-42f5-8d1d-9f527d6b2f9c', 0x613a313a7b693a303b733a31373a22696d6167652e7374796c652e6c61726765223b7d),
('config.entity.key_store.image_style', 'uuid:b6cda710-4b57-4c88-ad32-fb946290663f', 0x613a313a7b693a303b733a32313a22696d6167652e7374796c652e7468756d626e61696c223b7d),
('config.entity.key_store.image_style', 'uuid:ef150e88-b136-4dd2-90c1-c52ae14ef3a5', 0x613a313a7b693a303b733a31383a22696d6167652e7374796c652e6d656469756d223b7d),
('config.entity.key_store.image_style', 'uuid:fb735526-04ac-4c00-b2d6-22bffa2bc986', 0x613a313a7b693a303b733a32303a22696d6167652e7374796c652e6361726f7573656c223b7d),
('config.entity.key_store.imce_profile', 'uuid:407fdc12-d4e0-495f-9a87-8fa5125f44e3', 0x613a313a7b693a303b733a31383a22696d63652e70726f66696c652e61646d696e223b7d),
('config.entity.key_store.imce_profile', 'uuid:f5423b0b-b74b-4f6f-8395-bc6facfbda4b', 0x613a313a7b693a303b733a31393a22696d63652e70726f66696c652e6d656d626572223b7d),
('config.entity.key_store.media_type', 'uuid:0f01b75c-edfc-4358-a25f-94b58b51208e', 0x613a313a7b693a303b733a31363a226d656469612e747970652e766964656f223b7d),
('config.entity.key_store.media_type', 'uuid:3eab3382-4585-4517-bf1d-4782025fa3c9', 0x613a313a7b693a303b733a32333a226d656469612e747970652e72656d6f74655f766964656f223b7d),
('config.entity.key_store.media_type', 'uuid:74831ea5-0714-47c3-9bd5-9181b703901f', 0x613a313a7b693a303b733a32343a226d656469612e747970652e7072617965725f6c6574746572223b7d),
('config.entity.key_store.media_type', 'uuid:904dc632-47a4-4ac5-b931-007a52956409', 0x613a313a7b693a303b733a31353a226d656469612e747970652e66696c65223b7d),
('config.entity.key_store.media_type', 'uuid:ad4aa2e1-a070-4ec6-b54e-aa253f1f6f24', 0x613a313a7b693a303b733a31363a226d656469612e747970652e696d616765223b7d),
('config.entity.key_store.media_type', 'uuid:bfcd843b-c28f-4f57-868f-d556d6bfcd1b', 0x613a313a7b693a303b733a31393a226d656469612e747970652e62756c6c6574696e223b7d),
('config.entity.key_store.media_type', 'uuid:e003b8a7-211b-46f2-9c23-d59c24ceb8e0', 0x613a313a7b693a303b733a31363a226d656469612e747970652e617564696f223b7d),
('config.entity.key_store.menu', 'uuid:147769e9-2efa-416f-96b2-be2223b29346', 0x613a313a7b693a303b733a31373a2273797374656d2e6d656e752e61646d696e223b7d),
('config.entity.key_store.menu', 'uuid:4aa73ecd-88c6-4b25-9982-32a195ec5f4d', 0x613a313a7b693a303b733a31373a2273797374656d2e6d656e752e746f6f6c73223b7d),
('config.entity.key_store.menu', 'uuid:aa1ca578-640b-49ec-8fd2-20ed3cc6352c', 0x613a313a7b693a303b733a31383a2273797374656d2e6d656e752e666f6f746572223b7d),
('config.entity.key_store.menu', 'uuid:df9e00ad-b452-4ee9-80d1-7b86b6ec3b6f', 0x613a313a7b693a303b733a31393a2273797374656d2e6d656e752e6163636f756e74223b7d),
('config.entity.key_store.menu', 'uuid:eda19535-ea3b-4c9d-b757-17e56df63d81', 0x613a313a7b693a303b733a31363a2273797374656d2e6d656e752e6d61696e223b7d),
('config.entity.key_store.node_type', 'uuid:a0f385b7-4217-4fa4-94fc-f140c8cd46e7', 0x613a313a7b693a303b733a31373a226e6f64652e747970652e61727469636c65223b7d),
('config.entity.key_store.node_type', 'uuid:cd33a7d6-68cb-433d-9c52-c434b5654f83', 0x613a313a7b693a303b733a31343a226e6f64652e747970652e70616765223b7d),
('config.entity.key_store.page', 'uuid:05acb856-64ba-4e7c-8c24-7d71f0814a3b', 0x613a313a7b693a303b733a32373a22706167655f6d616e616765722e706167652e61626f75745f676263223b7d),
('config.entity.key_store.page', 'uuid:18674f12-afb8-4024-8424-c87362ee246e', 0x613a313a7b693a303b733a33323a22706167655f6d616e616765722e706167652e7072617965725f6c657474657273223b7d),
('config.entity.key_store.page', 'uuid:2f21acc5-a646-48ef-8ad1-962690d4d651', 0x613a313a7b693a303b733a32373a22706167655f6d616e616765722e706167652e62756c6c6574696e73223b7d),
('config.entity.key_store.page', 'uuid:40870816-be75-4fb8-8e03-d0b4407ac383', 0x613a313a7b693a303b733a32373a22706167655f6d616e616765722e706167652e686f6d655f70616765223b7d),
('config.entity.key_store.page', 'uuid:49f3e023-530d-4d62-bc76-f9ea0e18695f', 0x613a313a7b693a303b733a31393a22706167655f6d616e616765722e706167652e74223b7d),
('config.entity.key_store.page', 'uuid:99dd56e8-98a2-4305-9ff4-6370768cb05c', 0x613a313a7b693a303b733a33323a22706167655f6d616e616765722e706167652e796f7574685f6d696e6973747279223b7d),
('config.entity.key_store.page', 'uuid:b47e3a2a-5f90-4143-bb5c-695eb7dc6b12', 0x613a313a7b693a303b733a32373a22706167655f6d616e616765722e706167652e6e6f64655f76696577223b7d),
('config.entity.key_store.page', 'uuid:e33aacc6-b856-48c0-bc69-db03ee4bcc18', 0x613a313a7b693a303b733a33323a22706167655f6d616e616765722e706167652e776861745f746f5f657870656374223b7d),
('config.entity.key_store.page', 'uuid:e34c7e27-fc0f-4baf-96e5-724b44f4a49e', 0x613a313a7b693a303b733a32393a22706167655f6d616e616765722e706167652e7365726d6f6e5f70616765223b7d),
('config.entity.key_store.page', 'uuid:e7547adc-8949-45c2-9191-f78e44747dfc', 0x613a313a7b693a303b733a34333a22706167655f6d616e616765722e706167652e77656c636f6d655f6d6573736167655f616e645f766964656f223b7d),
('config.entity.key_store.page_variant', 'page:about_gbc', 0x613a313a7b693a303b733a35323a22706167655f6d616e616765722e706167655f76617269616e742e61626f75745f6762632d70616e656c735f76617269616e742d30223b7d),
('config.entity.key_store.page_variant', 'page:bulletins', 0x613a323a7b693a303b733a35313a22706167655f6d616e616765722e706167655f76617269616e742e62756c6c6574696e732d626c6f636b5f646973706c61792d30223b693a313b733a35313a22706167655f6d616e616765722e706167655f76617269616e742e62756c6c6574696e732d626c6f636b5f646973706c61792d31223b7d),
('config.entity.key_store.page_variant', 'page:home_page', 0x613a313a7b693a303b733a35323a22706167655f6d616e616765722e706167655f76617269616e742e686f6d655f706167652d70616e656c735f76617269616e742d30223b7d),
('config.entity.key_store.page_variant', 'page:prayer_letters', 0x613a313a7b693a303b733a35363a22706167655f6d616e616765722e706167655f76617269616e742e7072617965725f6c6574746572732d626c6f636b5f646973706c61792d30223b7d),
('config.entity.key_store.page_variant', 'page:sermon_page', 0x613a313a7b693a303b733a35333a22706167655f6d616e616765722e706167655f76617269616e742e7365726d6f6e5f706167652d626c6f636b5f646973706c61792d30223b7d),
('config.entity.key_store.page_variant', 'page:t', 0x613a313a7b693a303b733a34343a22706167655f6d616e616765722e706167655f76617269616e742e742d70616e656c735f76617269616e742d30223b7d),
('config.entity.key_store.page_variant', 'page:welcome_message_and_video', 0x613a313a7b693a303b733a36383a22706167655f6d616e616765722e706167655f76617269616e742e77656c636f6d655f6d6573736167655f616e645f766964656f2d70616e656c735f76617269616e742d30223b7d),
('config.entity.key_store.page_variant', 'page:what_to_expect', 0x613a313a7b693a303b733a35363a22706167655f6d616e616765722e706167655f76617269616e742e776861745f746f5f6578706563742d626c6f636b5f646973706c61792d30223b7d),
('config.entity.key_store.page_variant', 'page:youth_ministry', 0x613a313a7b693a303b733a35363a22706167655f6d616e616765722e706167655f76617269616e742e796f7574685f6d696e69737472792d626c6f636b5f646973706c61792d30223b7d),
('config.entity.key_store.page_variant', 'uuid:3118c658-1f9a-4b39-84bb-a1a64b0c58db', 0x613a313a7b693a303b733a35333a22706167655f6d616e616765722e706167655f76617269616e742e7365726d6f6e5f706167652d626c6f636b5f646973706c61792d30223b7d),
('config.entity.key_store.page_variant', 'uuid:33161bac-6044-403e-9501-1825e07f9085', 0x613a313a7b693a303b733a34343a22706167655f6d616e616765722e706167655f76617269616e742e742d70616e656c735f76617269616e742d30223b7d),
('config.entity.key_store.page_variant', 'uuid:3e10e015-052f-4149-8637-200bf5d4165a', 0x613a313a7b693a303b733a35363a22706167655f6d616e616765722e706167655f76617269616e742e796f7574685f6d696e69737472792d626c6f636b5f646973706c61792d30223b7d),
('config.entity.key_store.page_variant', 'uuid:864e9eb1-1a5d-484b-ba68-66d0128e6510', 0x613a313a7b693a303b733a36383a22706167655f6d616e616765722e706167655f76617269616e742e77656c636f6d655f6d6573736167655f616e645f766964656f2d70616e656c735f76617269616e742d30223b7d),
('config.entity.key_store.page_variant', 'uuid:8a3a7b28-eefb-433e-852b-bc53a429e95a', 0x613a313a7b693a303b733a35313a22706167655f6d616e616765722e706167655f76617269616e742e62756c6c6574696e732d626c6f636b5f646973706c61792d31223b7d),
('config.entity.key_store.page_variant', 'uuid:a0b13698-205b-4a66-9ebf-72b1b8da3939', 0x613a313a7b693a303b733a35323a22706167655f6d616e616765722e706167655f76617269616e742e61626f75745f6762632d70616e656c735f76617269616e742d30223b7d),
('config.entity.key_store.page_variant', 'uuid:b3440102-535e-4db2-9b1b-642e1816442c', 0x613a313a7b693a303b733a35363a22706167655f6d616e616765722e706167655f76617269616e742e776861745f746f5f6578706563742d626c6f636b5f646973706c61792d30223b7d);
INSERT INTO `key_value` (`collection`, `name`, `value`) VALUES
('config.entity.key_store.page_variant', 'uuid:b6584adb-d979-4efa-a150-d822a4339551', 0x613a313a7b693a303b733a35323a22706167655f6d616e616765722e706167655f76617269616e742e686f6d655f706167652d70616e656c735f76617269616e742d30223b7d),
('config.entity.key_store.page_variant', 'uuid:b90bf51f-a273-486d-b163-ac65505c0214', 0x613a313a7b693a303b733a35363a22706167655f6d616e616765722e706167655f76617269616e742e7072617965725f6c6574746572732d626c6f636b5f646973706c61792d30223b7d),
('config.entity.key_store.page_variant', 'uuid:e3ee8f60-ef85-423c-b758-6a24406d9656', 0x613a313a7b693a303b733a35313a22706167655f6d616e616765722e706167655f76617269616e742e62756c6c6574696e732d626c6f636b5f646973706c61792d30223b7d),
('config.entity.key_store.pathauto_pattern', 'status:1', 0x613a323a7b693a303b733a33303a22706174686175746f2e7061747465726e2e636f6e74656e745f6261736963223b693a313b733a32383a22706174686175746f2e7061747465726e2e626c6f636b5f6261736963223b7d),
('config.entity.key_store.pathauto_pattern', 'type:canonical_entities:block_content', 0x613a313a7b693a303b733a32383a22706174686175746f2e7061747465726e2e626c6f636b5f6261736963223b7d),
('config.entity.key_store.pathauto_pattern', 'type:canonical_entities:node', 0x613a313a7b693a303b733a33303a22706174686175746f2e7061747465726e2e636f6e74656e745f6261736963223b7d),
('config.entity.key_store.pathauto_pattern', 'uuid:10cca794-8631-44e9-9230-15146f14ef43', 0x613a313a7b693a303b733a32383a22706174686175746f2e7061747465726e2e626c6f636b5f6261736963223b7d),
('config.entity.key_store.pathauto_pattern', 'uuid:f5880aeb-5ef6-4527-b189-b1a3e1c0a398', 0x613a313a7b693a303b733a33303a22706174686175746f2e7061747465726e2e636f6e74656e745f6261736963223b7d),
('config.entity.key_store.rdf_mapping', 'uuid:2222909c-b798-4f87-807e-a8a8a2c7b9a6', 0x613a313a7b693a303b733a32313a227264662e6d617070696e672e6e6f64652e70616765223b7d),
('config.entity.key_store.rdf_mapping', 'uuid:38cf163a-99f4-4398-8fff-d3428ee2cd30', 0x613a313a7b693a303b733a32313a227264662e6d617070696e672e757365722e75736572223b7d),
('config.entity.key_store.rdf_mapping', 'uuid:500df1be-1883-48bd-9058-33dd21945cfb', 0x613a313a7b693a303b733a32373a227264662e6d617070696e672e636f6d6d656e742e636f6d6d656e74223b7d),
('config.entity.key_store.rdf_mapping', 'uuid:bba70695-e552-4192-a44a-64da1c9effa4', 0x613a313a7b693a303b733a33303a227264662e6d617070696e672e7461786f6e6f6d795f7465726d2e74616773223b7d),
('config.entity.key_store.rdf_mapping', 'uuid:e3a85123-f687-49fc-be96-0839834b1791', 0x613a313a7b693a303b733a32343a227264662e6d617070696e672e6e6f64652e61727469636c65223b7d),
('config.entity.key_store.search_page', 'uuid:9aff33af-d6af-4477-88ea-e9762be5a23d', 0x613a313a7b693a303b733a32333a227365617263682e706167652e6e6f64655f736561726368223b7d),
('config.entity.key_store.search_page', 'uuid:b24f8a5a-0b9d-4150-be82-f8c9abec5855', 0x613a313a7b693a303b733a32333a227365617263682e706167652e757365725f736561726368223b7d),
('config.entity.key_store.shortcut_set', 'uuid:ec99eb73-970e-4830-92f7-9855d96ad209', 0x613a313a7b693a303b733a32303a2273686f72746375742e7365742e64656661756c74223b7d),
('config.entity.key_store.taxonomy_vocabulary', 'uuid:f4a14739-e0fe-4e9b-9b16-ff51bd1d7891', 0x613a313a7b693a303b733a32343a227461786f6e6f6d792e766f636162756c6172792e74616773223b7d),
('config.entity.key_store.tour', 'routes.*.route_name:entity.view.edit_display_form', 0x613a313a7b693a303b733a31383a22746f75722e746f75722e76696577732d7569223b7d),
('config.entity.key_store.tour', 'routes.*.route_name:entity.view.edit_form', 0x613a313a7b693a303b733a31383a22746f75722e746f75722e76696577732d7569223b7d),
('config.entity.key_store.tour', 'uuid:aca2a1e3-5a6f-4cd7-899c-686c294789fb', 0x613a313a7b693a303b733a31383a22746f75722e746f75722e76696577732d7569223b7d),
('config.entity.key_store.user_role', 'uuid:7be25350-12e1-4eae-bcc6-3b94cf3e5f01', 0x613a313a7b693a303b733a32333a22757365722e726f6c652e61646d696e6973747261746f72223b7d),
('config.entity.key_store.user_role', 'uuid:855b2203-0468-4e65-9199-48845c53409a', 0x613a313a7b693a303b733a31363a22757365722e726f6c652e656469746f72223b7d),
('config.entity.key_store.user_role', 'uuid:e4c88025-8167-4010-b988-4689832af017', 0x613a313a7b693a303b733a32333a22757365722e726f6c652e61757468656e74696361746564223b7d),
('config.entity.key_store.user_role', 'uuid:e86c8583-c123-4705-adb3-337c7fc07266', 0x613a313a7b693a303b733a31393a22757365722e726f6c652e616e6f6e796d6f7573223b7d),
('config.entity.key_store.view', 'uuid:057c6e4d-654d-48e6-b8da-5555a142d50a', 0x613a313a7b693a303b733a32303a2276696577732e766965772e62756c6c6574696e73223b7d),
('config.entity.key_store.view', 'uuid:06c03f37-7306-4f24-8a18-71abbb44600e', 0x613a313a7b693a303b733a31383a2276696577732e766965772e636f6d6d656e74223b7d),
('config.entity.key_store.view', 'uuid:1e335449-0747-4d18-83c0-40ecb3ff2417', 0x613a313a7b693a303b733a32303a2276696577732e766965772e66726f6e7470616765223b7d),
('config.entity.key_store.view', 'uuid:26fdfc1f-3f33-41bb-b2b0-260a388d7e90', 0x613a313a7b693a303b733a31363a2276696577732e766965772e66696c6573223b7d),
('config.entity.key_store.view', 'uuid:2c910034-971f-4e2c-88f9-ad9dada50aba', 0x613a313a7b693a303b733a32383a2276696577732e766965772e7365726d6f6e5f617564696f5f6c697374223b7d),
('config.entity.key_store.view', 'uuid:35a46433-a6d8-4a1f-b568-0da6b13dd504', 0x613a313a7b693a303b733a32383a2276696577732e766965772e66726f6e745f706167655f736c69646572223b7d),
('config.entity.key_store.view', 'uuid:3e17798e-094e-46d7-bd09-ab751351026f', 0x613a313a7b693a303b733a32383a2276696577732e766965772e757365725f61646d696e5f70656f706c65223b7d),
('config.entity.key_store.view', 'uuid:517784bf-b78e-4dea-aa9e-f4c3f43d1bab', 0x613a313a7b693a303b733a32363a2276696577732e766965772e636f6d6d656e74735f726563656e74223b7d),
('config.entity.key_store.view', 'uuid:55016656-6979-4bf0-be6e-e1d9c0ca7600', 0x613a313a7b693a303b733a32343a2276696577732e766965772e7461786f6e6f6d795f7465726d223b7d),
('config.entity.key_store.view', 'uuid:6ce5fe23-178b-4c34-9e8e-fc6fea71e8cd', 0x613a313a7b693a303b733a31393a2276696577732e766965772e676c6f7373617279223b7d),
('config.entity.key_store.view', 'uuid:7568c85f-cc4f-4c05-b17e-72762c8591f7', 0x613a313a7b693a303b733a31353a2276696577732e766965772e74657374223b7d),
('config.entity.key_store.view', 'uuid:9aa6dc97-2acf-467c-b302-ae44c1a89245', 0x613a313a7b693a303b733a32333a2276696577732e766965772e77686f5f735f6f6e6c696e65223b7d),
('config.entity.key_store.view', 'uuid:a44de0f2-f576-43ba-8959-99253e00959d', 0x613a313a7b693a303b733a31393a2276696577732e766965772e7761746368646f67223b7d),
('config.entity.key_store.view', 'uuid:a48f4f70-452a-4a65-8648-086249d375b5', 0x613a313a7b693a303b733a31383a2276696577732e766965772e61726368697665223b7d),
('config.entity.key_store.view', 'uuid:b93252e7-6918-488e-90e8-e9703d618f5c', 0x613a313a7b693a303b733a31383a2276696577732e766965772e636f6e74656e74223b7d),
('config.entity.key_store.view', 'uuid:bc25736f-f711-4ae3-8f84-1ee94654715e', 0x613a313a7b693a303b733a32353a2276696577732e766965772e7072617965725f6c657474657273223b7d),
('config.entity.key_store.view', 'uuid:c4be9b65-0afb-4218-a5aa-6e90dbcbfbd5', 0x613a313a7b693a303b733a31363a2276696577732e766965772e6d65646961223b7d),
('config.entity.key_store.view', 'uuid:d99b72e8-f42f-4575-9f86-adbdd6eb91b4', 0x613a313a7b693a303b733a32303a2276696577732e766965772e77686f5f735f6e6577223b7d),
('config.entity.key_store.view', 'uuid:d9fa2637-ae1a-4955-8d7d-f1861eed12b1', 0x613a313a7b693a303b733a32343a2276696577732e766965772e626c6f636b5f636f6e74656e74223b7d),
('config.entity.key_store.view', 'uuid:e1b5ff10-fae0-4e78-a1de-c41eb83d516c', 0x613a313a7b693a303b733a32353a2276696577732e766965772e636f6e74656e745f726563656e74223b7d),
('entity.definitions.bundle_field_map', 'block_content', 0x613a313a7b733a343a22626f6479223b613a323a7b733a343a2274797065223b733a31373a22746578745f776974685f73756d6d617279223b733a373a2262756e646c6573223b613a313a7b733a353a226261736963223b733a353a226261736963223b7d7d7d),
('entity.definitions.bundle_field_map', 'comment', 0x613a313a7b733a31323a22636f6d6d656e745f626f6479223b613a323a7b733a343a2274797065223b733a393a22746578745f6c6f6e67223b733a373a2262756e646c6573223b613a313a7b733a373a22636f6d6d656e74223b733a373a22636f6d6d656e74223b7d7d7d),
('entity.definitions.bundle_field_map', 'media', 0x613a31313a7b733a32323a226669656c645f6d656469615f617564696f5f66696c65223b613a323a7b733a343a2274797065223b733a343a2266696c65223b733a373a2262756e646c6573223b613a313a7b733a353a22617564696f223b733a353a22617564696f223b7d7d733a31363a226669656c645f6d656469615f66696c65223b613a323a7b733a343a2274797065223b733a343a2266696c65223b733a373a2262756e646c6573223b613a313a7b733a343a2266696c65223b733a343a2266696c65223b7d7d733a31373a226669656c645f6d656469615f696d616765223b613a323a7b733a343a2274797065223b733a353a22696d616765223b733a373a2262756e646c6573223b613a313a7b733a353a22696d616765223b733a353a22696d616765223b7d7d733a32343a226669656c645f6d656469615f6f656d6265645f766964656f223b613a323a7b733a343a2274797065223b733a363a22737472696e67223b733a373a2262756e646c6573223b613a313a7b733a31323a2272656d6f74655f766964656f223b733a31323a2272656d6f74655f766964656f223b7d7d733a32323a226669656c645f6d656469615f766964656f5f66696c65223b613a323a7b733a343a2274797065223b733a343a2266696c65223b733a373a2262756e646c6573223b613a313a7b733a353a22766964656f223b733a353a22766964656f223b7d7d733a31393a226669656c645f646174655f7072656163686564223b613a323a7b733a343a2274797065223b733a383a226461746574696d65223b733a373a2262756e646c6573223b613a313a7b733a353a22617564696f223b733a353a22617564696f223b7d7d733a31383a226669656c645f6d656469615f66696c655f31223b613a323a7b733a343a2274797065223b733a343a2266696c65223b733a373a2262756e646c6573223b613a313a7b733a383a2262756c6c6574696e223b733a383a2262756c6c6574696e223b7d7d733a31383a226669656c645f736572766963655f64617465223b613a323a7b733a343a2274797065223b733a383a226461746574696d65223b733a373a2262756e646c6573223b613a313a7b733a383a2262756c6c6574696e223b733a383a2262756c6c6574696e223b7d7d733a31383a226669656c645f6d656469615f66696c655f32223b613a323a7b733a343a2274797065223b733a343a2266696c65223b733a373a2262756e646c6573223b613a313a7b733a31333a227072617965725f6c6574746572223b733a31333a227072617965725f6c6574746572223b7d7d733a31373a226669656c645f6c65747465725f64617465223b613a323a7b733a343a2274797065223b733a383a226461746574696d65223b733a373a2262756e646c6573223b613a313a7b733a31333a227072617965725f6c6574746572223b733a31333a227072617965725f6c6574746572223b7d7d733a31343a226669656c645f7072656163686572223b613a323a7b733a343a2274797065223b733a343a2274657874223b733a373a2262756e646c6573223b613a313a7b733a353a22617564696f223b733a353a22617564696f223b7d7d7d),
('entity.definitions.bundle_field_map', 'node', 0x613a333a7b733a31313a226669656c645f696d616765223b613a323a7b733a343a2274797065223b733a353a22696d616765223b733a373a2262756e646c6573223b613a313a7b733a373a2261727469636c65223b733a373a2261727469636c65223b7d7d733a31303a226669656c645f74616773223b613a323a7b733a343a2274797065223b733a31363a22656e746974795f7265666572656e6365223b733a373a2262756e646c6573223b613a313a7b733a373a2261727469636c65223b733a373a2261727469636c65223b7d7d733a343a22626f6479223b613a323a7b733a343a2274797065223b733a31373a22746578745f776974685f73756d6d617279223b733a373a2262756e646c6573223b613a323a7b733a343a2270616765223b733a343a2270616765223b733a373a2261727469636c65223b733a373a2261727469636c65223b7d7d7d),
('entity.definitions.bundle_field_map', 'transaction', 0x613a303a7b7d),
('entity.definitions.bundle_field_map', 'user', 0x613a313a7b733a31323a22757365725f70696374757265223b613a323a7b733a343a2274797065223b733a353a22696d616765223b733a373a2262756e646c6573223b613a313a7b733a343a2275736572223b733a343a2275736572223b7d7d7d),
('entity.definitions.installed', 'action.entity_type', 0x[encoded data, 4374 characters]),
('entity.definitions.installed', 'backup_migrate_destination.entity_type', 0x[encoded data, 6030 characters]),
('entity.definitions.installed', 'backup_migrate_schedule.entity_type', 0x[encoded data, 5544 characters]),
('entity.definitions.installed', 'backup_migrate_settings.entity_type', 0x[encoded data, 5968 characters]),
('entity.definitions.installed', 'backup_migrate_source.entity_type', 0x[encoded data, 5964 characters]),
('entity.definitions.installed', 'base_field_override.entity_type', 0x[encoded data, 4876 characters]);
INSERT INTO `key_value` (`collection`, `name`, `value`) VALUES
('entity.definitions.installed', 'block.entity_type', 0x[encoded data, 5472 characters]),
('entity.definitions.installed', 'block_content.entity_type', 0x[encoded data, 7064 characters]);
INSERT INTO `key_value` (`collection`, `name`, `value`) VALUES
('entity.definitions.installed', 'block_content.field_storage_definitions', 0x[encoded data, 39672 characters]),
('entity.definitions.installed', 'block_content_type.entity_type', 0x[encoded data, 5760 characters]);
INSERT INTO `key_value` (`collection`, `name`, `value`) VALUES
('entity.definitions.installed', 'comment.entity_type', 0x[encoded data, 7004 characters]);
INSERT INTO `key_value` (`collection`, `name`, `value`) VALUES
('entity.definitions.installed', 'comment.field_storage_definitions', 0x[encoded data, 45704 characters]);
